automatic DPDK test reports
 help / color / mirror / Atom feed
From: dpdklab@iol.unh.edu
To: Test Report <test-report@dpdk.org>
Cc: dpdk-test-reports@iol.unh.edu
Subject: |WARNING| pw158839-158843 [PATCH] [v2,5/5] test: re-enable format-tr
Date: Sun, 16 Nov 2025 21:23:43 -0800 (PST)	[thread overview]
Message-ID: <691ab15f.050a0220.2a2e34.7fd5SMTPIN_ADDED_MISSING@mx.google.com> (raw)
In-Reply-To: <20251116190035.76123-6-stephen@networkplumber.org>

Test-Label: iol-sample-apps-testing
Test-Status: WARNING
http://dpdk.org/patch/158843

_Testing issues_

Submitter: Stephen Hemminger <stephen@networkplumber.org>
Date: Sunday, November 16 2025 18:59:33 
DPDK git baseline: Repo:dpdk
  Branch: master
  CommitID:be0112878b4fc3a1b918370ed2fe615c52039d77

158839-158843 --> testing issues

Upstream job id: Template-DTS-Pipeline#255257

Test environment and result as below:

+--------------+----------------------+----------------------+
| Environment  | dpdk_fips_validation | compressdev_zlib_pmd |
+==============+======================+======================+
| Ubuntu 20.04 | WARN                 | SKIPPED              |
+--------------+----------------------+----------------------+
| Ubuntu 22.04 | SKIPPED              | PASS                 |
+--------------+----------------------+----------------------+

==== 20 line log output for Ubuntu 20.04 (dpdk_fips_validation): ====
|        ~~~~~~~~~~~~~~~~~~~~~~~~~~~~~~~~~~~~~
cc1: all warnings being treated as errors
[3413/3635] Compiling C object app/dpdk-test.p/test_test.c.o
[3414/3635] Compiling C object app/dpdk-test.p/test_test_bitops.c.o
[3415/3635] Compiling C object app/dpdk-test.p/test_test_cmdline.c.o
[3416/3635] Compiling C object app/dpdk-test.p/test_test_bitratestats.c.o
[3417/3635] Compiling C object app/dpdk-test.p/test_test_barrier.c.o
[3418/3635] Compiling C object app/dpdk-test.p/test_test_alarm.c.o
[3419/3635] Compiling C object app/dpdk-test.p/test_test_acl.c.o
[3420/3635] Compiling C object app/dpdk-test.p/test_test_bpf.c.o
[3421/3635] Compiling C object app/dpdk-test.p/test_sample_packet_forward.c.o
[3422/3635] Compiling C object app/dpdk-test.p/test_test_argparse.c.o
[3423/3635] Compiling C object app/dpdk-test.p/test_packet_burst_generator.c.o
[3424/3635] Compiling C object app/dpdk-test.p/test_test_cksum_perf.c.o
[3425/3635] Compiling C object app/dpdk-testpmd.p/test-pmd_testpmd.c.o
[3426/3635] Compiling C object app/dpdk-test.p/test_test_cksum.c.o
[3427/3635] Compiling C object app/dpdk-testpmd.p/test-pmd_config.c.o
[3428/3635] Compiling C object app/dpdk-test.p/test_test_bitset.c.o
[3429/3635] Compiling C object drivers/libtmp_rte_crypto_cnxk.a.p/crypto_cnxk_cn10k_cryptodev_ops.c.o
ninja: build stopped: subcommand failed.
==== End log output ====

Ubuntu 20.04
	Kernel: 5.15
	Compiler: gcc gcc (Ubuntu 9.4.0-1ubuntu1~20.04.2) 9.4.0

Ubuntu 22.04
	Kernel: 5.15
	Compiler: gcc gcc (Ubuntu 11.4.0-1ubuntu1~22.04.2) 11.4.0

To view detailed results, visit:
https://lab.dpdk.org/results/dashboard/patchsets/34614/

UNH-IOL DPDK Community Lab

To manage your email subscriptions, visit: 
https://lab.dpdk.org/results/dashboard/preferences/subscriptions/

  parent reply	other threads:[~2025-11-17  5:23 UTC|newest]

Thread overview: 27+ messages / expand[flat|nested]  mbox.gz  Atom feed  top
     [not found] <20251116190035.76123-6-stephen@networkplumber.org>
2025-11-16 18:27 ` |SUCCESS| pw158839-158843 [PATCH v2 5/5] test: re-enable format-truncation warnings qemudev
2025-11-16 18:32 ` qemudev
2025-11-16 19:00 ` |SUCCESS| pw158843 " checkpatch
2025-11-16 19:51 ` 0-day Robot
2025-11-16 19:51 ` 0-day Robot
2025-11-17  4:41 ` |FAILURE| pw158839-158843 [PATCH] [v2,5/5] test: re-enable format-tr dpdklab
2025-11-17  4:43 ` dpdklab
2025-11-17  4:44 ` |SUCCESS| " dpdklab
2025-11-17  4:44 ` |FAILURE| " dpdklab
2025-11-17  4:44 ` dpdklab
2025-11-17  4:45 ` |PENDING| " dpdklab
2025-11-17  4:47 ` dpdklab
2025-11-17  4:49 ` |SUCCESS| " dpdklab
2025-11-17  4:50 ` |FAILURE| " dpdklab
2025-11-17  4:51 ` dpdklab
2025-11-17  4:53 ` |PENDING| " dpdklab
2025-11-17  4:57 ` |WARNING| " dpdklab
2025-11-17  5:06 ` |SUCCESS| " dpdklab
2025-11-17  5:08 ` dpdklab
2025-11-17  5:23 ` dpdklab [this message]
2025-11-17  5:28 ` |FAILURE| " dpdklab
2025-11-17  5:36 ` dpdklab
2025-11-17  5:45 ` |SUCCESS| " dpdklab
2025-11-17  6:21 ` |WARNING| " dpdklab
2025-11-17  6:30 ` |FAILURE| " dpdklab
2025-11-17  6:31 ` dpdklab
2025-11-17  9:16 ` dpdklab

Reply instructions:

You may reply publicly to this message via plain-text email
using any one of the following methods:

* Save the following mbox file, import it into your mail client,
  and reply-to-all from there: mbox

  Avoid top-posting and favor interleaved quoting:
  https://en.wikipedia.org/wiki/Posting_style#Interleaved_style

* Reply using the --to, --cc, and --in-reply-to
  switches of git-send-email(1):

  git send-email \
    --in-reply-to=691ab15f.050a0220.2a2e34.7fd5SMTPIN_ADDED_MISSING@mx.google.com \
    --to=dpdklab@iol.unh.edu \
    --cc=dpdk-test-reports@iol.unh.edu \
    --cc=test-report@dpdk.org \
    /path/to/YOUR_REPLY

  https://kernel.org/pub/software/scm/git/docs/git-send-email.html

* If your mail client supports setting the In-Reply-To header
  via mailto: links, try the mailto: link
Be sure your reply has a Subject: header at the top and a blank line before the message body.
This is a public inbox, see mirroring instructions
for how to clone and mirror all data and code used for this inbox;
as well as URLs for NNTP newsgroup(s).