From mboxrd@z Thu Jan 1 00:00:00 1970 Return-Path: Received: from mails.dpdk.org (mails.dpdk.org [217.70.189.124]) by inbox.dpdk.org (Postfix) with ESMTP id DB41B48B2B for ; Mon, 17 Nov 2025 06:24:00 +0100 (CET) Received: from mails.dpdk.org (localhost [127.0.0.1]) by mails.dpdk.org (Postfix) with ESMTP id D4BA0402A1; Mon, 17 Nov 2025 06:24:00 +0100 (CET) Received: from mail-pl1-f228.google.com (mail-pl1-f228.google.com [209.85.214.228]) by mails.dpdk.org (Postfix) with ESMTP id 9CB9B402A1 for ; Mon, 17 Nov 2025 06:23:59 +0100 (CET) Received: by mail-pl1-f228.google.com with SMTP id d9443c01a7336-299d40b0845so17394595ad.3 for ; Sun, 16 Nov 2025 21:23:59 -0800 (PST) DKIM-Signature: v=1; a=rsa-sha256; c=relaxed/relaxed; d=iol.unh.edu; s=unh-iol; t=1763357039; x=1763961839; darn=dpdk.org; h=cc:to:from:subject:message-id:date:from:to:cc:subject:date :message-id:reply-to; bh=wf46utp41KVDfdPNOB0zl6wZHugXqK1EpMEfrN6XgvM=; b=jPgu0kuanplcgtVCgyl/xw/ztQPm+wblxQEgbRcOUTE6g4l5uurB+8+gY+9dkVCARX Di4Gv/0ovjMNmK2SIsB+g0/eCUz9iMt+yK3ZIZIBNlf/5exD1qJWeM/mjmpZsy++WtnF pWrSaJ/OBbOrRmNdlwYbPn3212DpYSQKJKwZo= X-Google-DKIM-Signature: v=1; a=rsa-sha256; c=relaxed/relaxed; d=1e100.net; s=20230601; t=1763357039; x=1763961839; h=cc:to:from:subject:message-id:date:x-gm-gg:x-gm-message-state:from :to:cc:subject:date:message-id:reply-to; bh=wf46utp41KVDfdPNOB0zl6wZHugXqK1EpMEfrN6XgvM=; b=O1Piq49jxcKcr3O6aqNyWoBdAa/0WZmd/h3ksT+UVV0oO4QnHyJUxc4X5B2/+9a5g8 eN/jfiEWJHviXXWFnUJ4h81BnzeQARRZlK6rrT44/54CqIQFBPupNSbToLPW7O8myL+n 8I06NFQSGW88qJhpsdp6FMCkntUpMRWmL/DHXr+pXatFgNToUQ4PB5bsTa3mLDRm2Gr4 WmzoiUTAakPgFopiqUBAqSGKyub+H4W9qRDnw01Kik6R4doyXh7wKFUyyz4D0p5yVjsD lEr+jf0Kyqa7FAa12qm8fQbw5jGG9RxBPItoxHlkbaJ9zPXG7Ndda/AkT2OA62mbGtm+ bA4Q== X-Gm-Message-State: AOJu0YwOuVuvFm/qLoD/csxegc+nQ7Y0Exi+H8yXhFKwy0zKNq5YLlso JhD/+MoRd6vgR5C5Iaij0jB19Co3yItBwDt0RFKmjBg0GWPrCxgZDagkG9Ub7OYavWJxjx9/Hzv R/f8nUJ2APchFZe9z9JSUVzhHTbTmbKq4ILKT X-Gm-Gg: ASbGncve6S8T7/ItLKdcwoZ/8dvzFRsPimPBnCo5GgdV7dmtuVf6FUkSjLy6hvgwJ1x LaotUcleMcdVH8qq0viG3cBcT571gg3gWjz/PHWYXS/o9Gq1nqrjfgGvGPOYgIv0aiEHI0D5ivF dY3hvmik0GYvYtoJsIjc1RmQnxE07VuEADStd6NcE691XdN32RtcgRqGeK8g9mcc7o9k+EQLtCs W20EszgLs2E1ClsU5xKBiPCxxe8JZUtEyBB0vvLUC6DWLv7w2TBrua0HNfjSpe7XSp/xGme8O2n CrNESlfFV3z4wD+wknipqsTIH4HM5Wh7OwwJrhDhZQjW3dLpbdkWGGbBBAj6INonWFBWtQ/H/rs rm/QpEbuguGJRo3tt3hTxJCLGes9o0t8= X-Google-Smtp-Source: AGHT+IFuW13APQ63rAaOnBeaAxLlSjZIHMWB5u7YF/gvx7G1GWm1tCP6tpy+nsao9AwzYMsArLRD7CNZ2kGI X-Received: by 2002:a17:902:ce8b:b0:298:1830:6ada with SMTP id d9443c01a7336-2986a73acbamr143738135ad.30.1763357038899; Sun, 16 Nov 2025 21:23:58 -0800 (PST) Received: from postal.iol.unh.edu (postal.iol.unh.edu. [132.177.123.84]) by smtp-relay.gmail.com with ESMTPS id 41be03b00d2f7-bc374da19e3sm704540a12.10.2025.11.16.21.23.58 (version=TLS1_2 cipher=ECDHE-ECDSA-AES128-GCM-SHA256 bits=128/128); Sun, 16 Nov 2025 21:23:58 -0800 (PST) X-Relaying-Domain: iol.unh.edu Date: Sun, 16 Nov 2025 21:23:58 -0800 (PST) Message-ID: <691ab16e.050a0220.293b26.3367SMTPIN_ADDED_MISSING@mx.google.com> Received: from [172.21.0.7] (unknown [172.18.0.240]) by postal.iol.unh.edu (Postfix) with ESMTP id 2C06B6051830; Mon, 17 Nov 2025 00:23:58 -0500 (EST) Subject: |FAILURE| [GIT MASTER] 62f583c49bf67dd4d6733ece14e55fe6839e66d1 From: dpdklab@iol.unh.edu To: Test Report Cc: dpdk-test-reports@iol.unh.edu, Xueming Li , Christian Ehrhardt , Kevin Traynor , Luca Boccassi Content-Type: text/plain X-BeenThere: test-report@dpdk.org X-Mailman-Version: 2.1.29 Precedence: list List-Id: automatic DPDK test reports List-Unsubscribe: , List-Archive: List-Post: List-Help: List-Subscribe: , Errors-To: test-report-bounces@dpdk.org _Testing issues_ Branch: tags/v23.11 62f583c49bf67dd4d6733ece14e55fe6839e66d1 --> testing issues Upstream job id: Windows-Compile-DPDK-Native#32460 Test environment and result as below: +-------------------------------+--------------------+------------------+-------------------+-------------------------+ | Environment | dpdk_meson_compile | dpdk_compile_ovs | dpdk_msvc_compile | dpdk_llvm_clang_compile | +===============================+====================+==================+===================+=========================+ | Fedora Linux 42 | PEND | PEND | SKIPPED | SKIPPED | +-------------------------------+--------------------+------------------+-------------------+-------------------------+ | Ubuntu 24.04 | PEND | PEND | SKIPPED | SKIPPED | +-------------------------------+--------------------+------------------+-------------------+-------------------------+ | Debian GNU/Linux 12 | PEND | SKIPPED | SKIPPED | SKIPPED | +-------------------------------+--------------------+------------------+-------------------+-------------------------+ | CentOS Stream 9 | PEND | SKIPPED | SKIPPED | SKIPPED | +-------------------------------+--------------------+------------------+-------------------+-------------------------+ | openSUSE Leap 15.6 | PEND | SKIPPED | SKIPPED | SKIPPED | +-------------------------------+--------------------+------------------+-------------------+-------------------------+ | CentOS Stream 10 | PEND | SKIPPED | SKIPPED | SKIPPED | +-------------------------------+--------------------+------------------+-------------------+-------------------------+ | Red Hat Enterprise Linux 8.10 | PEND | SKIPPED | SKIPPED | SKIPPED | +-------------------------------+--------------------+------------------+-------------------+-------------------------+ | Ubuntu 22.04 | PEND | SKIPPED | SKIPPED | SKIPPED | +-------------------------------+--------------------+------------------+-------------------+-------------------------+ | Red Hat Enterprise Linux 9.5 | PEND | SKIPPED | SKIPPED | SKIPPED | +-------------------------------+--------------------+------------------+-------------------+-------------------------+ | Ubuntu 20.04 | PASS | SKIPPED | SKIPPED | SKIPPED | +-------------------------------+--------------------+------------------+-------------------+-------------------------+ | Alpine Linux 3.22.0 | PEND | SKIPPED | SKIPPED | SKIPPED | +-------------------------------+--------------------+------------------+-------------------+-------------------------+ | FreeBSD 14.2 | PEND | SKIPPED | SKIPPED | SKIPPED | +-------------------------------+--------------------+------------------+-------------------+-------------------------+ | Windows Server 2022 | SKIPPED | SKIPPED | PASS | FAIL | +-------------------------------+--------------------+------------------+-------------------+-------------------------+ ==== 20 line log output for Windows Server 2022 (dpdk_llvm_clang_compile): ==== Compiler for C supports arguments -mavx512f: YES (cached) Compiler for C supports arguments -mavx512bw: YES (cached) Compiler for C supports arguments -mavx512dq: YES (cached) Compiler for C supports arguments -march=skylake-avx512: YES Message: drivers/common/idpf: Defining dependency "common_idpf" Message: drivers/bus/auxiliary: Defining dependency "bus_auxiliary" Compiler for C supports arguments -Wno-cast-qual: YES (cached) Compiler for C supports arguments -Wno-pointer-arith: YES (cached) Message: drivers/bus/pci: Defining dependency "bus_pci" Message: drivers/bus/vdev: Defining dependency "bus_vdev" Compiler for C supports arguments -std=c11: YES Compiler for C supports arguments -Wno-strict-prototypes: YES Compiler for C supports arguments -D_BSD_SOURCE: YES Compiler for C supports arguments -D_DEFAULT_SOURCE: YES Compiler for C supports arguments -D_XOPEN_SOURCE=600: YES Has header "mlx5devx.h" : YES drivers\common\mlx5\windows\meson.build:10:13: ERROR: C shared or static library 'mlx5devx' not found A full log can be found at C:\Users\builder\jenkins\workspace\Windows-Compile-DPDK-Native\dpdk\build\meson-logs\meson-log.txt ==== End log output ==== Fedora Linux 42 Kernel: 5.15 Compiler: clang gcc (GCC) 15.2.1 20250808 (Red Hat 15.2.1-1) Ubuntu 24.04 Kernel: 5.15 Compiler: gcc gcc (Ubuntu 13.3.0-6ubuntu2~24.04) 13.3.0 Debian GNU/Linux 12 Kernel: 5.15 Compiler: gcc gcc (Debian 12.2.0-14+deb12u1) 12.2.0 CentOS Stream 9 Kernel: 5.15 Compiler: gcc gcc (GCC) 11.5.0 20240719 (Red Hat 11.5.0-11) openSUSE Leap 15.6 Kernel: 5.15 Compiler: gcc gcc (SUSE Linux) 7.5.0 CentOS Stream 10 Kernel: 5.15 Compiler: gcc gcc (GCC) 14.2.1 20250110 (Red Hat 14.2.1-8) Red Hat Enterprise Linux 8.10 Kernel: 5.15 Compiler: gcc gcc (GCC) 8.5.0 20210514 (Red Hat 8.5.0-22) Ubuntu 22.04 Kernel: 5.15 Compiler: gcc gcc (Ubuntu 11.4.0-1ubuntu1~22.04) 11.4.0 Red Hat Enterprise Linux 9.5 Kernel: 5.15 Compiler: gcc gcc (GCC) 11.5.0 20240719 (Red Hat 11.5.0-2) Ubuntu 20.04 Kernel: 5.15 Compiler: gcc gcc (Ubuntu 9.4.0-1ubuntu1~20.04.2) 9.4.0 Alpine Linux 3.22.0 Kernel: 5.15 Compiler: gcc gcc (Alpine 14.2.0) 14.2.0 FreeBSD 14.2 Kernel: 14.2-RELEASE Compiler: clang 18.1.6 Windows Server 2022 Kernel: 10.0.20348.2031 Compiler: clang 15.0.7, gcc 14.1.0 (MinGW), and MSVC VS 19.39.33521 To view detailed results, visit: https://lab.dpdk.org/results/dashboard/tarballs/35625/ UNH-IOL DPDK Community Lab To manage your email subscriptions, visit: https://lab.dpdk.org/results/dashboard/preferences/subscriptions/