From mboxrd@z Thu Jan 1 00:00:00 1970 Return-Path: Received: from mails.dpdk.org (mails.dpdk.org [217.70.189.124]) by inbox.dpdk.org (Postfix) with ESMTP id D0CD248B2B for ; Mon, 17 Nov 2025 07:12:46 +0100 (CET) Received: from mails.dpdk.org (localhost [127.0.0.1]) by mails.dpdk.org (Postfix) with ESMTP id B42BA402A1; Mon, 17 Nov 2025 07:12:46 +0100 (CET) Received: from mail-pj1-f98.google.com (mail-pj1-f98.google.com [209.85.216.98]) by mails.dpdk.org (Postfix) with ESMTP id 8EA41402A1 for ; Mon, 17 Nov 2025 07:12:45 +0100 (CET) Received: by mail-pj1-f98.google.com with SMTP id 98e67ed59e1d1-34381ec9197so3549976a91.1 for ; Sun, 16 Nov 2025 22:12:45 -0800 (PST) DKIM-Signature: v=1; a=rsa-sha256; c=relaxed/relaxed; d=iol.unh.edu; s=unh-iol; t=1763359964; x=1763964764; darn=dpdk.org; h=references:in-reply-to:cc:to:from:subject:message-id:date:from:to :cc:subject:date:message-id:reply-to; bh=NNBD7YhypbNrzCiqleu53dmO1xR/y7vXOug8ep2AhPI=; b=Fxi7OCvOWgRb/aXsg98KkkoDwCGttuO+Oqf/Z8yqJBiCU99AMbETkNy5FFFFdtqxPv OMlvXCwUB9u39+Sy0FXRkROymrf0OOgN46mOC8D5DM3TIEBlohnEJd0pWH1y8PmKDBfR YzBQmaaEvQMckEwf2BhdNncPy0ViapNx+Hldg= X-Google-DKIM-Signature: v=1; a=rsa-sha256; c=relaxed/relaxed; d=1e100.net; s=20230601; t=1763359964; x=1763964764; h=references:in-reply-to:cc:to:from:subject:message-id:date:x-gm-gg :x-gm-message-state:from:to:cc:subject:date:message-id:reply-to; bh=NNBD7YhypbNrzCiqleu53dmO1xR/y7vXOug8ep2AhPI=; b=L2oWFJlcSggQzAoplz3kXTdAdNnpm1o2pBc0m4DWF4/MEjt83JmYgS9yv4L3K7YZih EaL34wPMtrmGn9Kce4aYwipiSLeg2FEV9dOhqvznPN2aKrquzH8oXA3VkKwcunMHGIIv aZdeXHP4ZFZZZAgj5H7nog1Dl5/CTJ4ELeWeNeZVM3QUp9jEkeB2Q/jvKdmMHx791clh aquLOeekvD0YEcx8wBCLTc8dvcZlw8Cr3TcRYwaQxjNYceL8O/yQSLbJ3EVEk0MeyXkf eMrGyKyDkfq7XVDvZ0AMwVsMSZvp0AA9CJJIdBOzSBJW0ZViAHoqdoPJWF+d/0mvZTBY mQ1Q== X-Gm-Message-State: AOJu0Ywee4kWPz2SMo+01+DFZ7o/wlLcT08ar/YDKUWukJvzUwfbmG3r +qV/R3iQK0WCBBSKfz6zoPsE7Q2xnp7xGP0Xw/4r9FG5qxueSPglbs2dikdfVHnWgEQfy2EGxoR Ci6/CkqMD2o+DOjbga+Z0jnJqPnX+xCmVF0AJyFafhu7g X-Gm-Gg: ASbGncuAZD39i6FGjCJ+cFwpHstusvQyWGLpaUAApKFzTqIrEauDbb24ItsFvxy8Qh2 jg4+QLnPvy/+ki7obg8c2E3rc5zI6A1/4q6goKdoHgKEQ8gi3UezLnh3OCGcLTELz10ObD34pgS rmIPyssP+FbdQc4ucGAL8vwnxPB1Jlhk0xZaQzlFxMUmxfnJDpE59fSc5mB+KXyd41UKkn61+dd LAkl03IchR6xSDoZ7clkKrt6/7mzcn5zPFRbRntaGJBiwCLUtxgArmIJmYjuTkZVcJ5GBxfLTxz FarlWp4PxB+rQp/Soi8cO2uBGBpyRQSQ1PxBxY2+oQZSrYXUyp/GDPJ7FQ7EAtSUK3L2WNIRoNe KogZGO7y4ikGo6nJLQx6KRE9ziZFtQjU= X-Google-Smtp-Source: AGHT+IGFyEBwSB5czbY1nJhKjNTqAsfMItcGcbKI3H6NX8wkvc3nlEGsT6RXPrGNH44Y/hKj1fnXUxYTwkuD X-Received: by 2002:a17:90a:e7cc:b0:341:6dc2:b9ac with SMTP id 98e67ed59e1d1-343fa527f60mr13902718a91.24.1763359964606; Sun, 16 Nov 2025 22:12:44 -0800 (PST) Received: from postal.iol.unh.edu (postal.iol.unh.edu. [132.177.123.84]) by smtp-relay.gmail.com with ESMTPS id 98e67ed59e1d1-343ed4c95d5sm1575458a91.2.2025.11.16.22.12.44 (version=TLS1_2 cipher=ECDHE-ECDSA-AES128-GCM-SHA256 bits=128/128); Sun, 16 Nov 2025 22:12:44 -0800 (PST) X-Relaying-Domain: iol.unh.edu Date: Sun, 16 Nov 2025 22:12:44 -0800 (PST) Message-ID: <691abcdc.170a0220.1a1beb.e635SMTPIN_ADDED_MISSING@mx.google.com> Received: from [172.21.0.2] (unknown [172.18.0.240]) by postal.iol.unh.edu (Postfix) with ESMTP id C73916051830; Mon, 17 Nov 2025 01:12:43 -0500 (EST) Subject: |FAILURE| pw158844-158845 [PATCH] [2/2] net/mlx5: use private struct From: dpdklab@iol.unh.edu To: Test Report Cc: dpdk-test-reports@iol.unh.edu, Bing Zhao In-Reply-To: <20251117041537.8161-1-bingz@nvidia.com> References: <20251117041537.8161-1-bingz@nvidia.com> Content-Type: text/plain X-BeenThere: test-report@dpdk.org X-Mailman-Version: 2.1.29 Precedence: list List-Id: automatic DPDK test reports List-Unsubscribe: , List-Archive: List-Post: List-Help: List-Subscribe: , Errors-To: test-report-bounces@dpdk.org Test-Label: iol-compile-amd64-testing Test-Status: FAILURE http://dpdk.org/patch/158845 _Testing issues_ Submitter: Bing Zhao Date: Monday, November 17 2025 04:15:37 DPDK git baseline: Repo:dpdk-next-net-mlx Branch: master CommitID:a3f565c41c73db0f965d62c72627980235d4d7e8 158844-158845 --> testing issues Upstream job id: Windows-Compile-DPDK-Native#32465 Test environment and result as below: +---------------------+-------------------------+--------------------+-------------------+----------------------+ | Environment | dpdk_llvm_clang_compile | dpdk_meson_compile | dpdk_msvc_compile | dpdk_mingw64_compile | +=====================+=========================+====================+===================+======================+ | Windows Server 2022 | PASS | SKIPPED | PASS | PASS | +---------------------+-------------------------+--------------------+-------------------+----------------------+ | FreeBSD 14.2 | SKIPPED | PASS | SKIPPED | SKIPPED | +---------------------+-------------------------+--------------------+-------------------+----------------------+ | Ubuntu 20.04 | SKIPPED | FAIL | SKIPPED | SKIPPED | +---------------------+-------------------------+--------------------+-------------------+----------------------+ ==== 20 line log output for Ubuntu 20.04 (dpdk_meson_compile): ==== [2020/3604] Compiling C object drivers/libtmp_rte_net_mlx5.a.p/net_mlx5_mlx5_flow_verbs.c.o [2021/3604] Compiling C object drivers/libtmp_rte_net_mlx5.a.p/net_mlx5_mlx5_nta_sample.c.o [2022/3604] Compiling C object drivers/libtmp_rte_net_mlx5.a.p/net_mlx5_mlx5_flow.c.o [2023/3604] Compiling C object drivers/libtmp_rte_net_mlx5.a.p/net_mlx5_linux_mlx5_mp_os.c.o [2024/3604] Generating rte_common_sfc_efx.sym_chk with a custom command (wrapped by meson to capture output) [2025/3604] Compiling C object drivers/libtmp_rte_net_mlx5.a.p/net_mlx5_linux_mlx5_vlan_os.c.o [2026/3604] Compiling C object drivers/libtmp_rte_net_mlx5.a.p/net_mlx5_linux_mlx5_flow_os.c.o [2027/3604] Compiling C object drivers/libtmp_rte_net_mlx5.a.p/net_mlx5_linux_mlx5_verbs.c.o [2028/3604] Compiling C object drivers/libtmp_rte_net_mlx5.a.p/net_mlx5_mlx5_rxtx_vec.c.o [2029/3604] Compiling C object drivers/libtmp_rte_net_mlx5.a.p/net_mlx5_mlx5_hws_cnt.c.o [2030/3604] Compiling C object drivers/libtmp_rte_net_mlx5.a.p/net_mlx5_linux_mlx5_ethdev_os.c.o [2031/3604] Compiling C object drivers/libtmp_rte_net_mlx5.a.p/net_mlx5_linux_mlx5_os.c.o [2032/3604] Compiling C object drivers/libtmp_rte_net_mlx5.a.p/net_mlx5_hws_mlx5dr_context.c.o [2033/3604] Compiling C object drivers/libtmp_rte_net_mlx5.a.p/net_mlx5_mlx5_tx_mpw.c.o [2034/3604] Generating rte_common_cnxk.sym_chk with a custom command (wrapped by meson to capture output) [2035/3604] Compiling C object drivers/libtmp_rte_net_mlx5.a.p/net_mlx5_mlx5_flow_dv.c.o [2036/3604] Compiling C object drivers/libtmp_rte_net_mlx5.a.p/net_mlx5_mlx5_tx_nompw.c.o [2037/3604] Compiling C object drivers/libtmp_rte_net_mlx5.a.p/net_mlx5_mlx5_tx_empw.c.o [2038/3604] Compiling C object drivers/libtmp_rte_net_mlx5.a.p/net_mlx5_mlx5_tx_txpp.c.o ninja: build stopped: subcommand failed. ==== End log output ==== Windows Server 2022 Kernel: 10.0.20348.2031 Compiler: clang 15.0.7, gcc 14.1.0 (MinGW), and MSVC VS 19.39.33521 FreeBSD 14.2 Kernel: 14.2-RELEASE Compiler: clang 18.1.6 Ubuntu 20.04 Kernel: 4.19 Compiler: gcc gcc (Ubuntu 9.4.0-1ubuntu1~20.04.2) 9.4.0 To view detailed results, visit: https://lab.dpdk.org/results/dashboard/patchsets/34615/ UNH-IOL DPDK Community Lab To manage your email subscriptions, visit: https://lab.dpdk.org/results/dashboard/preferences/subscriptions/