From: dpdklab@iol.unh.edu
To: Test Report <test-report@dpdk.org>
Cc: dpdk-test-reports@iol.unh.edu
Subject: |WARNING| pw158839-158843 [PATCH] [v2,5/5] test: re-enable format-tr
Date: Sun, 16 Nov 2025 22:21:11 -0800 (PST) [thread overview]
Message-ID: <691abed7.170a0220.1d3f01.7bc8SMTPIN_ADDED_MISSING@mx.google.com> (raw)
In-Reply-To: <20251116190035.76123-6-stephen@networkplumber.org>
Test-Label: iol-unit-arm64-testing
Test-Status: WARNING
http://dpdk.org/patch/158843
_Testing issues_
Submitter: Stephen Hemminger <stephen@networkplumber.org>
Date: Sunday, November 16 2025 18:59:33
DPDK git baseline: Repo:dpdk
Branch: master
CommitID:be0112878b4fc3a1b918370ed2fe615c52039d77
158839-158843 --> testing issues
Upstream job id: Generic-Unit-Test-DPDK#393489
Test environment and result as below:
+------------------------------+---------------------------+------------------------------+--------------+----------------+
| Environment | cryptodev_sw_zuc_autotest | cryptodev_sw_snow3g_autotest | lpm_autotest | dpdk_unit_test |
+==============================+===========================+==============================+==============+================+
| Debian 12 (arm) | PASS | PASS | SKIPPED | SKIPPED |
+------------------------------+---------------------------+------------------------------+--------------+----------------+
| Ubuntu 20.04 | SKIPPED | SKIPPED | PASS | WARN |
+------------------------------+---------------------------+------------------------------+--------------+----------------+
| Fedora Linux 42 | SKIPPED | SKIPPED | SKIPPED | PASS |
+------------------------------+---------------------------+------------------------------+--------------+----------------+
| Fedora Linux 41 | SKIPPED | SKIPPED | SKIPPED | PASS |
+------------------------------+---------------------------+------------------------------+--------------+----------------+
| Debian GNU/Linux 12 | SKIPPED | SKIPPED | SKIPPED | PASS |
+------------------------------+---------------------------+------------------------------+--------------+----------------+
| Red Hat Enterprise Linux 9.5 | SKIPPED | SKIPPED | SKIPPED | PASS |
+------------------------------+---------------------------+------------------------------+--------------+----------------+
| Fedora Linux 40 | SKIPPED | SKIPPED | SKIPPED | PASS |
+------------------------------+---------------------------+------------------------------+--------------+----------------+
| CentOS Stream 9 | SKIPPED | SKIPPED | SKIPPED | PASS |
+------------------------------+---------------------------+------------------------------+--------------+----------------+
| CentOS Stream 10 | SKIPPED | SKIPPED | SKIPPED | PASS |
+------------------------------+---------------------------+------------------------------+--------------+----------------+
| Ubuntu 22.04 | SKIPPED | SKIPPED | SKIPPED | PASS |
+------------------------------+---------------------------+------------------------------+--------------+----------------+
| Ubuntu 24.04 | SKIPPED | SKIPPED | SKIPPED | PASS |
+------------------------------+---------------------------+------------------------------+--------------+----------------+
==== 20 line log output for Ubuntu 20.04 (dpdk_unit_test): ====
[3640/3808] Compiling C object app/dpdk-test.p/test_test_cmdline_num.c.o
[3641/3808] Compiling C object app/dpdk-test.p/test_test_cfgfile.c.o
FAILED: app/dpdk-test.p/test_test_cfgfile.c.o
ccache cc -Iapp/dpdk-test.p -Iapp -I../app -Ilib/cmdline -I../lib/cmdline -Ilib/eal/common -I../lib/eal/common -I. -I.. -Iconfig -I../config -Ilib/eal/include -I../lib/eal/include -Ilib/eal/linux/include -I../lib/eal/linux/include -Ilib/eal/arm/include -I../lib/eal/arm/include -I../kernel/linux -Ilib/eal -I../lib/eal -Ilib/kvargs -I../lib/kvargs -Ilib/log -I../lib/log -Ilib/metrics -I../lib/metrics -Ilib/telemetry -I../lib/telemetry -Ilib/argparse -I../lib/argparse -Ilib/net -I../lib/net -Ilib/mbuf -I../lib/mbuf -Ilib/mempool -I../lib/mempool -Ilib/ring -I../lib/ring -Idrivers/net/ring -I../drivers/net/ring -Ilib/ethdev -I../lib/ethdev -Ilib/meter -I../lib/meter -Idrivers/bus/pci -I../drivers/bus/pci -I../drivers/bus/pci/linux -Ilib/pci -I../lib/pci -Idrivers/bus/vdev -I../drivers/bus/vdev -Ilib/acl -I../lib/acl -Ilib/hash -I../lib/hash -Ilib/rcu -I../lib/rcu -Ilib/bitratestats -I../lib/bitratestats -Ilib/bpf -I../lib/bpf -Ilib/cfgfile -I../lib/cfgfile -Ilib/compressdev -I../lib/comp
ressdev -Ilib/cryptodev -I../lib/cryptodev -Ilib/security -I../lib/security -Ilib/dispatcher -I../lib/dispatcher -Ilib/eventdev -I../lib/eventdev -Ilib/timer -I../lib/timer -Ilib/dmadev -I../lib/dmadev -Ilib/distributor -I../lib/distributor -Ilib/efd -I../lib/efd -Ilib/fib -I../lib/fib -Ilib/rib -I../lib/rib -Ilib/table -I../lib/table -Ilib/port -I../lib/port -Ilib/sched -I../lib/sched -Ilib/ip_frag -I../lib/ip_frag -Ilib/lpm -I../lib/lpm -Ilib/graph -I../lib/graph -Ilib/pcapng -I../lib/pcapng -Ilib/ipsec -I../lib/ipsec -Ilib/latencystats -I../lib/latencystats -Idrivers/net/bonding -I../drivers/net/bonding -Ilib/member -I../lib/member -Ilib/pdcp -I../lib/pdcp -Ilib/reorder -I../lib/reorder -Ilib/pdump -I../lib/pdump -Ilib/pmu -I../lib/pmu -Ilib/power -I../lib/power -Idrivers/power/acpi -I../drivers/power/acpi -Idrivers/power/kvm_vm -I../drivers/power/kvm_vm -Idrivers/power/intel_pstate -I../drivers/power/intel_pstate -Idrivers/power/amd_pstate -I../drivers/power/amd_pstate -Idrivers
/power/cppc -I../drivers/power/cppc -Idrivers/power/intel_uncore -I../drivers/power/intel_uncore -Ilib/ptr_compress -I../lib/ptr_compress -Ilib/rawdev -I../lib/rawdev -Idrivers/raw/skeleton -I../drivers/raw/skeleton -Ilib/stack -I../lib/stack -Ilib/pipeline -I../lib/pipeline -Idrivers/crypto/scheduler -I../drivers/crypto/scheduler -Iapp/test/test_cfgfiles -fdiagnostics-color=always -pipe -D_FILE_OFFSET_BITS=64 -Wall -Winvalid-pch -Wextra -Werror -std=c11 -O3 -include rte_config.h -Wvla -Wcast-qual -Wdeprecated -Wformat -Wformat-nonliteral -Wformat-security -Wmissing-declarations -Wmissing-prototypes -Wnested-externs -Wold-style-definition -Wpointer-arith -Wsign-compare -Wstrict-prototypes -Wundef -Wwrite-strings -Wno-packed-not-aligned -Wno-missing-field-initializers -D_GNU_SOURCE -march=armv8.1-a+crc+crypto -DALLOW_EXPERIMENTAL_API -Wno-vla -fno-strict-aliasing -DALLOW_INTERNAL_API -MD -MQ app/dpdk-test.p/test_test_cfgfile.c.o -MF app/dpdk-test.p/test_test_cfgfile.c.o.d -o app/dpdk
-test.p/test_test_cfgfile.c.o -c ../app/test/test_cfgfile.c
../app/test/test_cfgfile.c: In function 'test_cfgfile_realloc_sections':
../app/test/test_cfgfile.c:186:42: error: '%s' directive output may be truncated writing 12 bytes into a region of size between 1 and 4096 [-Werror=format-truncation=]
186 | snprintf(filename, sizeof(filename), "%s%s", tmp, "cfg_save.ini");
| ^~ ~~~~~~~~~~~~~~
In file included from /usr/include/stdio.h:867,
from ../app/test/test_cfgfile.c:5:
/usr/include/aarch64-linux-gnu/bits/stdio2.h:67:10: note: '__builtin___snprintf_chk' output between 13 and 4108 bytes into a destination of size 4096
67 | return __builtin___snprintf_chk (__s, __n, __USE_FORTIFY_LEVEL - 1,
| ^~~~~~~~~~~~~~~~~~~~~~~~~~~~~~~~~~~~~~~~~~~~~~~~~~~~~~~~~~~~
68 | __bos (__s), __fmt, __va_arg_pack ());
| ~~~~~~~~~~~~~~~~~~~~~~~~~~~~~~~~~~~~~
cc1: all warnings being treated as errors
[3642/3808] Compiling C object app/dpdk-test.p/test_test_cmdline_string.c.o
[3643/3808] Compiling C object app/dpdk-test.p/test_test_cmdline_etheraddr.c.o
[3644/3808] Compiling C object app/dpdk-test.p/test_test_cmdline_cirbuf.c.o
ninja: build stopped: subcommand failed.
==== End log output ====
Debian 12 (arm)
Kernel: Depends on container host
Compiler: gcc (Debian 12.2.0-14) 12.2.0
Ubuntu 20.04
Kernel: 5.4
Compiler: gcc gcc (Ubuntu 9.4.0-1ubuntu1~20.04.2) 9.4.0
Fedora Linux 42
Kernel: 5.4
Compiler: clang gcc (GCC) 15.2.1 20250808 (Red Hat 15.2.1-1)
Fedora Linux 41
Kernel: 5.4
Compiler: gcc gcc (GCC) 14.3.1 20250523 (Red Hat 14.3.1-1)
Debian GNU/Linux 12
Kernel: 5.4
Compiler: gcc gcc (Debian 12.2.0-14+deb12u1) 12.2.0
Red Hat Enterprise Linux 9.5
Kernel: 5.4
Compiler: gcc gcc (GCC) 11.5.0 20240719 (Red Hat 11.5.0-2)
Fedora Linux 40
Kernel: 5.4
Compiler: clang gcc (GCC) 14.2.1 20240912 (Red Hat 14.2.1-3)
CentOS Stream 9
Kernel: 5.4
Compiler: gcc gcc (GCC) 11.5.0 20240719 (Red Hat 11.5.0-11)
CentOS Stream 10
Kernel: 5.4
Compiler: gcc gcc (GCC) 14.2.1 20250110 (Red Hat 14.2.1-8)
Ubuntu 22.04
Kernel: 5.4
Compiler: gcc gcc (Ubuntu 11.4.0-1ubuntu1~22.04) 11.4.0
Ubuntu 24.04
Kernel: 5.4
Compiler: gcc gcc (Ubuntu 13.3.0-6ubuntu2~24.04) 13.3.0
To view detailed results, visit:
https://lab.dpdk.org/results/dashboard/patchsets/34614/
UNH-IOL DPDK Community Lab
To manage your email subscriptions, visit:
https://lab.dpdk.org/results/dashboard/preferences/subscriptions/
next prev parent reply other threads:[~2025-11-17 6:21 UTC|newest]
Thread overview: 27+ messages / expand[flat|nested] mbox.gz Atom feed top
[not found] <20251116190035.76123-6-stephen@networkplumber.org>
2025-11-16 18:27 ` |SUCCESS| pw158839-158843 [PATCH v2 5/5] test: re-enable format-truncation warnings qemudev
2025-11-16 18:32 ` qemudev
2025-11-16 19:00 ` |SUCCESS| pw158843 " checkpatch
2025-11-16 19:51 ` 0-day Robot
2025-11-16 19:51 ` 0-day Robot
2025-11-17 4:41 ` |FAILURE| pw158839-158843 [PATCH] [v2,5/5] test: re-enable format-tr dpdklab
2025-11-17 4:43 ` dpdklab
2025-11-17 4:44 ` |SUCCESS| " dpdklab
2025-11-17 4:44 ` |FAILURE| " dpdklab
2025-11-17 4:44 ` dpdklab
2025-11-17 4:45 ` |PENDING| " dpdklab
2025-11-17 4:47 ` dpdklab
2025-11-17 4:49 ` |SUCCESS| " dpdklab
2025-11-17 4:50 ` |FAILURE| " dpdklab
2025-11-17 4:51 ` dpdklab
2025-11-17 4:53 ` |PENDING| " dpdklab
2025-11-17 4:57 ` |WARNING| " dpdklab
2025-11-17 5:06 ` |SUCCESS| " dpdklab
2025-11-17 5:08 ` dpdklab
2025-11-17 5:23 ` |WARNING| " dpdklab
2025-11-17 5:28 ` |FAILURE| " dpdklab
2025-11-17 5:36 ` dpdklab
2025-11-17 5:45 ` |SUCCESS| " dpdklab
2025-11-17 6:21 ` dpdklab [this message]
2025-11-17 6:30 ` |FAILURE| " dpdklab
2025-11-17 6:31 ` dpdklab
2025-11-17 9:16 ` dpdklab
Reply instructions:
You may reply publicly to this message via plain-text email
using any one of the following methods:
* Save the following mbox file, import it into your mail client,
and reply-to-all from there: mbox
Avoid top-posting and favor interleaved quoting:
https://en.wikipedia.org/wiki/Posting_style#Interleaved_style
* Reply using the --to, --cc, and --in-reply-to
switches of git-send-email(1):
git send-email \
--in-reply-to=691abed7.170a0220.1d3f01.7bc8SMTPIN_ADDED_MISSING@mx.google.com \
--to=dpdklab@iol.unh.edu \
--cc=dpdk-test-reports@iol.unh.edu \
--cc=test-report@dpdk.org \
/path/to/YOUR_REPLY
https://kernel.org/pub/software/scm/git/docs/git-send-email.html
* If your mail client supports setting the In-Reply-To header
via mailto: links, try the mailto: link
Be sure your reply has a Subject: header at the top and a blank line
before the message body.
This is a public inbox, see mirroring instructions
for how to clone and mirror all data and code used for this inbox;
as well as URLs for NNTP newsgroup(s).