From mboxrd@z Thu Jan 1 00:00:00 1970 Return-Path: Received: from mails.dpdk.org (mails.dpdk.org [217.70.189.124]) by inbox.dpdk.org (Postfix) with ESMTP id 88BF848B2B for ; Mon, 17 Nov 2025 07:30:42 +0100 (CET) Received: from mails.dpdk.org (localhost [127.0.0.1]) by mails.dpdk.org (Postfix) with ESMTP id 84A40402A1; Mon, 17 Nov 2025 07:30:42 +0100 (CET) Received: from mail-io1-f99.google.com (mail-io1-f99.google.com [209.85.166.99]) by mails.dpdk.org (Postfix) with ESMTP id EEC2B402A1 for ; Mon, 17 Nov 2025 07:30:40 +0100 (CET) Received: by mail-io1-f99.google.com with SMTP id ca18e2360f4ac-948fb1f6c44so57627039f.2 for ; Sun, 16 Nov 2025 22:30:40 -0800 (PST) DKIM-Signature: v=1; a=rsa-sha256; c=relaxed/relaxed; d=iol.unh.edu; s=unh-iol; t=1763361040; x=1763965840; darn=dpdk.org; h=references:in-reply-to:cc:to:from:subject:message-id:date:from:to :cc:subject:date:message-id:reply-to; bh=dnvpAZ6qGUrOZGxFjGY0247niZM50BOsukhEGsT3zGI=; b=c1Kcsu3HIrOHtJZAQvIXfOoyk+k4z1+hx+uX78RX9r5CmTaaf8l/55PlatFd2+MWUH 4ujrTjL22bmbScATSuLz82vGnDlQAUIgGambj3aNwhdJOBVuB/x9+IoW7Dg/BpMnw8th r4I4IqiGWhOWd/54Oq2gnUor1IE1MFh8HKbUg= X-Google-DKIM-Signature: v=1; a=rsa-sha256; c=relaxed/relaxed; d=1e100.net; s=20230601; t=1763361040; x=1763965840; h=references:in-reply-to:cc:to:from:subject:message-id:date:x-gm-gg :x-gm-message-state:from:to:cc:subject:date:message-id:reply-to; bh=dnvpAZ6qGUrOZGxFjGY0247niZM50BOsukhEGsT3zGI=; b=Hmv26M6Nvwg4hne+TEfcy7MoKT/MifazItmwRPPRqIp22FnLh1GrhbLbjhfB0ZIQnN 1Ci4NzI69FWfY34jc1xzyLO92TKL52bM0WdQb01d9BSvtPdY/u0royVWCYJOwqX8MFtg 7uJK2f4meN+4tA2zqw5ljFYM29ggLzZyVBOLZNgOH2LBcfILSwVUNqGEkINOCGL4VdkL PAhHwWTd+wHLUrE8sQqW3G5TLDiVsDLdMxsns9pB0OOs0cxkNSsFWvzF2UXiJZUYTrxe 01nYDd/Hu3glKAxVf+jmTfQaYQq6jRfr3sdP3By8pCnyEv2kO+qHbav3SIkmOlFCzwjU TmGw== X-Gm-Message-State: AOJu0Yy4frMuOW3Q+230xQUb3vHcNBOUd5d2PXacRGsuOXf/SM+ioJ6e qI0LX+kB8ke1WVwqCtJXndkOhEvaE28cJ0XRwUjWc7yaIsXOPM1Vy1dq2SwxjfT00bwp6ilI/nn fdVPmTseCyGpyvUxJBhDK/AjMNg60TAhiOBopHq8TL65k X-Gm-Gg: ASbGnct9yYSZtuA55KT76qTDOAjcDMpXPuMiYsGkhoEfGKnkET8IUd1qYKSXs0my81Y cMkXC5SAw7NHTZGDyKe57WSp6R7AzZJ8/tJ2lCAncx6Wex3xCDriAsJ2AY4bfQ8jJU7UHPXFfSS R/yjSwqa/r26Um+ofYcacZJnmlMnX/DMngI/EuKhUIZj610yCyRKdIV/84FyCp9/tHezuUJ2ylX AzXK7/6w8Slo1hmWlTPbnC/jdnHGcCSomWqrPURuho7oj2xN9nWWp2FHoRFu22HKB9IrkTY3Aqv K93texUNxhtfkr41qsOWgK0K7KTIYdXywFom8433ZHWqaoc6hVZ+GTbFFbDAze1ZoX6Yry27tJk XFed5vepsgg4Ei+FQa/5RywayA0qK89U= X-Google-Smtp-Source: AGHT+IFDHhFh41rpv79kpqGCUDJ/iedUl3QUtVN9Zn2ysDo04XmT4EB6AjZ18P6dW0Y9rzAKMDAaZEfIIEGr X-Received: by 2002:a05:6638:6a04:b0:5b7:c1af:a6d0 with SMTP id 8926c6da1cb9f-5b7c9c89a9dmr5960584173.7.1763361040338; Sun, 16 Nov 2025 22:30:40 -0800 (PST) Received: from postal.iol.unh.edu (postal.iol.unh.edu. [132.177.123.84]) by smtp-relay.gmail.com with ESMTPS id 8926c6da1cb9f-5b7bd246c7esm786557173.3.2025.11.16.22.30.40 (version=TLS1_2 cipher=ECDHE-ECDSA-AES128-GCM-SHA256 bits=128/128); Sun, 16 Nov 2025 22:30:40 -0800 (PST) X-Relaying-Domain: iol.unh.edu Date: Sun, 16 Nov 2025 22:30:40 -0800 (PST) Message-ID: <691ac110.050a0220.23458e.6f04SMTPIN_ADDED_MISSING@mx.google.com> Received: from [172.21.0.4] (unknown [172.18.0.240]) by postal.iol.unh.edu (Postfix) with ESMTP id E3AEA6051830; Mon, 17 Nov 2025 01:30:39 -0500 (EST) Subject: |FAILURE| pw158839-158843 [PATCH] [v2,5/5] test: re-enable format-tr From: dpdklab@iol.unh.edu To: Test Report Cc: dpdk-test-reports@iol.unh.edu, Stephen Hemminger In-Reply-To: <20251116190035.76123-6-stephen@networkplumber.org> References: <20251116190035.76123-6-stephen@networkplumber.org> Content-Type: text/plain X-BeenThere: test-report@dpdk.org X-Mailman-Version: 2.1.29 Precedence: list List-Id: automatic DPDK test reports List-Unsubscribe: , List-Archive: List-Post: List-Help: List-Subscribe: , Errors-To: test-report-bounces@dpdk.org Test-Label: iol-compile-amd64-testing Test-Status: FAILURE http://dpdk.org/patch/158843 _Testing issues_ Submitter: Stephen Hemminger Date: Sunday, November 16 2025 18:59:33 DPDK git baseline: Repo:dpdk Branch: master CommitID:be0112878b4fc3a1b918370ed2fe615c52039d77 158839-158843 --> testing issues Upstream job id: Generic-DPDK-Compile-Meson#445212 Test environment and result as below: +-------------------------------+--------------------+------------------+-------------------------+-------------------+----------------------+ | Environment | dpdk_meson_compile | dpdk_compile_ovs | dpdk_llvm_clang_compile | dpdk_msvc_compile | dpdk_mingw64_compile | +===============================+====================+==================+=========================+===================+======================+ | FreeBSD 14.2 | FAIL | SKIPPED | SKIPPED | SKIPPED | SKIPPED | +-------------------------------+--------------------+------------------+-------------------------+-------------------+----------------------+ | Fedora Linux 42 | PASS | PASS | SKIPPED | SKIPPED | SKIPPED | +-------------------------------+--------------------+------------------+-------------------------+-------------------+----------------------+ | Ubuntu 20.04 | FAIL | SKIPPED | SKIPPED | SKIPPED | SKIPPED | +-------------------------------+--------------------+------------------+-------------------------+-------------------+----------------------+ | CentOS Stream 9 | PASS | SKIPPED | SKIPPED | SKIPPED | SKIPPED | +-------------------------------+--------------------+------------------+-------------------------+-------------------+----------------------+ | CentOS Stream 10 | PASS | SKIPPED | SKIPPED | SKIPPED | SKIPPED | +-------------------------------+--------------------+------------------+-------------------------+-------------------+----------------------+ | openSUSE Leap 15.6 | PASS | SKIPPED | SKIPPED | SKIPPED | SKIPPED | +-------------------------------+--------------------+------------------+-------------------------+-------------------+----------------------+ | Debian GNU/Linux 12 | PASS | SKIPPED | SKIPPED | SKIPPED | SKIPPED | +-------------------------------+--------------------+------------------+-------------------------+-------------------+----------------------+ | Red Hat Enterprise Linux 9.5 | PASS | SKIPPED | SKIPPED | SKIPPED | SKIPPED | +-------------------------------+--------------------+------------------+-------------------------+-------------------+----------------------+ | Ubuntu 22.04 | PASS | SKIPPED | SKIPPED | SKIPPED | SKIPPED | +-------------------------------+--------------------+------------------+-------------------------+-------------------+----------------------+ | Ubuntu 24.04 | PASS | PASS | SKIPPED | SKIPPED | SKIPPED | +-------------------------------+--------------------+------------------+-------------------------+-------------------+----------------------+ | Red Hat Enterprise Linux 8.10 | FAIL | SKIPPED | SKIPPED | SKIPPED | SKIPPED | +-------------------------------+--------------------+------------------+-------------------------+-------------------+----------------------+ | Alpine Linux 3.22.0 | PASS | SKIPPED | SKIPPED | SKIPPED | SKIPPED | +-------------------------------+--------------------+------------------+-------------------------+-------------------+----------------------+ | Windows Server 2022 | SKIPPED | SKIPPED | PASS | PASS | PASS | +-------------------------------+--------------------+------------------+-------------------------+-------------------+----------------------+ ==== 20 line log output for Red Hat Enterprise Linux 8.10 (dpdk_meson_compile): ==== [3475/3651] Compiling C object app/dpdk-test.p/test_test_bpf.c.o [3476/3651] Compiling C object app/dpdk-test.p/test_test_bitmap.c.o [3477/3651] Compiling C object app/dpdk-test.p/test_test_bitops.c.o [3478/3651] Compiling C object app/dpdk-test.p/test_test_bitratestats.c.o [3479/3651] Compiling C object app/dpdk-test.p/test_test_cksum.c.o [3480/3651] Compiling C object app/dpdk-test.p/test_test_cksum_perf.c.o [3481/3651] Compiling C object app/dpdk-test.p/test_test_byteorder.c.o [3482/3651] Compiling C object app/dpdk-test.p/test_test_cmdline.c.o [3483/3651] Compiling C object app/dpdk-test.p/test_test_cfgfile.c.o FAILED: app/dpdk-test.p/test_test_cfgfile.c.o ccache cc -Iapp/dpdk-test.p -Iapp -I../app -Ilib/cmdline -I../lib/cmdline -Ilib/eal/common -I../lib/eal/common -I. -I.. -Iconfig -I../config -Ilib/eal/include -I../lib/eal/include -Ilib/eal/linux/include -I../lib/eal/linux/include -Ilib/eal/x86/include -I../lib/eal/x86/include -I../kernel/linux -Ilib/eal -I../lib/eal -Ilib/kvargs -I../lib/kvargs -Ilib/log -I../lib/log -Ilib/metrics -I../lib/metrics -Ilib/telemetry -I../lib/telemetry -Ilib/argparse -I../lib/argparse -Ilib/net -I../lib/net -Ilib/mbuf -I../lib/mbuf -Ilib/mempool -I../lib/mempool -Ilib/ring -I../lib/ring -Idrivers/net/ring -I../drivers/net/ring -Ilib/ethdev -I../lib/ethdev -Ilib/meter -I../lib/meter -Idrivers/bus/pci -I../drivers/bus/pci -I../drivers/bus/pci/linux -Ilib/pci -I../lib/pci -Idrivers/bus/vdev -I../drivers/bus/vdev -Ilib/acl -I../lib/acl -Ilib/hash -I../lib/hash -Ilib/rcu -I../lib/rcu -Ilib/bitratestats -I../lib/bitratestats -Ilib/bpf -I../lib/bpf -Ilib/cfgfile -I../lib/cfgfile -Ilib/compressdev -I../lib/comp ressdev -Ilib/cryptodev -I../lib/cryptodev -Ilib/security -I../lib/security -Ilib/dispatcher -I../lib/dispatcher -Ilib/eventdev -I../lib/eventdev -Ilib/timer -I../lib/timer -Ilib/dmadev -I../lib/dmadev -Ilib/distributor -I../lib/distributor -Ilib/efd -I../lib/efd -Ilib/fib -I../lib/fib -Ilib/rib -I../lib/rib -Ilib/table -I../lib/table -Ilib/port -I../lib/port -Ilib/sched -I../lib/sched -Ilib/ip_frag -I../lib/ip_frag -Ilib/lpm -I../lib/lpm -Ilib/graph -I../lib/graph -Ilib/pcapng -I../lib/pcapng -Ilib/ipsec -I../lib/ipsec -Ilib/latencystats -I../lib/latencystats -Idrivers/net/bonding -I../drivers/net/bonding -Ilib/member -I../lib/member -Ilib/pdcp -I../lib/pdcp -Ilib/reorder -I../lib/reorder -Ilib/pdump -I../lib/pdump -Ilib/pmu -I../lib/pmu -Ilib/power -I../lib/power -Idrivers/power/acpi -I../drivers/power/acpi -Idrivers/power/kvm_vm -I../drivers/power/kvm_vm -Idrivers/power/intel_pstate -I../drivers/power/intel_pstate -Idrivers/power/amd_pstate -I../drivers/power/amd_pstate -Idrivers /power/cppc -I../drivers/power/cppc -Idrivers/power/intel_uncore -I../drivers/power/intel_uncore -Ilib/ptr_compress -I../lib/ptr_compress -Ilib/rawdev -I../lib/rawdev -Idrivers/raw/skeleton -I../drivers/raw/skeleton -Ilib/stack -I../lib/stack -Ilib/pipeline -I../lib/pipeline -Idrivers/crypto/scheduler -I../drivers/crypto/scheduler -Iapp/test/test_cfgfiles -fdiagnostics-color=always -pipe -D_FILE_OFFSET_BITS=64 -Wall -Winvalid-pch -Wextra -Werror -std=c11 -O3 -include rte_config.h -Wvla -Wcast-qual -Wdeprecated -Wformat -Wformat-nonliteral -Wformat-security -Wmissing-declarations -Wmissing-prototypes -Wnested-externs -Wold-style-definition -Wpointer-arith -Wsign-compare -Wstrict-prototypes -Wundef -Wwrite-strings -Wno-packed-not-aligned -Wno-missing-field-initializers -D_GNU_SOURCE -march=native -mrtm -DALLOW_EXPERIMENTAL_API -Wno-vla -fno-strict-aliasing -DALLOW_INTERNAL_API -MD -MQ app/dpdk-test.p/test_test_cfgfile.c.o -MF app/dpdk-test.p/test_test_cfgfile.c.o.d -o app/dpdk-test.p/ test_test_cfgfile.c.o -c ../app/test/test_cfgfile.c ../app/test/test_cfgfile.c: In function 'test_cfgfile_realloc_sections': ../app/test/test_cfgfile.c:186:42: error: '%s' directive output may be truncated writing 12 bytes into a region of size between 1 and 4096 [-Werror=format-truncation=] snprintf(filename, sizeof(filename), "%s%s", tmp, "cfg_save.ini"); ^~ ~~~~~~~~~~~~~~ ../app/test/test_cfgfile.c:186:2: note: 'snprintf' output between 13 and 4108 bytes into a destination of size 4096 snprintf(filename, sizeof(filename), "%s%s", tmp, "cfg_save.ini"); ^~~~~~~~~~~~~~~~~~~~~~~~~~~~~~~~~~~~~~~~~~~~~~~~~~~~~~~~~~~~~~~~~ cc1: all warnings being treated as errors ninja: build stopped: subcommand failed. ==== End log output ==== FreeBSD 14.2 Kernel: 14.2-RELEASE Compiler: clang 18.1.6 Fedora Linux 42 Kernel: 5.15 Compiler: gcc gcc (GCC) 15.2.1 20250808 (Red Hat 15.2.1-1) Ubuntu 20.04 Kernel: 4.19 Compiler: gcc gcc (Ubuntu 9.4.0-1ubuntu1~20.04.2) 9.4.0 CentOS Stream 9 Kernel: 5.15 Compiler: gcc gcc (GCC) 11.5.0 20240719 (Red Hat 11.5.0-11) CentOS Stream 10 Kernel: 5.15 Compiler: gcc gcc (GCC) 14.2.1 20250110 (Red Hat 14.2.1-8) openSUSE Leap 15.6 Kernel: 5.15 Compiler: gcc gcc (SUSE Linux) 7.5.0 Debian GNU/Linux 12 Kernel: 5.15 Compiler: gcc gcc (Debian 12.2.0-14+deb12u1) 12.2.0 Red Hat Enterprise Linux 9.5 Kernel: 5.15 Compiler: gcc gcc (GCC) 11.5.0 20240719 (Red Hat 11.5.0-2) Ubuntu 22.04 Kernel: 5.15 Compiler: gcc gcc (Ubuntu 11.4.0-1ubuntu1~22.04) 11.4.0 Ubuntu 24.04 Kernel: 5.15 Compiler: gcc gcc (Ubuntu 13.3.0-6ubuntu2~24.04) 13.3.0 Red Hat Enterprise Linux 8.10 Kernel: 5.15 Compiler: gcc gcc (GCC) 8.5.0 20210514 (Red Hat 8.5.0-22) Alpine Linux 3.22.0 Kernel: 5.15 Compiler: gcc gcc (Alpine 14.2.0) 14.2.0 Windows Server 2022 Kernel: 10.0.20348.2031 Compiler: clang 15.0.7, gcc 14.1.0 (MinGW), and MSVC VS 19.39.33521 To view detailed results, visit: https://lab.dpdk.org/results/dashboard/patchsets/34614/ UNH-IOL DPDK Community Lab To manage your email subscriptions, visit: https://lab.dpdk.org/results/dashboard/preferences/subscriptions/