From: dpdklab@iol.unh.edu
To: Test Report <test-report@dpdk.org>
Cc: dpdk-test-reports@iol.unh.edu
Subject: |PENDING| pw158844-158845 [PATCH] [2/2] net/mlx5: use private struct
Date: Sun, 16 Nov 2025 22:51:41 -0800 (PST) [thread overview]
Message-ID: <691ac5fd.050a0220.19b74f.2fc5SMTPIN_ADDED_MISSING@mx.google.com> (raw)
In-Reply-To: <20251117041537.8161-1-bingz@nvidia.com>
Test-Label: iol-compile-arm64-testing
Test-Status: PENDING
http://dpdk.org/patch/158845
_Testing pending_
Submitter: Bing Zhao <bingz@nvidia.com>
Date: Monday, November 17 2025 04:15:37
DPDK git baseline: Repo:dpdk-next-net-mlx
Branch: master
CommitID:a3f565c41c73db0f965d62c72627980235d4d7e8
158844-158845 --> testing pending
Upstream job id: Generic-DPDK-Compile-Meson#445300
Test environment and result as below:
+------------------------------+--------------------+
| Environment | dpdk_meson_compile |
+==============================+====================+
| Ubuntu 20.04 | PEND |
+------------------------------+--------------------+
| Red Hat Enterprise Linux 9.5 | PEND |
+------------------------------+--------------------+
| Debian GNU/Linux 12 | PEND |
+------------------------------+--------------------+
Ubuntu 20.04
Kernel: 5.15
Compiler: aarch64-linux-gnu-gcc gcc (Ubuntu 9.4.0-1ubuntu1~20.04.2) 9.4.0
Red Hat Enterprise Linux 9.5
Kernel: 5.4
Compiler: gcc gcc (GCC) 11.5.0 20240719 (Red Hat 11.5.0-2)
Debian GNU/Linux 12
Kernel: 5.4
Compiler: gcc gcc (Debian 12.2.0-14+deb12u1) 12.2.0
To view detailed results, visit:
https://lab.dpdk.org/results/dashboard/patchsets/34615/
UNH-IOL DPDK Community Lab
To manage your email subscriptions, visit:
https://lab.dpdk.org/results/dashboard/preferences/subscriptions/
next prev parent reply other threads:[~2025-11-17 6:51 UTC|newest]
Thread overview: 26+ messages / expand[flat|nested] mbox.gz Atom feed top
[not found] <20251117041537.8161-1-bingz@nvidia.com>
2025-11-17 3:41 ` |SUCCESS| pw158844-158845 [PATCH 2/2] net/mlx5: use private structure for internal tag item qemudev
2025-11-17 3:46 ` qemudev
2025-11-17 4:16 ` |SUCCESS| pw158845 " checkpatch
2025-11-17 4:50 ` |FAILURE| " 0-day Robot
2025-11-17 5:48 ` |FAILURE| pw158844-158845 [PATCH] [2/2] net/mlx5: use private struct dpdklab
2025-11-17 5:49 ` dpdklab
2025-11-17 5:56 ` |SUCCESS| " dpdklab
2025-11-17 6:12 ` |FAILURE| " dpdklab
2025-11-17 6:48 ` |PENDING| " dpdklab
2025-11-17 6:49 ` dpdklab
2025-11-17 6:50 ` |FAILURE| " dpdklab
2025-11-17 6:51 ` dpdklab [this message]
2025-11-17 7:57 ` |WARNING| " dpdklab
2025-11-17 8:25 ` |FAILURE| " dpdklab
2025-11-17 8:53 ` dpdklab
2025-11-17 8:54 ` dpdklab
2025-11-17 8:55 ` dpdklab
2025-11-17 8:56 ` dpdklab
2025-11-17 8:59 ` dpdklab
2025-11-17 8:59 ` dpdklab
2025-11-17 9:00 ` dpdklab
2025-11-17 9:01 ` dpdklab
2025-11-17 9:02 ` dpdklab
2025-11-17 9:03 ` dpdklab
2025-11-17 9:03 ` dpdklab
2025-11-17 9:09 ` dpdklab
Reply instructions:
You may reply publicly to this message via plain-text email
using any one of the following methods:
* Save the following mbox file, import it into your mail client,
and reply-to-all from there: mbox
Avoid top-posting and favor interleaved quoting:
https://en.wikipedia.org/wiki/Posting_style#Interleaved_style
* Reply using the --to, --cc, and --in-reply-to
switches of git-send-email(1):
git send-email \
--in-reply-to=691ac5fd.050a0220.19b74f.2fc5SMTPIN_ADDED_MISSING@mx.google.com \
--to=dpdklab@iol.unh.edu \
--cc=dpdk-test-reports@iol.unh.edu \
--cc=test-report@dpdk.org \
/path/to/YOUR_REPLY
https://kernel.org/pub/software/scm/git/docs/git-send-email.html
* If your mail client supports setting the In-Reply-To header
via mailto: links, try the mailto: link
Be sure your reply has a Subject: header at the top and a blank line
before the message body.
This is a public inbox, see mirroring instructions
for how to clone and mirror all data and code used for this inbox;
as well as URLs for NNTP newsgroup(s).