From mboxrd@z Thu Jan 1 00:00:00 1970 Return-Path: Received: from mails.dpdk.org (mails.dpdk.org [217.70.189.124]) by inbox.dpdk.org (Postfix) with ESMTP id 4F86C48B2B for ; Mon, 17 Nov 2025 07:54:16 +0100 (CET) Received: from mails.dpdk.org (localhost [127.0.0.1]) by mails.dpdk.org (Postfix) with ESMTP id 4A839402A1; Mon, 17 Nov 2025 07:54:16 +0100 (CET) Received: from mail-io1-f99.google.com (mail-io1-f99.google.com [209.85.166.99]) by mails.dpdk.org (Postfix) with ESMTP id 3D584402A1 for ; Mon, 17 Nov 2025 07:54:14 +0100 (CET) Received: by mail-io1-f99.google.com with SMTP id ca18e2360f4ac-948c58fe8c2so162002639f.1 for ; Sun, 16 Nov 2025 22:54:14 -0800 (PST) DKIM-Signature: v=1; a=rsa-sha256; c=relaxed/relaxed; d=iol.unh.edu; s=unh-iol; t=1763362453; x=1763967253; darn=dpdk.org; h=cc:to:from:subject:message-id:date:from:to:cc:subject:date :message-id:reply-to; bh=/h1MPdIBXqU7ICMCeF5cDONImyBPrd/qS/MxriarDSQ=; b=WX4+cpbRuq3nWTY/L/Pfn4jvQH3fFjA2auHe469q0vvm5RwP6Y9u6uuQXCx5idWnaM ijRIgD70WscMJawb12XE5Mz7e8wSfoxsDuh/nSOVFxqR6xJ+TCMFaFPewWwtV6kKhZ/O KpxUgm5nA6SLJjjSdQVKtDxueotschXdfQrn0= X-Google-DKIM-Signature: v=1; a=rsa-sha256; c=relaxed/relaxed; d=1e100.net; s=20230601; t=1763362453; x=1763967253; h=cc:to:from:subject:message-id:date:x-gm-gg:x-gm-message-state:from :to:cc:subject:date:message-id:reply-to; bh=/h1MPdIBXqU7ICMCeF5cDONImyBPrd/qS/MxriarDSQ=; b=LsAgM+UV8ldExhPit/axH221GorM8ARU6h7jg6EhHftso6Tt3fptkEHIjpJ349kkgi OLJUS9WR42PxnD0wTr+g8ujSSftpD8KTQqnexf00phuXrDlmq93/NmQpOyLo8cR2riUt muWgvT/96f0xBFn/Zsg3SjmVUsC7ReLFkWAn9dUif4iNVojo4NHX9ZK5QdGZCOSYfYEW B1DBp1XUkJtY2YStk5NQkq6RUBbOH3axYboFzfcAmK/J1rkqPGy+hn2Hx708/sQ5/t46 zifdWASkv2cuPlWuGRT2iGTo4wVPvDUjVJtf+tx32Vbm52jVC0EE1p4R399wzbA3danl eFCQ== X-Gm-Message-State: AOJu0YwX2qWcsF1EgE55BpDrfLTudFLwzvABbWmQoCq8Qx2qp9xO7Wzj g0fExlo+d+V5sDGYE1uFcv+n9BnpfkwbySqihjxCyIqmYZaMkOWdyDiQx7v1X9r9sW3iqEKy6x8 CHlqeJjKTQLAU2UiQhIVoTOZPkfLU9KsqmxTr X-Gm-Gg: ASbGncsDs5E+j7tsRNSyC+6bctW2JK+yAIdY6owy9W6hDihYFUA2FMPjoQQH9G7JpR5 i/pvMtyfR0rGrTd67ZWTU36AKAazjdyTxMK8qDk8xXVJ/Dwu2wLvmthimZnTzZIICiV3t+1klNd caEUYHEWszD2u7OJyp2/A5hANrpLDw7+86ffKxzjkPnPVx1dh2xctVMCtJWC98kbE8MpGa1V4Cm W8qbXNaH28iyhCKCQamLhZxiKRfx/wpClSfIn0C9/7iMh0VoJkDrqz35vnSjimgF1CS5E8E09wt B/EaYPyVidr8maot35yLLoUAVaknrndRnRt2XqJsCMvM+Zeme/Nwd7VY67l/wjjIypfw8RG6dpW 9alF1I7606akdnQ4SXkMOUd6PKeh3fbU= X-Google-Smtp-Source: AGHT+IFpUcMV2ASGraXx8eZ1o7Z9nu4JtbQy1gB6X2+B2zhUHWJh7S8+sRt6V3biLXwC/QsjAzWACYa8e28K X-Received: by 2002:a05:6638:6401:b0:5b7:d710:6626 with SMTP id 8926c6da1cb9f-5b7d7106756mr6934787173.21.1763362453528; Sun, 16 Nov 2025 22:54:13 -0800 (PST) Received: from postal.iol.unh.edu (postal.iol.unh.edu. [132.177.123.84]) by smtp-relay.gmail.com with ESMTPS id 8926c6da1cb9f-5b7bd3347f4sm813594173.28.2025.11.16.22.54.13 (version=TLS1_2 cipher=ECDHE-ECDSA-AES128-GCM-SHA256 bits=128/128); Sun, 16 Nov 2025 22:54:13 -0800 (PST) X-Relaying-Domain: iol.unh.edu Date: Sun, 16 Nov 2025 22:54:13 -0800 (PST) Message-ID: <691ac695.050a0220.32d6d6.7609SMTPIN_ADDED_MISSING@mx.google.com> Received: from [172.21.0.3] (unknown [172.18.0.240]) by postal.iol.unh.edu (Postfix) with ESMTP id 071366051830; Mon, 17 Nov 2025 01:54:13 -0500 (EST) Subject: |FAILURE| [GIT MASTER] 62f583c49bf67dd4d6733ece14e55fe6839e66d1 From: dpdklab@iol.unh.edu To: Test Report Cc: dpdk-test-reports@iol.unh.edu, Xueming Li , Christian Ehrhardt , Kevin Traynor , Luca Boccassi Content-Type: text/plain X-BeenThere: test-report@dpdk.org X-Mailman-Version: 2.1.29 Precedence: list List-Id: automatic DPDK test reports List-Unsubscribe: , List-Archive: List-Post: List-Help: List-Subscribe: , Errors-To: test-report-bounces@dpdk.org _Testing issues_ Branch: tags/v23.11 62f583c49bf67dd4d6733ece14e55fe6839e66d1 --> testing issues Upstream job id: Generic-DPDK-Compile-Meson#445255 Test environment and result as below: +-------------------------------+--------------------+------------------+-------------------+-------------------------+----------------------+ | Environment | dpdk_meson_compile | dpdk_compile_ovs | dpdk_msvc_compile | dpdk_llvm_clang_compile | dpdk_mingw64_compile | +===============================+====================+==================+===================+=========================+======================+ | Fedora Linux 42 | FAIL | WARN | SKIPPED | SKIPPED | SKIPPED | +-------------------------------+--------------------+------------------+-------------------+-------------------------+----------------------+ | Ubuntu 24.04 | PASS | PASS | SKIPPED | SKIPPED | SKIPPED | +-------------------------------+--------------------+------------------+-------------------+-------------------------+----------------------+ | Debian GNU/Linux 12 | PASS | SKIPPED | SKIPPED | SKIPPED | SKIPPED | +-------------------------------+--------------------+------------------+-------------------+-------------------------+----------------------+ | CentOS Stream 9 | PASS | SKIPPED | SKIPPED | SKIPPED | SKIPPED | +-------------------------------+--------------------+------------------+-------------------+-------------------------+----------------------+ | openSUSE Leap 15.6 | PASS | SKIPPED | SKIPPED | SKIPPED | SKIPPED | +-------------------------------+--------------------+------------------+-------------------+-------------------------+----------------------+ | CentOS Stream 10 | PASS | SKIPPED | SKIPPED | SKIPPED | SKIPPED | +-------------------------------+--------------------+------------------+-------------------+-------------------------+----------------------+ | Red Hat Enterprise Linux 8.10 | PASS | SKIPPED | SKIPPED | SKIPPED | SKIPPED | +-------------------------------+--------------------+------------------+-------------------+-------------------------+----------------------+ | Ubuntu 22.04 | PASS | SKIPPED | SKIPPED | SKIPPED | SKIPPED | +-------------------------------+--------------------+------------------+-------------------+-------------------------+----------------------+ | Red Hat Enterprise Linux 9.5 | PASS | SKIPPED | SKIPPED | SKIPPED | SKIPPED | +-------------------------------+--------------------+------------------+-------------------+-------------------------+----------------------+ | Ubuntu 20.04 | PASS | SKIPPED | SKIPPED | SKIPPED | SKIPPED | +-------------------------------+--------------------+------------------+-------------------+-------------------------+----------------------+ | Alpine Linux 3.22.0 | PASS | SKIPPED | SKIPPED | SKIPPED | SKIPPED | +-------------------------------+--------------------+------------------+-------------------+-------------------------+----------------------+ | FreeBSD 14.2 | PASS | SKIPPED | SKIPPED | SKIPPED | SKIPPED | +-------------------------------+--------------------+------------------+-------------------+-------------------------+----------------------+ | Windows Server 2022 | SKIPPED | SKIPPED | PASS | FAIL | PASS | +-------------------------------+--------------------+------------------+-------------------+-------------------------+----------------------+ ==== 20 line log output for Windows Server 2022 (dpdk_llvm_clang_compile): ==== Compiler for C supports arguments -mavx512f: YES (cached) Compiler for C supports arguments -mavx512bw: YES (cached) Compiler for C supports arguments -mavx512dq: YES (cached) Compiler for C supports arguments -march=skylake-avx512: YES Message: drivers/common/idpf: Defining dependency "common_idpf" Message: drivers/bus/auxiliary: Defining dependency "bus_auxiliary" Compiler for C supports arguments -Wno-cast-qual: YES (cached) Compiler for C supports arguments -Wno-pointer-arith: YES (cached) Message: drivers/bus/pci: Defining dependency "bus_pci" Message: drivers/bus/vdev: Defining dependency "bus_vdev" Compiler for C supports arguments -std=c11: YES Compiler for C supports arguments -Wno-strict-prototypes: YES Compiler for C supports arguments -D_BSD_SOURCE: YES Compiler for C supports arguments -D_DEFAULT_SOURCE: YES Compiler for C supports arguments -D_XOPEN_SOURCE=600: YES Has header "mlx5devx.h" : YES drivers\common\mlx5\windows\meson.build:10:13: ERROR: C shared or static library 'mlx5devx' not found A full log can be found at C:\Users\builder\jenkins\workspace\Windows-Compile-DPDK-Native\dpdk\build\meson-logs\meson-log.txt ==== End log output ==== Fedora Linux 42 Kernel: 5.15 Compiler: clang gcc (GCC) 15.2.1 20250808 (Red Hat 15.2.1-1) Ubuntu 24.04 Kernel: 5.15 Compiler: gcc gcc (Ubuntu 13.3.0-6ubuntu2~24.04) 13.3.0 Debian GNU/Linux 12 Kernel: 5.15 Compiler: gcc gcc (Debian 12.2.0-14+deb12u1) 12.2.0 CentOS Stream 9 Kernel: 5.15 Compiler: gcc gcc (GCC) 11.5.0 20240719 (Red Hat 11.5.0-11) openSUSE Leap 15.6 Kernel: 5.15 Compiler: gcc gcc (SUSE Linux) 7.5.0 CentOS Stream 10 Kernel: 5.15 Compiler: gcc gcc (GCC) 14.2.1 20250110 (Red Hat 14.2.1-8) Red Hat Enterprise Linux 8.10 Kernel: 5.15 Compiler: gcc gcc (GCC) 8.5.0 20210514 (Red Hat 8.5.0-22) Ubuntu 22.04 Kernel: 5.15 Compiler: gcc gcc (Ubuntu 11.4.0-1ubuntu1~22.04) 11.4.0 Red Hat Enterprise Linux 9.5 Kernel: 5.15 Compiler: gcc gcc (GCC) 11.5.0 20240719 (Red Hat 11.5.0-2) Ubuntu 20.04 Kernel: 5.15 Compiler: gcc gcc (Ubuntu 9.4.0-1ubuntu1~20.04.2) 9.4.0 Alpine Linux 3.22.0 Kernel: 5.15 Compiler: gcc gcc (Alpine 14.2.0) 14.2.0 FreeBSD 14.2 Kernel: 14.2-RELEASE Compiler: clang 18.1.6 Windows Server 2022 Kernel: 10.0.20348.2031 Compiler: clang 15.0.7, gcc 14.1.0 (MinGW), and MSVC VS 19.39.33521 To view detailed results, visit: https://lab.dpdk.org/results/dashboard/tarballs/35625/ UNH-IOL DPDK Community Lab To manage your email subscriptions, visit: https://lab.dpdk.org/results/dashboard/preferences/subscriptions/