From mboxrd@z Thu Jan 1 00:00:00 1970 Return-Path: Received: from mails.dpdk.org (mails.dpdk.org [217.70.189.124]) by inbox.dpdk.org (Postfix) with ESMTP id 1FE3948B2D for ; Mon, 17 Nov 2025 08:22:49 +0100 (CET) Received: from mails.dpdk.org (localhost [127.0.0.1]) by mails.dpdk.org (Postfix) with ESMTP id 05041402A1; Mon, 17 Nov 2025 08:22:49 +0100 (CET) Received: from mail-pl1-f228.google.com (mail-pl1-f228.google.com [209.85.214.228]) by mails.dpdk.org (Postfix) with ESMTP id 8DED4402A1 for ; Mon, 17 Nov 2025 08:22:48 +0100 (CET) Received: by mail-pl1-f228.google.com with SMTP id d9443c01a7336-297e264528aso39299055ad.2 for ; Sun, 16 Nov 2025 23:22:48 -0800 (PST) DKIM-Signature: v=1; a=rsa-sha256; c=relaxed/relaxed; d=iol.unh.edu; s=unh-iol; t=1763364168; x=1763968968; darn=dpdk.org; h=cc:to:from:subject:message-id:date:from:to:cc:subject:date :message-id:reply-to; bh=TC6962/qWhRqoJf4ekXhUpFXTh5mLY6OpkPOchRomcs=; b=T8gCvYcFtD0wCiXwyVNZLexhyuVW5JmFA+UVJqz8X/FZDuyeTn8tg5uZYzvb2vaJ0j bQw0A9nS22afXMW1fhLTectYRVbULxg3XeTYM403RUUB72/GUI3MNDia+v5cZOX+XOxU SnPgLSMIOe/oTOU7cw+VuyMR8saYvgH7J5R88= X-Google-DKIM-Signature: v=1; a=rsa-sha256; c=relaxed/relaxed; d=1e100.net; s=20230601; t=1763364168; x=1763968968; h=cc:to:from:subject:message-id:date:x-gm-gg:x-gm-message-state:from :to:cc:subject:date:message-id:reply-to; bh=TC6962/qWhRqoJf4ekXhUpFXTh5mLY6OpkPOchRomcs=; b=b90dpcrn3IwlA4YtTzwmg5V7CVuOCJwaMP2O+iczXfD+BOXeIJ41d+6FLqL5oVkXO9 ygAKOM2111QvzWNERaG6vpDROgJ40bs++ptDE9mOb2omRoXLMMFsGbQrDuMhBtke6qzg SpnfDCLmjSAtpFp/+v8MXcQuNsmEaXxv0xfxp4M6nKL/aq0ajAXMMHl18j4lX7ND9wvJ gdlnENhS2ocbS/+bev3/RHlZ/qQYQF8oFi+GEeGU47Bk9v18Cl7j/KkooLGoaUzjlec1 7RFRSDvVcCxiGb721qYGWH3fQL69T5pzjh6wsGGgVnt1rIwjEUIkMu+R8S+SLOEqW1Ho Pt7A== X-Gm-Message-State: AOJu0Yw7KHNkUk8MA2eQ8s+M6yxp235+bu1INwl7OE2qZMNUSq8t8atK LXlXmDt8Nv3bX5JQbgyReqjh3I+StLHL7YeU98lzKVm8RReJty5LZblgHWFjZVICJJ3XJQ2BovF fYLen3ZgniEIFmkIF41hTQXKPBfgfzykV71uCqXP07XHhe2B243eE X-Gm-Gg: ASbGncsBEEpoDx/XsRmM16oNd6U1VKU/lXCQHh/ZeEIh/4+f6TtFpCEQmYrn77v5WbO RZreEdNOVYc/z579IBOta0HuSFwdC7N/4HtOK32O7vh6rdV94KZpn4Ul13sjUtlZ/PLypWKuWhL yH6BHTyeRfXc3A2SNVbZfh2pvhXxyFk4T0ZhtkXdzQ4onbtCUr4D8387v3EgjEbmJ4hvbSuHkfh lciSDBllmRcxJNWJz6HWQa5Lmwom8QwZ4BRlarDK5LafhQy5p4hw5SF4uoSvuotrOQOpRtWprIO AU/MT+i17EHcFA7cj6Pl4Ca2uUMfMqPjiag22XNRnvsEWIa6JDjKDxnmR1Bb5xSBEibTZCalyKY wvzymUOMu X-Google-Smtp-Source: AGHT+IHtieau+6BvgI4lPY16oS/xhNhSOWKIxZdTlJGbqXQWC+3KJQkBlY3239hn7h6M5dv9K8gxGPmOYvUY X-Received: by 2002:a17:903:a8f:b0:295:7453:b58b with SMTP id d9443c01a7336-2986a6b56b4mr132784945ad.4.1763364167591; Sun, 16 Nov 2025 23:22:47 -0800 (PST) Received: from postal.iol.unh.edu (postal.iol.unh.edu. [2606:4100:3880:1234::84]) by smtp-relay.gmail.com with ESMTPS id d9443c01a7336-2985c241d51sm14367775ad.22.2025.11.16.23.22.47 (version=TLS1_2 cipher=ECDHE-ECDSA-AES128-GCM-SHA256 bits=128/128); Sun, 16 Nov 2025 23:22:47 -0800 (PST) X-Relaying-Domain: iol.unh.edu Date: Sun, 16 Nov 2025 23:22:47 -0800 (PST) Message-ID: <691acd47.170a0220.3db8fb.9277SMTPIN_ADDED_MISSING@mx.google.com> Received: from [172.21.0.4] (unknown [172.18.0.240]) by postal.iol.unh.edu (Postfix) with ESMTP id B2ACF6051830; Mon, 17 Nov 2025 02:22:46 -0500 (EST) Subject: |FAILURE| [GIT MASTER] 62f583c49bf67dd4d6733ece14e55fe6839e66d1 From: dpdklab@iol.unh.edu To: Test Report Cc: dpdk-test-reports@iol.unh.edu, Xueming Li , Christian Ehrhardt , Kevin Traynor , Luca Boccassi Content-Type: text/plain X-BeenThere: test-report@dpdk.org X-Mailman-Version: 2.1.29 Precedence: list List-Id: automatic DPDK test reports List-Unsubscribe: , List-Archive: List-Post: List-Help: List-Subscribe: , Errors-To: test-report-bounces@dpdk.org _Testing issues_ Branch: tags/v23.11 62f583c49bf67dd4d6733ece14e55fe6839e66d1 --> testing issues Upstream job id: Generic-Unit-Test-DPDK#393545 Test environment and result as below: +-------------------------------+----------------+ | Environment | dpdk_unit_test | +===============================+================+ | Fedora Linux 40 | FAIL | +-------------------------------+----------------+ | CentOS Stream 9 | PASS | +-------------------------------+----------------+ | Fedora Linux 41 | PASS | +-------------------------------+----------------+ | CentOS Stream 10 | PASS | +-------------------------------+----------------+ | Red Hat Enterprise Linux 8.10 | PASS | +-------------------------------+----------------+ | Debian GNU/Linux 12 | PASS | +-------------------------------+----------------+ | Fedora Linux 42 | PASS | +-------------------------------+----------------+ | Ubuntu 20.04 | PASS | +-------------------------------+----------------+ | Ubuntu 22.04 | PASS | +-------------------------------+----------------+ | Red Hat Enterprise Linux 9.5 | PASS | +-------------------------------+----------------+ | Ubuntu 24.04 | PASS | +-------------------------------+----------------+ | Windows Server 2022 | FAIL | +-------------------------------+----------------+ ==== Unit test summary for Windows Server 2022 (dpdk_unit_test): ==== Failed to get the unit test results. Displaying the unit test results is not supported for some environments, such as our aarch32 testing, where meson is not used to run the tests. Download the logs available on our CI site. ==== End log output ==== Fedora Linux 40 Kernel: 5.15 Compiler: gcc gcc (GCC) 14.2.1 20240912 (Red Hat 14.2.1-3) CentOS Stream 9 Kernel: 5.15 Compiler: gcc gcc (GCC) 11.5.0 20240719 (Red Hat 11.5.0-11) Fedora Linux 41 Kernel: 5.15 Compiler: gcc gcc (GCC) 14.3.1 20250523 (Red Hat 14.3.1-1) CentOS Stream 10 Kernel: 5.15 Compiler: gcc gcc (GCC) 14.2.1 20250110 (Red Hat 14.2.1-8) Red Hat Enterprise Linux 8.10 Kernel: 5.15 Compiler: gcc gcc (GCC) 8.5.0 20210514 (Red Hat 8.5.0-22) Debian GNU/Linux 12 Kernel: 5.15 Compiler: gcc gcc (Debian 12.2.0-14+deb12u1) 12.2.0 Fedora Linux 42 Kernel: 5.15 Compiler: gcc gcc (GCC) 15.2.1 20250808 (Red Hat 15.2.1-1) Ubuntu 20.04 Kernel: 5.15 Compiler: gcc gcc (Ubuntu 9.4.0-1ubuntu1~20.04.2) 9.4.0 Ubuntu 22.04 Kernel: 5.15 Compiler: gcc gcc (Ubuntu 11.4.0-1ubuntu1~22.04) 11.4.0 Red Hat Enterprise Linux 9.5 Kernel: 5.15 Compiler: gcc gcc (GCC) 11.5.0 20240719 (Red Hat 11.5.0-2) Ubuntu 24.04 Kernel: 5.15 Compiler: gcc gcc (Ubuntu 13.3.0-6ubuntu2~24.04) 13.3.0 Windows Server 2022 Kernel: 10.0.20348.2031 Compiler: clang 15.0.7, gcc 14.1.0 (MinGW), and MSVC VS 19.39.33521 To view detailed results, visit: https://lab.dpdk.org/results/dashboard/tarballs/35625/ UNH-IOL DPDK Community Lab To manage your email subscriptions, visit: https://lab.dpdk.org/results/dashboard/preferences/subscriptions/