From mboxrd@z Thu Jan 1 00:00:00 1970 Return-Path: Received: from mails.dpdk.org (mails.dpdk.org [217.70.189.124]) by inbox.dpdk.org (Postfix) with ESMTP id 1B74248B2D for ; Mon, 17 Nov 2025 08:23:04 +0100 (CET) Received: from mails.dpdk.org (localhost [127.0.0.1]) by mails.dpdk.org (Postfix) with ESMTP id 16DEC402A1; Mon, 17 Nov 2025 08:23:04 +0100 (CET) Received: from mail-oa1-f99.google.com (mail-oa1-f99.google.com [209.85.160.99]) by mails.dpdk.org (Postfix) with ESMTP id B0B67402A1 for ; Mon, 17 Nov 2025 08:23:02 +0100 (CET) Received: by mail-oa1-f99.google.com with SMTP id 586e51a60fabf-3e83c40e9dfso2021298fac.1 for ; Sun, 16 Nov 2025 23:23:02 -0800 (PST) DKIM-Signature: v=1; a=rsa-sha256; c=relaxed/relaxed; d=iol.unh.edu; s=unh-iol; t=1763364182; x=1763968982; darn=dpdk.org; h=cc:to:from:subject:message-id:date:from:to:cc:subject:date :message-id:reply-to; bh=b92T/t+Nm5qF0zZExtHBkCukS2OdL884nfc4eMD+TL4=; b=e485I/S+ref9uXRykqcMjCCSQxi2ZfkamYPxo+UQZyzRJC551+sxNHqWo2SrthQ1/+ rqg3laLwyGK38PIdww5FhdwhHy1cKlcJLT421/oQCvO6DZXH/UFgWBtbk2c5IzAfNnJ2 PlmCgoRbso6+NWRK5rjCVIXRUboD0SWyeK+IU= X-Google-DKIM-Signature: v=1; a=rsa-sha256; c=relaxed/relaxed; d=1e100.net; s=20230601; t=1763364182; x=1763968982; h=cc:to:from:subject:message-id:date:x-gm-gg:x-gm-message-state:from :to:cc:subject:date:message-id:reply-to; bh=b92T/t+Nm5qF0zZExtHBkCukS2OdL884nfc4eMD+TL4=; b=m6ugtUeme7pcHI8m2dCtoHO4NgFvB50khnqOQkjJ12Ecs+Yy6OFUeRnJTIozABZgIG NbFt7UkqrCzqjGDKNzzglUnSJYw1ZYnOImmr0E31wqsQ1hsQy7UB7kEBLTemu5rfb5c1 clCAhPzj866uAWY+3RXDUAOxSBb4O2YY9u2p0IngMPvzRjmJetI/dVLyYlHL/beLGh9m P0jZMrIj7msBASL4fkg4dqbNjMo/cxyn6qw4B6tdTFaCL3u3vdvppcj3Aav/v4FBBDzN D2qWtYVvhAWNfcdSr9nhIljOCDGLZm6HApbw4JawokbcMJFfpHJwYIAmhBEKy81c7fKx ul7w== X-Gm-Message-State: AOJu0YxYjMv6mcUyNNnxLLayKx2Gw5ILlCSolKyTSpTmR9GVJa+NAWSC gVVYH8ZvhOX6xn06sOnRxo/5neqCqPUktUeqz60w0lOt8QD7AJ9zmZtm2F0XGqt9/N8ZYir96ny aC2EBnxAp6jcw/OBwtup+/hd2W1Izja7f7/4O X-Gm-Gg: ASbGnct4watSAFGMGPRK50GhWpDqT6bcJnb7ixEI3d+4lltGKSzexQcLF3XnUMYswvq GPTZBD4c6sS2+ZgSLp4nNPIU2QXY3GsxLrqx1fJmNfUmIntS2PoTMGGX6K2t59a45MS3bG5gchc q4gZLO1ygW8NZOf3FlYMI5uFvQOTAqjX9FV56kWkh0nV3mZKH40Ai0xZzvyTPop7DOdxbFyqFD0 EfNvUp6U3IpmMN4v1HLPBd2jP5S2k8Z0oRgDLLpKCHdIxQlDBWkSJHT8IKPWYUf0k6Iaa6VGsqs gifQ0B5zRPyjMwGSxvxYO1EjWECPfS5A5jvTjs3SDptu3PTwShGAFG/4xMSX78l7eXN9X5giSdG kLDeGAy03umDBQUs7EmbXV9Vf0IoINag= X-Google-Smtp-Source: AGHT+IHTpfFhUR1slVsXQU1IsaGGRCTsjKuSCjxh1c6pyAXGGCzYxZPYkT8+LbDGPmHKywqNYbwMsAFhrnBk X-Received: by 2002:a05:687c:2e89:b0:3d3:e9a1:97d3 with SMTP id 586e51a60fabf-3e8691378fbmr5403513fac.34.1763364181905; Sun, 16 Nov 2025 23:23:01 -0800 (PST) Received: from postal.iol.unh.edu (postal.iol.unh.edu. [132.177.123.84]) by smtp-relay.gmail.com with ESMTPS id 586e51a60fabf-3ec3be72a9csm276401fac.7.2025.11.16.23.23.01 (version=TLS1_2 cipher=ECDHE-ECDSA-AES128-GCM-SHA256 bits=128/128); Sun, 16 Nov 2025 23:23:01 -0800 (PST) X-Relaying-Domain: iol.unh.edu Date: Sun, 16 Nov 2025 23:23:01 -0800 (PST) Message-ID: <691acd55.050a0220.38ee57.f356SMTPIN_ADDED_MISSING@mx.google.com> Received: from [172.21.0.3] (unknown [172.18.0.240]) by postal.iol.unh.edu (Postfix) with ESMTP id 88E1E6051830; Mon, 17 Nov 2025 02:23:01 -0500 (EST) Subject: |FAILURE| [GIT MASTER] 62f583c49bf67dd4d6733ece14e55fe6839e66d1 From: dpdklab@iol.unh.edu To: Test Report Cc: dpdk-test-reports@iol.unh.edu, Xueming Li , Christian Ehrhardt , Kevin Traynor , Luca Boccassi Content-Type: text/plain X-BeenThere: test-report@dpdk.org X-Mailman-Version: 2.1.29 Precedence: list List-Id: automatic DPDK test reports List-Unsubscribe: , List-Archive: List-Post: List-Help: List-Subscribe: , Errors-To: test-report-bounces@dpdk.org _Testing issues_ Branch: tags/v23.11 62f583c49bf67dd4d6733ece14e55fe6839e66d1 --> testing issues Upstream job id: Generic-Unit-Test-DPDK#393539 Test environment and result as below: +-------------------------------+----------------+ | Environment | dpdk_unit_test | +===============================+================+ | Fedora Linux 40 | FAIL | +-------------------------------+----------------+ | CentOS Stream 9 | PASS | +-------------------------------+----------------+ | Fedora Linux 41 | PASS | +-------------------------------+----------------+ | CentOS Stream 10 | PASS | +-------------------------------+----------------+ | Red Hat Enterprise Linux 8.10 | PASS | +-------------------------------+----------------+ | Debian GNU/Linux 12 | PASS | +-------------------------------+----------------+ | Fedora Linux 42 | PASS | +-------------------------------+----------------+ | Ubuntu 20.04 | PASS | +-------------------------------+----------------+ | Ubuntu 22.04 | PASS | +-------------------------------+----------------+ | Red Hat Enterprise Linux 9.5 | PASS | +-------------------------------+----------------+ | Ubuntu 24.04 | PASS | +-------------------------------+----------------+ | Windows Server 2022 | FAIL | +-------------------------------+----------------+ ==== Unit test summary for Windows Server 2022 (dpdk_unit_test): ==== Failed to get the unit test results. Displaying the unit test results is not supported for some environments, such as our aarch32 testing, where meson is not used to run the tests. Download the logs available on our CI site. ==== End log output ==== Fedora Linux 40 Kernel: 5.15 Compiler: gcc gcc (GCC) 14.2.1 20240912 (Red Hat 14.2.1-3) CentOS Stream 9 Kernel: 5.15 Compiler: gcc gcc (GCC) 11.5.0 20240719 (Red Hat 11.5.0-11) Fedora Linux 41 Kernel: 5.15 Compiler: gcc gcc (GCC) 14.3.1 20250523 (Red Hat 14.3.1-1) CentOS Stream 10 Kernel: 5.15 Compiler: gcc gcc (GCC) 14.2.1 20250110 (Red Hat 14.2.1-8) Red Hat Enterprise Linux 8.10 Kernel: 5.15 Compiler: gcc gcc (GCC) 8.5.0 20210514 (Red Hat 8.5.0-22) Debian GNU/Linux 12 Kernel: 5.15 Compiler: gcc gcc (Debian 12.2.0-14+deb12u1) 12.2.0 Fedora Linux 42 Kernel: 5.15 Compiler: gcc gcc (GCC) 15.2.1 20250808 (Red Hat 15.2.1-1) Ubuntu 20.04 Kernel: 5.15 Compiler: gcc gcc (Ubuntu 9.4.0-1ubuntu1~20.04.2) 9.4.0 Ubuntu 22.04 Kernel: 5.15 Compiler: gcc gcc (Ubuntu 11.4.0-1ubuntu1~22.04) 11.4.0 Red Hat Enterprise Linux 9.5 Kernel: 5.15 Compiler: gcc gcc (GCC) 11.5.0 20240719 (Red Hat 11.5.0-2) Ubuntu 24.04 Kernel: 5.15 Compiler: gcc gcc (Ubuntu 13.3.0-6ubuntu2~24.04) 13.3.0 Windows Server 2022 Kernel: 10.0.20348.2031 Compiler: clang 15.0.7, gcc 14.1.0 (MinGW), and MSVC VS 19.39.33521 To view detailed results, visit: https://lab.dpdk.org/results/dashboard/tarballs/35625/ UNH-IOL DPDK Community Lab To manage your email subscriptions, visit: https://lab.dpdk.org/results/dashboard/preferences/subscriptions/