From mboxrd@z Thu Jan 1 00:00:00 1970 Return-Path: Received: from mails.dpdk.org (mails.dpdk.org [217.70.189.124]) by inbox.dpdk.org (Postfix) with ESMTP id 2538E48B2D for ; Mon, 17 Nov 2025 09:53:47 +0100 (CET) Received: from mails.dpdk.org (localhost [127.0.0.1]) by mails.dpdk.org (Postfix) with ESMTP id 212E94026F; Mon, 17 Nov 2025 09:53:47 +0100 (CET) Received: from mail-pj1-f98.google.com (mail-pj1-f98.google.com [209.85.216.98]) by mails.dpdk.org (Postfix) with ESMTP id 499EC4026F for ; Mon, 17 Nov 2025 09:53:44 +0100 (CET) Received: by mail-pj1-f98.google.com with SMTP id 98e67ed59e1d1-3436d6ca17bso4334304a91.3 for ; Mon, 17 Nov 2025 00:53:44 -0800 (PST) DKIM-Signature: v=1; a=rsa-sha256; c=relaxed/relaxed; d=iol.unh.edu; s=unh-iol; t=1763369623; x=1763974423; darn=dpdk.org; h=references:in-reply-to:cc:to:from:subject:message-id:date:from:to :cc:subject:date:message-id:reply-to; bh=Cnwout7aOY02MLTXTusfraBPxKQqT1IzpTsv5RONQVc=; b=PhJc/uchis/JTKtK0L99QBNezastSAbcLs6XtAPKglEeNPQQxM94xGjGocGBykQqQ4 rqvXXiG5Dh9N1wOB9tkmP8Vu7geArVTv2fwgsN1zry3espLE1vBloXO/0Pbkb7maAtoH SvQCwegr6pWoqv8+9pZ0eqZvuT5y2SCSQm078= X-Google-DKIM-Signature: v=1; a=rsa-sha256; c=relaxed/relaxed; d=1e100.net; s=20230601; t=1763369623; x=1763974423; h=references:in-reply-to:cc:to:from:subject:message-id:date:x-gm-gg :x-gm-message-state:from:to:cc:subject:date:message-id:reply-to; bh=Cnwout7aOY02MLTXTusfraBPxKQqT1IzpTsv5RONQVc=; b=TOhKl8HXZtu/vR+RU36b+pa9X5iuF8M0grXrR9rE/2MKRZJDvYvDbLa/+HFNiDEl9u fscdgl/rEzhu+/9oCj0MQHOTwspZLX+VPqAlGu6NBSMHCAqp1iU5i+MpD1Vs+fiuaxbV O9KL2TTdNy173dH8v4ElI6uTqW3IgNKgd/Y+gU3VOHpDDReyjC/iJxT650ChR1tgIlXL eRmERROg93H0oErBGWvKBl6ZS0hJj/aQGCtpZ9itQFi/u2HeGyLvEaiht2uBdMe2u/wd 2PKCHICvY3QAAp9SL6bayF6RNaZo0G8G/46ep5pK7193RL7lHbFcirjtBf2MWvXzmMpc PTSQ== X-Gm-Message-State: AOJu0YwSP77Mg4/mx9mv0gEMBWAPPj2wqCBqKvAH8APPXDZbizA66c3P 0EEZnj1SgxD9/lN2vnEc8Osv1jFeWirVsWRCBSiowvMG2eMtvyfDTtektx15tce+dXH04cmWuDm W5rv3HyF9fXV+N+4rUw2qJZeiCR7F7ys1s0C8y4Zj45qgXTHSG5s7FqwNPGQ3 X-Gm-Gg: ASbGncvFo3+w8TIapdgS90YG3JmP8FjZKpzo9bqUbU3dQql6+j3RmovMWmyGl/oFale XF5/+UQjaxbekPd3zufhKT+X7RioqfH7riYt+DcLSZVqeT8qKhhiRN0YqplejsIHIXO/GrDcJyD /Lxx30p4Pd4gBID//1d7fAlqDU8usTEY8499FFQjmhmZ0j6IVU7FBf3NKDxqKXCE03mJ7TgfB8o mWOv9wlc2dyANj63o8/3d51+h4GtKpFnlDRgAAkpYHkWZVqoaladSuP2VGT6m1lDhVftHKsoa+a SIQfoLKevjrlbrRqd8OdOcIgUIfjpuFuEutcbpfPtqaF7RgxV6dAJL3v7mGxmV1mTEn5PVfYeCX e7/nZiRB0 X-Google-Smtp-Source: AGHT+IGtzr/a+KeGEeO3i5LoKbQrMdCo11gyIqKGaj93lQZaUvPjm5cZN08VNsZIo3lAzGz7Wf5UJ12edadY X-Received: by 2002:a17:90b:4c86:b0:341:8ac7:24d3 with SMTP id 98e67ed59e1d1-343fa793c5cmr13084718a91.34.1763369623431; Mon, 17 Nov 2025 00:53:43 -0800 (PST) Received: from postal.iol.unh.edu (postal.iol.unh.edu. [2606:4100:3880:1234::84]) by smtp-relay.gmail.com with ESMTPS id 98e67ed59e1d1-343e07b0c91sm1800446a91.5.2025.11.17.00.53.43 (version=TLS1_2 cipher=ECDHE-ECDSA-AES128-GCM-SHA256 bits=128/128); Mon, 17 Nov 2025 00:53:43 -0800 (PST) X-Relaying-Domain: iol.unh.edu Date: Mon, 17 Nov 2025 00:53:43 -0800 (PST) Message-ID: <691ae297.170a0220.1d162d.a4e4SMTPIN_ADDED_MISSING@mx.google.com> Received: from [172.21.0.5] (unknown [172.18.0.240]) by postal.iol.unh.edu (Postfix) with ESMTP id AF4206051830; Mon, 17 Nov 2025 03:53:42 -0500 (EST) Subject: |FAILURE| pw158844-158845 [PATCH] [2/2] net/mlx5: use private struct From: dpdklab@iol.unh.edu To: Test Report Cc: dpdk-test-reports@iol.unh.edu, Bing Zhao In-Reply-To: <20251117041537.8161-1-bingz@nvidia.com> References: <20251117041537.8161-1-bingz@nvidia.com> Content-Type: text/plain X-BeenThere: test-report@dpdk.org X-Mailman-Version: 2.1.29 Precedence: list List-Id: automatic DPDK test reports List-Unsubscribe: , List-Archive: List-Post: List-Help: List-Subscribe: , Errors-To: test-report-bounces@dpdk.org Test-Label: iol-unit-amd64-testing Test-Status: FAILURE http://dpdk.org/patch/158845 _Testing issues_ Submitter: Bing Zhao Date: Monday, November 17 2025 04:15:37 DPDK git baseline: Repo:dpdk-next-net-mlx Branch: master CommitID:a3f565c41c73db0f965d62c72627980235d4d7e8 158844-158845 --> testing issues Upstream job id: Generic-Unit-Test-DPDK#393585 Test environment and result as below: +-------------------------------+----------------+ | Environment | dpdk_unit_test | +===============================+================+ | Fedora Linux 40 | PEND | +-------------------------------+----------------+ | Fedora Linux 41 | PEND | +-------------------------------+----------------+ | CentOS Stream 10 | WARN | +-------------------------------+----------------+ | Red Hat Enterprise Linux 8.10 | PEND | +-------------------------------+----------------+ | CentOS Stream 9 | PEND | +-------------------------------+----------------+ | Fedora Linux 42 | PEND | +-------------------------------+----------------+ | Ubuntu 22.04 | PEND | +-------------------------------+----------------+ | Ubuntu 24.04 | PEND | +-------------------------------+----------------+ | Ubuntu 20.04 | FAIL | +-------------------------------+----------------+ | Debian GNU/Linux 12 | PEND | +-------------------------------+----------------+ | Red Hat Enterprise Linux 9.5 | PEND | +-------------------------------+----------------+ | Windows Server 2022 | PASS | +-------------------------------+----------------+ ==== Unit test summary for Ubuntu 20.04 (dpdk_unit_test): ==== Failed to get the unit test results. Displaying the unit test results is not supported for some environments, such as our aarch32 testing, where meson is not used to run the tests. Download the logs available on our CI site. ==== End log output ==== Fedora Linux 40 Kernel: 5.15 Compiler: clang gcc (GCC) 14.2.1 20240912 (Red Hat 14.2.1-3) Fedora Linux 41 Kernel: 5.15 Compiler: clang gcc (GCC) 14.3.1 20250523 (Red Hat 14.3.1-1) CentOS Stream 10 Kernel: 5.15 Compiler: gcc gcc (GCC) 14.2.1 20250110 (Red Hat 14.2.1-8) Red Hat Enterprise Linux 8.10 Kernel: 5.15 Compiler: gcc gcc (GCC) 8.5.0 20210514 (Red Hat 8.5.0-22) CentOS Stream 9 Kernel: 5.15 Compiler: gcc gcc (GCC) 11.5.0 20240719 (Red Hat 11.5.0-11) Fedora Linux 42 Kernel: 5.15 Compiler: clang gcc (GCC) 15.2.1 20250808 (Red Hat 15.2.1-1) Ubuntu 22.04 Kernel: 5.15 Compiler: gcc gcc (Ubuntu 11.4.0-1ubuntu1~22.04) 11.4.0 Ubuntu 24.04 Kernel: 5.15 Compiler: gcc gcc (Ubuntu 13.3.0-6ubuntu2~24.04) 13.3.0 Ubuntu 20.04 Kernel: 5.15 Compiler: gcc gcc (Ubuntu 9.4.0-1ubuntu1~20.04.2) 9.4.0 Debian GNU/Linux 12 Kernel: 5.15 Compiler: gcc gcc (Debian 12.2.0-14+deb12u1) 12.2.0 Red Hat Enterprise Linux 9.5 Kernel: 5.15 Compiler: gcc gcc (GCC) 11.5.0 20240719 (Red Hat 11.5.0-2) Windows Server 2022 Kernel: 10.0.20348.2031 Compiler: clang 15.0.7, gcc 14.1.0 (MinGW), and MSVC VS 19.39.33521 To view detailed results, visit: https://lab.dpdk.org/results/dashboard/patchsets/34615/ UNH-IOL DPDK Community Lab To manage your email subscriptions, visit: https://lab.dpdk.org/results/dashboard/preferences/subscriptions/