From mboxrd@z Thu Jan 1 00:00:00 1970 Return-Path: Received: from mails.dpdk.org (mails.dpdk.org [217.70.189.124]) by inbox.dpdk.org (Postfix) with ESMTP id 3A0A148B2D for ; Mon, 17 Nov 2025 09:54:07 +0100 (CET) Received: from mails.dpdk.org (localhost [127.0.0.1]) by mails.dpdk.org (Postfix) with ESMTP id 351494026F; Mon, 17 Nov 2025 09:54:07 +0100 (CET) Received: from mail-io1-f100.google.com (mail-io1-f100.google.com [209.85.166.100]) by mails.dpdk.org (Postfix) with ESMTP id 34ECE4026F for ; Mon, 17 Nov 2025 09:54:06 +0100 (CET) Received: by mail-io1-f100.google.com with SMTP id ca18e2360f4ac-9486d008fdbso183612839f.1 for ; Mon, 17 Nov 2025 00:54:06 -0800 (PST) DKIM-Signature: v=1; a=rsa-sha256; c=relaxed/relaxed; d=iol.unh.edu; s=unh-iol; t=1763369645; x=1763974445; darn=dpdk.org; h=references:in-reply-to:cc:to:from:subject:message-id:date:from:to :cc:subject:date:message-id:reply-to; bh=aHdg1z9FkfFhxnc9qPLLPEhBl4+i5aG/O1FROdm7tpw=; b=MlG7O1+l3AWZh/BBmh3wjFswghDuadTSGFhhbzr8in79q63IlIeqn9S1zpgcCxg28f OmNMZ1HrK3tgrVKn7/nlXVgzAAzNao5Ge3fGB+8vNyPJB8j2OQeRRdCtD9jOGTHVcADh d0aljg3fbWLJzwFFPk4yCXKXTJfKB+qCSF3lg= X-Google-DKIM-Signature: v=1; a=rsa-sha256; c=relaxed/relaxed; d=1e100.net; s=20230601; t=1763369645; x=1763974445; h=references:in-reply-to:cc:to:from:subject:message-id:date:x-gm-gg :x-gm-message-state:from:to:cc:subject:date:message-id:reply-to; bh=aHdg1z9FkfFhxnc9qPLLPEhBl4+i5aG/O1FROdm7tpw=; b=s/pW6sqS2YcsXIanSr0/WU6MAbap4yjmZMw8bHKBg9lLgrn2IQ87jgY5uB9OgtNxnL PnMLwas2oxEhf194jipj+MAQ6Mj9lIY0JZQ3j9RnBX/kQATh+7+go1pZ7O0b2uAcGUH7 JfcvhCoEZfaW2U/gBwUAE7BTPucSgWjnwe2fCOSMT6TDjdB9fzsoTYhs6qICgQ1W8AIe ei86JPa/UWo13KoDNF0Wc5AEDb5/jGWP1igU6ixQR4pq+lzqPjpNXwScp+vBIQsYN+Ea 5TCHqQ8I6K1fqIO/kCnWgtfYK9Oy4cAijniUwv9/+OW4HqH52PAb5jrsgs86+MttsoQG Idpw== X-Gm-Message-State: AOJu0YyInaAMUq9aX0XWzm2vIdToUYIdJnlPX3JaHM+UjoBIMqU23UGT dZ0Yuxq/Nia1Ldlrfwgov3GJvR5w5pTcsmFsf5Dwt5Hjtx23Eyifxcghoq30f6kqC1MGNFPyXBP mCEn4z2NuouG5V/eskQ7bMmL05hc4T2rWbPDp2amychVTQz/8D4N6Za1UuP7N X-Gm-Gg: ASbGncuqyQRG7aQAaZJyq2qR2DLNKe6oHi2szvWYRyFTkQbHiHpSJGDWje9+UY6jiya pmsm+H0DCHlT4Cmt2nw1zYywKhQ5AvvuUj4sWD6WHYtP7sU9Gp5PS6ZLOB1oW8ku7OAnyplt3d4 iziLigldfFqUz1P/q04f3unmN82ud36zdisDjpQRznlhGNIZy/dGu+65nynLfln1Eg2EQIfXI2E dzrUuxL9vy+5iI/S3Dm55funS38RN6NtlCZmIaHYCqaJFVLQAY2LYwd07v+X2foz0lHIfatzUB4 4odqNkJEW+uQo+p2seYagmR/9Q0myo8D+QjmU/3U2gFcZBWQAmXjoMKjg4Sk0cjPgQGmNMkZaI1 JHmIN1Tk/ X-Google-Smtp-Source: AGHT+IEB694JUkiUryRpfYVCK5EwSL1/flJVMPY4ptddIQzd7RAUHOazNOAr4mDqrl3xABho+2RkpPd9G+C5 X-Received: by 2002:a05:6638:2904:b0:5b7:d710:660f with SMTP id 8926c6da1cb9f-5b7d71066a4mr6895457173.10.1763369645521; Mon, 17 Nov 2025 00:54:05 -0800 (PST) Received: from postal.iol.unh.edu (postal.iol.unh.edu. [2606:4100:3880:1234::84]) by smtp-relay.gmail.com with ESMTPS id 8926c6da1cb9f-5b7bd266f39sm857196173.15.2025.11.17.00.54.05 (version=TLS1_2 cipher=ECDHE-ECDSA-AES128-GCM-SHA256 bits=128/128); Mon, 17 Nov 2025 00:54:05 -0800 (PST) X-Relaying-Domain: iol.unh.edu Date: Mon, 17 Nov 2025 00:54:05 -0800 (PST) Message-ID: <691ae2ad.050a0220.3d1d7d.9b24SMTPIN_ADDED_MISSING@mx.google.com> Received: from [172.21.0.3] (unknown [172.18.0.240]) by postal.iol.unh.edu (Postfix) with ESMTP id 1F0696051830; Mon, 17 Nov 2025 03:54:05 -0500 (EST) Subject: |FAILURE| pw158844-158845 [PATCH] [2/2] net/mlx5: use private struct From: dpdklab@iol.unh.edu To: Test Report Cc: dpdk-test-reports@iol.unh.edu, Bing Zhao In-Reply-To: <20251117041537.8161-1-bingz@nvidia.com> References: <20251117041537.8161-1-bingz@nvidia.com> Content-Type: text/plain X-BeenThere: test-report@dpdk.org X-Mailman-Version: 2.1.29 Precedence: list List-Id: automatic DPDK test reports List-Unsubscribe: , List-Archive: List-Post: List-Help: List-Subscribe: , Errors-To: test-report-bounces@dpdk.org Test-Label: iol-unit-amd64-testing Test-Status: FAILURE http://dpdk.org/patch/158845 _Testing issues_ Submitter: Bing Zhao Date: Monday, November 17 2025 04:15:37 DPDK git baseline: Repo:dpdk-next-net-mlx Branch: master CommitID:a3f565c41c73db0f965d62c72627980235d4d7e8 158844-158845 --> testing issues Upstream job id: Generic-Unit-Test-DPDK#393591 Test environment and result as below: +-------------------------------+----------------+ | Environment | dpdk_unit_test | +===============================+================+ | Fedora Linux 40 | PEND | +-------------------------------+----------------+ | Fedora Linux 41 | PEND | +-------------------------------+----------------+ | CentOS Stream 10 | WARN | +-------------------------------+----------------+ | Red Hat Enterprise Linux 8.10 | PEND | +-------------------------------+----------------+ | CentOS Stream 9 | PEND | +-------------------------------+----------------+ | Fedora Linux 42 | PEND | +-------------------------------+----------------+ | Ubuntu 22.04 | PEND | +-------------------------------+----------------+ | Ubuntu 24.04 | PEND | +-------------------------------+----------------+ | Ubuntu 20.04 | FAIL | +-------------------------------+----------------+ | Debian GNU/Linux 12 | PEND | +-------------------------------+----------------+ | Red Hat Enterprise Linux 9.5 | PEND | +-------------------------------+----------------+ | Windows Server 2022 | PASS | +-------------------------------+----------------+ ==== Unit test summary for Ubuntu 20.04 (dpdk_unit_test): ==== Failed to get the unit test results. Displaying the unit test results is not supported for some environments, such as our aarch32 testing, where meson is not used to run the tests. Download the logs available on our CI site. ==== End log output ==== Fedora Linux 40 Kernel: 5.15 Compiler: clang gcc (GCC) 14.2.1 20240912 (Red Hat 14.2.1-3) Fedora Linux 41 Kernel: 5.15 Compiler: clang gcc (GCC) 14.3.1 20250523 (Red Hat 14.3.1-1) CentOS Stream 10 Kernel: 5.15 Compiler: gcc gcc (GCC) 14.2.1 20250110 (Red Hat 14.2.1-8) Red Hat Enterprise Linux 8.10 Kernel: 5.15 Compiler: gcc gcc (GCC) 8.5.0 20210514 (Red Hat 8.5.0-22) CentOS Stream 9 Kernel: 5.15 Compiler: gcc gcc (GCC) 11.5.0 20240719 (Red Hat 11.5.0-11) Fedora Linux 42 Kernel: 5.15 Compiler: clang gcc (GCC) 15.2.1 20250808 (Red Hat 15.2.1-1) Ubuntu 22.04 Kernel: 5.15 Compiler: gcc gcc (Ubuntu 11.4.0-1ubuntu1~22.04) 11.4.0 Ubuntu 24.04 Kernel: 5.15 Compiler: gcc gcc (Ubuntu 13.3.0-6ubuntu2~24.04) 13.3.0 Ubuntu 20.04 Kernel: 5.15 Compiler: gcc gcc (Ubuntu 9.4.0-1ubuntu1~20.04.2) 9.4.0 Debian GNU/Linux 12 Kernel: 5.15 Compiler: gcc gcc (Debian 12.2.0-14+deb12u1) 12.2.0 Red Hat Enterprise Linux 9.5 Kernel: 5.15 Compiler: gcc gcc (GCC) 11.5.0 20240719 (Red Hat 11.5.0-2) Windows Server 2022 Kernel: 10.0.20348.2031 Compiler: clang 15.0.7, gcc 14.1.0 (MinGW), and MSVC VS 19.39.33521 To view detailed results, visit: https://lab.dpdk.org/results/dashboard/patchsets/34615/ UNH-IOL DPDK Community Lab To manage your email subscriptions, visit: https://lab.dpdk.org/results/dashboard/preferences/subscriptions/