From mboxrd@z Thu Jan 1 00:00:00 1970 Return-Path: Received: from mails.dpdk.org (mails.dpdk.org [217.70.189.124]) by inbox.dpdk.org (Postfix) with ESMTP id 6B80E48B2D for ; Mon, 17 Nov 2025 09:55:04 +0100 (CET) Received: from mails.dpdk.org (localhost [127.0.0.1]) by mails.dpdk.org (Postfix) with ESMTP id 678C64026F; Mon, 17 Nov 2025 09:55:04 +0100 (CET) Received: from mail-io1-f98.google.com (mail-io1-f98.google.com [209.85.166.98]) by mails.dpdk.org (Postfix) with ESMTP id BEE434026F for ; Mon, 17 Nov 2025 09:55:03 +0100 (CET) Received: by mail-io1-f98.google.com with SMTP id ca18e2360f4ac-9490b441c3bso23828439f.0 for ; Mon, 17 Nov 2025 00:55:03 -0800 (PST) DKIM-Signature: v=1; a=rsa-sha256; c=relaxed/relaxed; d=iol.unh.edu; s=unh-iol; t=1763369703; x=1763974503; darn=dpdk.org; h=references:in-reply-to:cc:to:from:subject:message-id:date:from:to :cc:subject:date:message-id:reply-to; bh=ZV8WOCpy+FTUJHzKxceo7L2NvD3Lfgmmzl937a0isq4=; b=ffNCuF7xcBbKh6Rr3SawuNii+HDXin7fe/MeSfzJEWZN/VtdvQkJgIc+zgTKr5/DOq /lUXIC0TnnnK6Ps+Elj42gH5VCkocYd1ScAa7VCXxeKlw/+zu8pmNHTOPz2GtnQIiOTd jzz1m8txX/AGTJwVz2RjJur4glVbrPaZTGp1k= X-Google-DKIM-Signature: v=1; a=rsa-sha256; c=relaxed/relaxed; d=1e100.net; s=20230601; t=1763369703; x=1763974503; h=references:in-reply-to:cc:to:from:subject:message-id:date:x-gm-gg :x-gm-message-state:from:to:cc:subject:date:message-id:reply-to; bh=ZV8WOCpy+FTUJHzKxceo7L2NvD3Lfgmmzl937a0isq4=; b=CCao7x7SjrsXkds1D84EeauXC5NT75w7ak6x7vBHp/NklzZ21BSbC0SOPOfbwYgilY zFYb/QG37O0drY1OODdNx5mkpX2FHB1KaLANETKbNrqBYwJdRKhjCn4UnVwIep6Mh8pZ zDqgv4qXAcsUAZus1H6HoUvzrRWcYDD13ark18OKlR5HO8srrAwinXQjeT7jz3gBOoJg ryek8bAPJ+EDWwO8r7Cavq3K9FcblX2SuSbAWIxrlWVtPpU0NHihbvlWbLLYIMc4YNAE o6Sg9namE+1UEpEczDCat1GWVQl+9OmeS18oFL7RAEgX25HsYeBynw5SJnx5PHPO4szS OXww== X-Gm-Message-State: AOJu0Ywt1GkwZlRJUc8mIhEEBxjR6iACHFaWYIr54/4A/9AEGikeJCrU OCKJMs7AWWW1TNcP3UR795P739V6GOszCeBll3QWBDGhKRYNpdc4mrOdTN6rrMYYmkAp+tnTziz qYr2qZ/xCOZmprSV/L93Qkx83lqVIXPEdLZ6RpS9RPnqf9VKJgDkf/BYv0FQ2 X-Gm-Gg: ASbGncsQOpCMe2IGAmBHgW0kChSweyjmtTGHsjbk3qn/89e4SDRB0446ugRM5sSkQpj xB19EvM8+3PZhGeD0oESi6aFkV7aLpdYR2HilPSGOIO46YxyFjx7wHMT3spcZxW8L4pBfUAqf/1 gPFRnRfma1Gh4Os5F8HolE1Yj99gvIG3Eed1c+FhIqhedCrAPErKJMYLXnbUFhm4AueKxj9cg9c gNOx6oE9r44jt6Jj8Q62ns5OYL0ECIrorgLedriy/gbtXh1EDRHHYslU2B5tEq096qfnIYfV2TW wyMAqMq1VyFvRJ0QKefbKWJexy+dEBepRFE7HZPJ/XVmKFVO48xHjGfEXVlLnxf+0b/jZmHzky4 FPLrlyR7C X-Google-Smtp-Source: AGHT+IFbQpTjp2175mXakt6AwIP0HNAtiwaOEJhtjRBk/InSQwzqhmV11pQJErLEbESG/xRGuFwWy43hagt/ X-Received: by 2002:a05:6638:204c:b0:5ac:2ae1:30d3 with SMTP id 8926c6da1cb9f-5b7c9df8ce7mr8710471173.18.1763369703040; Mon, 17 Nov 2025 00:55:03 -0800 (PST) Received: from postal.iol.unh.edu (postal.iol.unh.edu. [2606:4100:3880:1234::84]) by smtp-relay.gmail.com with ESMTPS id 8926c6da1cb9f-5b7bd2667b5sm810656173.9.2025.11.17.00.55.02 (version=TLS1_2 cipher=ECDHE-ECDSA-AES128-GCM-SHA256 bits=128/128); Mon, 17 Nov 2025 00:55:03 -0800 (PST) X-Relaying-Domain: iol.unh.edu Date: Mon, 17 Nov 2025 00:55:03 -0800 (PST) Message-ID: <691ae2e7.050a0220.3a45ef.92e1SMTPIN_ADDED_MISSING@mx.google.com> Received: from [172.21.0.2] (unknown [172.18.0.240]) by postal.iol.unh.edu (Postfix) with ESMTP id 9A08F6051830; Mon, 17 Nov 2025 03:55:02 -0500 (EST) Subject: |FAILURE| pw158844-158845 [PATCH] [2/2] net/mlx5: use private struct From: dpdklab@iol.unh.edu To: Test Report Cc: dpdk-test-reports@iol.unh.edu, Bing Zhao In-Reply-To: <20251117041537.8161-1-bingz@nvidia.com> References: <20251117041537.8161-1-bingz@nvidia.com> Content-Type: text/plain X-BeenThere: test-report@dpdk.org X-Mailman-Version: 2.1.29 Precedence: list List-Id: automatic DPDK test reports List-Unsubscribe: , List-Archive: List-Post: List-Help: List-Subscribe: , Errors-To: test-report-bounces@dpdk.org Test-Label: iol-unit-amd64-testing Test-Status: FAILURE http://dpdk.org/patch/158845 _Testing issues_ Submitter: Bing Zhao Date: Monday, November 17 2025 04:15:37 DPDK git baseline: Repo:dpdk-next-net-mlx Branch: master CommitID:a3f565c41c73db0f965d62c72627980235d4d7e8 158844-158845 --> testing issues Upstream job id: Generic-Unit-Test-DPDK#393583 Test environment and result as below: +-------------------------------+----------------+ | Environment | dpdk_unit_test | +===============================+================+ | Fedora Linux 40 | PEND | +-------------------------------+----------------+ | Fedora Linux 41 | PEND | +-------------------------------+----------------+ | CentOS Stream 10 | WARN | +-------------------------------+----------------+ | Red Hat Enterprise Linux 8.10 | PEND | +-------------------------------+----------------+ | CentOS Stream 9 | WARN | +-------------------------------+----------------+ | Fedora Linux 42 | PEND | +-------------------------------+----------------+ | Ubuntu 22.04 | PEND | +-------------------------------+----------------+ | Ubuntu 24.04 | PEND | +-------------------------------+----------------+ | Ubuntu 20.04 | FAIL | +-------------------------------+----------------+ | Debian GNU/Linux 12 | PEND | +-------------------------------+----------------+ | Red Hat Enterprise Linux 9.5 | PEND | +-------------------------------+----------------+ | Windows Server 2022 | PASS | +-------------------------------+----------------+ ==== Unit test summary for Ubuntu 20.04 (dpdk_unit_test): ==== Failed to get the unit test results. Displaying the unit test results is not supported for some environments, such as our aarch32 testing, where meson is not used to run the tests. Download the logs available on our CI site. ==== End log output ==== Fedora Linux 40 Kernel: 5.15 Compiler: clang gcc (GCC) 14.2.1 20240912 (Red Hat 14.2.1-3) Fedora Linux 41 Kernel: 5.15 Compiler: clang gcc (GCC) 14.3.1 20250523 (Red Hat 14.3.1-1) CentOS Stream 10 Kernel: 5.15 Compiler: gcc gcc (GCC) 14.2.1 20250110 (Red Hat 14.2.1-8) Red Hat Enterprise Linux 8.10 Kernel: 5.15 Compiler: gcc gcc (GCC) 8.5.0 20210514 (Red Hat 8.5.0-22) CentOS Stream 9 Kernel: 5.15 Compiler: gcc gcc (GCC) 11.5.0 20240719 (Red Hat 11.5.0-11) Fedora Linux 42 Kernel: 5.15 Compiler: clang gcc (GCC) 15.2.1 20250808 (Red Hat 15.2.1-1) Ubuntu 22.04 Kernel: 5.15 Compiler: gcc gcc (Ubuntu 11.4.0-1ubuntu1~22.04) 11.4.0 Ubuntu 24.04 Kernel: 5.15 Compiler: gcc gcc (Ubuntu 13.3.0-6ubuntu2~24.04) 13.3.0 Ubuntu 20.04 Kernel: 5.15 Compiler: gcc gcc (Ubuntu 9.4.0-1ubuntu1~20.04.2) 9.4.0 Debian GNU/Linux 12 Kernel: 5.15 Compiler: gcc gcc (Debian 12.2.0-14+deb12u1) 12.2.0 Red Hat Enterprise Linux 9.5 Kernel: 5.15 Compiler: gcc gcc (GCC) 11.5.0 20240719 (Red Hat 11.5.0-2) Windows Server 2022 Kernel: 10.0.20348.2031 Compiler: clang 15.0.7, gcc 14.1.0 (MinGW), and MSVC VS 19.39.33521 To view detailed results, visit: https://lab.dpdk.org/results/dashboard/patchsets/34615/ UNH-IOL DPDK Community Lab To manage your email subscriptions, visit: https://lab.dpdk.org/results/dashboard/preferences/subscriptions/