From: dpdklab@iol.unh.edu
To: Test Report <test-report@dpdk.org>
Cc: dpdk-test-reports@iol.unh.edu, Bing Zhao <bingz@nvidia.com>
Subject: |FAILURE| pw158844-158845 [PATCH] [2/2] net/mlx5: use private struct
Date: Mon, 17 Nov 2025 00:56:02 -0800 (PST) [thread overview]
Message-ID: <691ae322.050a0220.11f658.07f9SMTPIN_ADDED_MISSING@mx.google.com> (raw)
In-Reply-To: <20251117041537.8161-1-bingz@nvidia.com>
Test-Label: iol-unit-amd64-testing
Test-Status: FAILURE
http://dpdk.org/patch/158845
_Testing issues_
Submitter: Bing Zhao <bingz@nvidia.com>
Date: Monday, November 17 2025 04:15:37
DPDK git baseline: Repo:dpdk-next-net-mlx
Branch: master
CommitID:a3f565c41c73db0f965d62c72627980235d4d7e8
158844-158845 --> testing issues
Upstream job id: Generic-Unit-Test-DPDK#393601
Test environment and result as below:
+-------------------------------+----------------+
| Environment | dpdk_unit_test |
+===============================+================+
| Fedora Linux 40 | PEND |
+-------------------------------+----------------+
| Fedora Linux 41 | PEND |
+-------------------------------+----------------+
| CentOS Stream 10 | WARN |
+-------------------------------+----------------+
| Red Hat Enterprise Linux 8.10 | WARN |
+-------------------------------+----------------+
| CentOS Stream 9 | WARN |
+-------------------------------+----------------+
| Fedora Linux 42 | PEND |
+-------------------------------+----------------+
| Ubuntu 22.04 | PEND |
+-------------------------------+----------------+
| Ubuntu 24.04 | PEND |
+-------------------------------+----------------+
| Ubuntu 20.04 | FAIL |
+-------------------------------+----------------+
| Debian GNU/Linux 12 | PEND |
+-------------------------------+----------------+
| Red Hat Enterprise Linux 9.5 | PEND |
+-------------------------------+----------------+
| Windows Server 2022 | PASS |
+-------------------------------+----------------+
==== Unit test summary for Ubuntu 20.04 (dpdk_unit_test): ====
Failed to get the unit test results.
Displaying the unit test results is not supported for some environments,
such as our aarch32 testing, where meson is not used to run the tests.
Download the logs available on our CI site.
==== End log output ====
Fedora Linux 40
Kernel: 5.15
Compiler: clang gcc (GCC) 14.2.1 20240912 (Red Hat 14.2.1-3)
Fedora Linux 41
Kernel: 5.15
Compiler: clang gcc (GCC) 14.3.1 20250523 (Red Hat 14.3.1-1)
CentOS Stream 10
Kernel: 5.15
Compiler: gcc gcc (GCC) 14.2.1 20250110 (Red Hat 14.2.1-8)
Red Hat Enterprise Linux 8.10
Kernel: 5.15
Compiler: gcc gcc (GCC) 8.5.0 20210514 (Red Hat 8.5.0-22)
CentOS Stream 9
Kernel: 5.15
Compiler: gcc gcc (GCC) 11.5.0 20240719 (Red Hat 11.5.0-11)
Fedora Linux 42
Kernel: 5.15
Compiler: clang gcc (GCC) 15.2.1 20250808 (Red Hat 15.2.1-1)
Ubuntu 22.04
Kernel: 5.15
Compiler: gcc gcc (Ubuntu 11.4.0-1ubuntu1~22.04) 11.4.0
Ubuntu 24.04
Kernel: 5.15
Compiler: gcc gcc (Ubuntu 13.3.0-6ubuntu2~24.04) 13.3.0
Ubuntu 20.04
Kernel: 5.15
Compiler: gcc gcc (Ubuntu 9.4.0-1ubuntu1~20.04.2) 9.4.0
Debian GNU/Linux 12
Kernel: 5.15
Compiler: gcc gcc (Debian 12.2.0-14+deb12u1) 12.2.0
Red Hat Enterprise Linux 9.5
Kernel: 5.15
Compiler: gcc gcc (GCC) 11.5.0 20240719 (Red Hat 11.5.0-2)
Windows Server 2022
Kernel: 10.0.20348.2031
Compiler: clang 15.0.7, gcc 14.1.0 (MinGW), and MSVC VS 19.39.33521
To view detailed results, visit:
https://lab.dpdk.org/results/dashboard/patchsets/34615/
UNH-IOL DPDK Community Lab
To manage your email subscriptions, visit:
https://lab.dpdk.org/results/dashboard/preferences/subscriptions/
next prev parent reply other threads:[~2025-11-17 8:56 UTC|newest]
Thread overview: 28+ messages / expand[flat|nested] mbox.gz Atom feed top
[not found] <20251117041537.8161-1-bingz@nvidia.com>
2025-11-17 3:41 ` |SUCCESS| pw158844-158845 [PATCH 2/2] net/mlx5: use private structure for internal tag item qemudev
2025-11-17 3:46 ` qemudev
2025-11-17 4:16 ` |SUCCESS| pw158845 " checkpatch
2025-11-17 4:50 ` |FAILURE| " 0-day Robot
2025-11-17 5:48 ` |FAILURE| pw158844-158845 [PATCH] [2/2] net/mlx5: use private struct dpdklab
2025-11-17 5:49 ` dpdklab
2025-11-17 5:56 ` |SUCCESS| " dpdklab
2025-11-17 6:12 ` |FAILURE| " dpdklab
2025-11-17 6:48 ` |PENDING| " dpdklab
2025-11-17 6:49 ` dpdklab
2025-11-17 6:50 ` |FAILURE| " dpdklab
2025-11-17 6:51 ` |PENDING| " dpdklab
2025-11-17 7:57 ` |WARNING| " dpdklab
2025-11-17 8:25 ` |FAILURE| " dpdklab
2025-11-17 8:53 ` dpdklab
2025-11-17 8:54 ` dpdklab
2025-11-17 8:55 ` dpdklab
2025-11-17 8:56 ` dpdklab [this message]
2025-11-17 8:59 ` dpdklab
2025-11-17 8:59 ` dpdklab
2025-11-17 9:00 ` dpdklab
2025-11-17 9:01 ` dpdklab
2025-11-17 9:02 ` dpdklab
2025-11-17 9:03 ` dpdklab
2025-11-17 9:03 ` dpdklab
2025-11-17 9:09 ` dpdklab
2025-11-17 10:10 ` dpdklab
2025-11-17 10:24 ` |WARNING| " dpdklab
Reply instructions:
You may reply publicly to this message via plain-text email
using any one of the following methods:
* Save the following mbox file, import it into your mail client,
and reply-to-all from there: mbox
Avoid top-posting and favor interleaved quoting:
https://en.wikipedia.org/wiki/Posting_style#Interleaved_style
* Reply using the --to, --cc, and --in-reply-to
switches of git-send-email(1):
git send-email \
--in-reply-to=691ae322.050a0220.11f658.07f9SMTPIN_ADDED_MISSING@mx.google.com \
--to=dpdklab@iol.unh.edu \
--cc=bingz@nvidia.com \
--cc=dpdk-test-reports@iol.unh.edu \
--cc=test-report@dpdk.org \
/path/to/YOUR_REPLY
https://kernel.org/pub/software/scm/git/docs/git-send-email.html
* If your mail client supports setting the In-Reply-To header
via mailto: links, try the mailto: link
Be sure your reply has a Subject: header at the top and a blank line
before the message body.
This is a public inbox, see mirroring instructions
for how to clone and mirror all data and code used for this inbox;
as well as URLs for NNTP newsgroup(s).