From mboxrd@z Thu Jan 1 00:00:00 1970 Return-Path: Received: from mails.dpdk.org (mails.dpdk.org [217.70.189.124]) by inbox.dpdk.org (Postfix) with ESMTP id 87B0948B2D for ; Mon, 17 Nov 2025 09:56:04 +0100 (CET) Received: from mails.dpdk.org (localhost [127.0.0.1]) by mails.dpdk.org (Postfix) with ESMTP id 8238A4026F; Mon, 17 Nov 2025 09:56:04 +0100 (CET) Received: from mail-yw1-f227.google.com (mail-yw1-f227.google.com [209.85.128.227]) by mails.dpdk.org (Postfix) with ESMTP id 558C94026F for ; Mon, 17 Nov 2025 09:56:03 +0100 (CET) Received: by mail-yw1-f227.google.com with SMTP id 00721157ae682-787eb2d86bfso39369007b3.2 for ; Mon, 17 Nov 2025 00:56:03 -0800 (PST) DKIM-Signature: v=1; a=rsa-sha256; c=relaxed/relaxed; d=iol.unh.edu; s=unh-iol; t=1763369762; x=1763974562; darn=dpdk.org; h=references:in-reply-to:cc:to:from:subject:message-id:date:from:to :cc:subject:date:message-id:reply-to; bh=3qmaG2zIcxO8cPt7/y8x/QdPtskpMsOQcCvJ3fJuOOE=; b=QEKacbwXbgSUmFqs0fUrJtkY8tZjzlFO5pjMFRmgjYSMiOxxKSf1Yr5hWpwBdcvzDc syvvyaMeWqUXDEgKMPuMhCQylG88dPLZ16/qmaoIcqT6mZ3zTnFOgfcLc8pYlCA9K5Y6 6d6wELtcKSDmBLUJvExPdXBuM65AcIOBZ17Uw= X-Google-DKIM-Signature: v=1; a=rsa-sha256; c=relaxed/relaxed; d=1e100.net; s=20230601; t=1763369762; x=1763974562; h=references:in-reply-to:cc:to:from:subject:message-id:date:x-gm-gg :x-gm-message-state:from:to:cc:subject:date:message-id:reply-to; bh=3qmaG2zIcxO8cPt7/y8x/QdPtskpMsOQcCvJ3fJuOOE=; b=GYvRE4gJUEQzuPXDZzA4Y2RcdRE0yaoCefQb10VKKW22Om/RjSzWSwrcVuR72fsb91 EsygyiNIWDrIWR18tkbv8CZMGSwYMnNj1xZoafEMTlT+MhmYOybJm6aBJVf4O1YajchM JPLCVcyOL/j8hkSX99tPUWmAA6/mwReirJznTA79blWfdD/H5qd4vNFnUpejd29NhM6O KtmZ/Oe0iPbXs25W3wr73Aiinozn7lbcBU84K0/0wvTrnVs0dEyygzQluaqV4vzOtsOQ c7sY++OxbZEAzHayVNtxz3ppMXlhjXqhNheDyRy52XPVSD9XNDnDxrftqv9iKbUqbveB w5og== X-Gm-Message-State: AOJu0YwliN8wCcw+rRQdUEWxpfHLCcK8WBB6R5j7CyeMExACQme/tHId dcPy1OUSeuR0pfw0SuqWLvyPj7I2ZyMbLaM7WuqZD9OO6oReygaYaa7fn/VKd69og+ANQCaUdy/ sF1gSB73suHnCa7dgCYaiLTfCLj+61zqDHjMRsBd+m1WOAL1vWOLS58XAziyj X-Gm-Gg: ASbGnctA1rujTgIqYaYzfn/vhj0MyDm8LSntztgL6H0VuKn8Pv3aWqeY5giJsXitC+y eZuMShzOVppb/HLvgjOV1XdGcSenOqFbCLib01KcT7NLKQrrr9F+nzVdk1EmIFJqC2k/m8W/NdD tqIapG+ocsn+3nrVJmAT0yEmA0DpCUvE8E1wed+vugUu7DlJCDauT6z11aZvSXtbmapm2PvD8bj Rgc47Pj4rSfho4IDdBvnEb0lzyUV8HkoAcCFQrfC5OM+sd8a7mcir9xsCBmQP9rhQnWpkNFjkDv uc+xr9xFjR4XGNV4prxz21JjYjmsePk0XQqU6b+RTEWhXxsdiUiyAyPzhRwiQxe252xA5VN/iu4 4fEw4/FuF X-Google-Smtp-Source: AGHT+IEaXEMH8poU7rlVjcIXRjTCMmf7FMFeYmFIwPENQ1ClUQfSFFlJBPJd2U/ij/Ze3Oz9NTyOPzFcQeKI X-Received: by 2002:a05:690c:4441:b0:781:64f:3132 with SMTP id 00721157ae682-78929f29e11mr100439387b3.64.1763369762665; Mon, 17 Nov 2025 00:56:02 -0800 (PST) Received: from postal.iol.unh.edu (postal.iol.unh.edu. [2606:4100:3880:1234::84]) by smtp-relay.gmail.com with ESMTPS id 00721157ae682-78821fc07ccsm6611077b3.26.2025.11.17.00.56.02 (version=TLS1_2 cipher=ECDHE-ECDSA-AES128-GCM-SHA256 bits=128/128); Mon, 17 Nov 2025 00:56:02 -0800 (PST) X-Relaying-Domain: iol.unh.edu Date: Mon, 17 Nov 2025 00:56:02 -0800 (PST) Message-ID: <691ae322.050a0220.11f658.07f9SMTPIN_ADDED_MISSING@mx.google.com> Received: from [172.21.0.3] (unknown [172.18.0.240]) by postal.iol.unh.edu (Postfix) with ESMTP id 536EE6051830; Mon, 17 Nov 2025 03:56:02 -0500 (EST) Subject: |FAILURE| pw158844-158845 [PATCH] [2/2] net/mlx5: use private struct From: dpdklab@iol.unh.edu To: Test Report Cc: dpdk-test-reports@iol.unh.edu, Bing Zhao In-Reply-To: <20251117041537.8161-1-bingz@nvidia.com> References: <20251117041537.8161-1-bingz@nvidia.com> Content-Type: text/plain X-BeenThere: test-report@dpdk.org X-Mailman-Version: 2.1.29 Precedence: list List-Id: automatic DPDK test reports List-Unsubscribe: , List-Archive: List-Post: List-Help: List-Subscribe: , Errors-To: test-report-bounces@dpdk.org Test-Label: iol-unit-amd64-testing Test-Status: FAILURE http://dpdk.org/patch/158845 _Testing issues_ Submitter: Bing Zhao Date: Monday, November 17 2025 04:15:37 DPDK git baseline: Repo:dpdk-next-net-mlx Branch: master CommitID:a3f565c41c73db0f965d62c72627980235d4d7e8 158844-158845 --> testing issues Upstream job id: Generic-Unit-Test-DPDK#393601 Test environment and result as below: +-------------------------------+----------------+ | Environment | dpdk_unit_test | +===============================+================+ | Fedora Linux 40 | PEND | +-------------------------------+----------------+ | Fedora Linux 41 | PEND | +-------------------------------+----------------+ | CentOS Stream 10 | WARN | +-------------------------------+----------------+ | Red Hat Enterprise Linux 8.10 | WARN | +-------------------------------+----------------+ | CentOS Stream 9 | WARN | +-------------------------------+----------------+ | Fedora Linux 42 | PEND | +-------------------------------+----------------+ | Ubuntu 22.04 | PEND | +-------------------------------+----------------+ | Ubuntu 24.04 | PEND | +-------------------------------+----------------+ | Ubuntu 20.04 | FAIL | +-------------------------------+----------------+ | Debian GNU/Linux 12 | PEND | +-------------------------------+----------------+ | Red Hat Enterprise Linux 9.5 | PEND | +-------------------------------+----------------+ | Windows Server 2022 | PASS | +-------------------------------+----------------+ ==== Unit test summary for Ubuntu 20.04 (dpdk_unit_test): ==== Failed to get the unit test results. Displaying the unit test results is not supported for some environments, such as our aarch32 testing, where meson is not used to run the tests. Download the logs available on our CI site. ==== End log output ==== Fedora Linux 40 Kernel: 5.15 Compiler: clang gcc (GCC) 14.2.1 20240912 (Red Hat 14.2.1-3) Fedora Linux 41 Kernel: 5.15 Compiler: clang gcc (GCC) 14.3.1 20250523 (Red Hat 14.3.1-1) CentOS Stream 10 Kernel: 5.15 Compiler: gcc gcc (GCC) 14.2.1 20250110 (Red Hat 14.2.1-8) Red Hat Enterprise Linux 8.10 Kernel: 5.15 Compiler: gcc gcc (GCC) 8.5.0 20210514 (Red Hat 8.5.0-22) CentOS Stream 9 Kernel: 5.15 Compiler: gcc gcc (GCC) 11.5.0 20240719 (Red Hat 11.5.0-11) Fedora Linux 42 Kernel: 5.15 Compiler: clang gcc (GCC) 15.2.1 20250808 (Red Hat 15.2.1-1) Ubuntu 22.04 Kernel: 5.15 Compiler: gcc gcc (Ubuntu 11.4.0-1ubuntu1~22.04) 11.4.0 Ubuntu 24.04 Kernel: 5.15 Compiler: gcc gcc (Ubuntu 13.3.0-6ubuntu2~24.04) 13.3.0 Ubuntu 20.04 Kernel: 5.15 Compiler: gcc gcc (Ubuntu 9.4.0-1ubuntu1~20.04.2) 9.4.0 Debian GNU/Linux 12 Kernel: 5.15 Compiler: gcc gcc (Debian 12.2.0-14+deb12u1) 12.2.0 Red Hat Enterprise Linux 9.5 Kernel: 5.15 Compiler: gcc gcc (GCC) 11.5.0 20240719 (Red Hat 11.5.0-2) Windows Server 2022 Kernel: 10.0.20348.2031 Compiler: clang 15.0.7, gcc 14.1.0 (MinGW), and MSVC VS 19.39.33521 To view detailed results, visit: https://lab.dpdk.org/results/dashboard/patchsets/34615/ UNH-IOL DPDK Community Lab To manage your email subscriptions, visit: https://lab.dpdk.org/results/dashboard/preferences/subscriptions/