From mboxrd@z Thu Jan 1 00:00:00 1970 Return-Path: Received: from mails.dpdk.org (mails.dpdk.org [217.70.189.124]) by inbox.dpdk.org (Postfix) with ESMTP id 2A08848B2D for ; Mon, 17 Nov 2025 09:59:17 +0100 (CET) Received: from mails.dpdk.org (localhost [127.0.0.1]) by mails.dpdk.org (Postfix) with ESMTP id 25D28427A5; Mon, 17 Nov 2025 09:59:17 +0100 (CET) Received: from mail-pl1-f228.google.com (mail-pl1-f228.google.com [209.85.214.228]) by mails.dpdk.org (Postfix) with ESMTP id 63BD64026F for ; Mon, 17 Nov 2025 09:59:08 +0100 (CET) Received: by mail-pl1-f228.google.com with SMTP id d9443c01a7336-29568d93e87so36127785ad.2 for ; Mon, 17 Nov 2025 00:59:08 -0800 (PST) DKIM-Signature: v=1; a=rsa-sha256; c=relaxed/relaxed; d=iol.unh.edu; s=unh-iol; t=1763369947; x=1763974747; darn=dpdk.org; h=references:in-reply-to:cc:to:from:subject:message-id:date:from:to :cc:subject:date:message-id:reply-to; bh=x4BwMz2IVu98xjeoR4LJFV+wvwWxa6ktTO/H24WqaIs=; b=Wp3xSzJRwISkSwiYkggGvW3Kf1h54NRjBoDfnMCZ9ngn1M81Brdjtmfr5y/8q4kn+D 0q+kXE5QvJB/a5Jm+tejuffrgNsHFkWLR5U6tWWPZwqcP6rDb3ByAEfFBmIE61c027+F A17NtceD/FLEK8pmfSPq4wFBLfwSooD1Frry4= X-Google-DKIM-Signature: v=1; a=rsa-sha256; c=relaxed/relaxed; d=1e100.net; s=20230601; t=1763369947; x=1763974747; h=references:in-reply-to:cc:to:from:subject:message-id:date:x-gm-gg :x-gm-message-state:from:to:cc:subject:date:message-id:reply-to; bh=x4BwMz2IVu98xjeoR4LJFV+wvwWxa6ktTO/H24WqaIs=; b=WZ6T9/LdAgz3FqOeK+eWVESq5s/99tU6PQ5Q3WCPsz8dATIvWNfJUvQqhsbxfAbtkF s/f2lFb5c26pAf9hFBr2rx3tp1drdF/V81dfujhe0aVaxv+NaIfWuGKIsfbGhphe7Jpm QNxwNFszIF/5ZEoBS0if8YvbpdUItFLe7aAANO6jR0y3PM6qwHfhhUG4F2TBzCJNFDJu wqO1Zj+5Rnokm7Tb+pGV08DQai+stqYbj1MKewvx+A+cZz7WsiOB+oi7KYBtg0kUiR2U cxn8Nm2Tl7wdUlko5oikoqifEMqpXwQdDz8FNB480hTjpTAhmht1RjzcjjYbumwuczCY 0WuQ== X-Gm-Message-State: AOJu0YyW5llaQTzIplEsNvzrIj8BsWRWv981v9wL4pmYgIuhLS7otT+p Wa/w6e0e095hhhc+v17d8U8j/tlQDu69eX8XX2fs7y4pncEXtlz12rZTUYZsFz4zRx1wWtUbkwZ /ii1HLRb4eI6Gyl5cjvbFB5whgvWOu65LWrxESzHZC+KtsGSnRQ55PsBWbM40 X-Gm-Gg: ASbGncvqYX2ueCdNneEySzH6PzpRiZduCW1RtanTpfC2XtEYzgO6sJMOBqmNUX/D6gx AtsI1AH1/CHUJu0Ia1o1PY3QhaBivGYvZGfSdkwq/Ye9TT8Ps+KtRkqRc2rNpY0OzCzfox5+9lv 4BjAobpDYNkNBsd0aTxPZ+Fk2FFb8w+nX7AItFATYJ6n5FAzmqzvNIWrzdRc1SbV9MqDbIb6k6J JPMux52rMvHsqR0fhbDmuWMKHvTl46LWfcPgb2BoKB6GJXrnqMXvjrB/H1fGsmoie31QNkaeMb7 NGPDLaIdABkbVoC86qDGQ0O6ROQmBOM2/so5f+voip72GCMeg0wesOCj8EmW58Aj7UCyH+fEqWR qDtiA2J6Z X-Google-Smtp-Source: AGHT+IEdMM5JAbtpnKHn7OA1mWHtk0mn/bJVwcrCFHeHcMr32sTVawJtj06ez0YyLiLuMTp3cwgO1joxefBO X-Received: by 2002:a17:903:1a2f:b0:27c:56af:88ea with SMTP id d9443c01a7336-2986a76bce4mr120344315ad.60.1763369947551; Mon, 17 Nov 2025 00:59:07 -0800 (PST) Received: from postal.iol.unh.edu (postal.iol.unh.edu. [2606:4100:3880:1234::84]) by smtp-relay.gmail.com with ESMTPS id d9443c01a7336-2985c2b88efsm14507885ad.54.2025.11.17.00.59.07 (version=TLS1_2 cipher=ECDHE-ECDSA-AES128-GCM-SHA256 bits=128/128); Mon, 17 Nov 2025 00:59:07 -0800 (PST) X-Relaying-Domain: iol.unh.edu Date: Mon, 17 Nov 2025 00:59:07 -0800 (PST) Message-ID: <691ae3db.170a0220.44026.a555SMTPIN_ADDED_MISSING@mx.google.com> Received: from [172.21.0.12] (unknown [172.18.0.240]) by postal.iol.unh.edu (Postfix) with ESMTP id B8E2E6051830; Mon, 17 Nov 2025 03:59:06 -0500 (EST) Subject: |FAILURE| pw158844-158845 [PATCH] [2/2] net/mlx5: use private struct From: dpdklab@iol.unh.edu To: Test Report Cc: dpdk-test-reports@iol.unh.edu, Bing Zhao In-Reply-To: <20251117041537.8161-1-bingz@nvidia.com> References: <20251117041537.8161-1-bingz@nvidia.com> Content-Type: text/plain X-BeenThere: test-report@dpdk.org X-Mailman-Version: 2.1.29 Precedence: list List-Id: automatic DPDK test reports List-Unsubscribe: , List-Archive: List-Post: List-Help: List-Subscribe: , Errors-To: test-report-bounces@dpdk.org Test-Label: iol-unit-amd64-testing Test-Status: FAILURE http://dpdk.org/patch/158845 _Testing issues_ Submitter: Bing Zhao Date: Monday, November 17 2025 04:15:37 DPDK git baseline: Repo:dpdk-next-net-mlx Branch: master CommitID:a3f565c41c73db0f965d62c72627980235d4d7e8 158844-158845 --> testing issues Upstream job id: Generic-Unit-Test-DPDK#393597 Test environment and result as below: +-------------------------------+----------------+ | Environment | dpdk_unit_test | +===============================+================+ | Fedora Linux 40 | WARN | +-------------------------------+----------------+ | Fedora Linux 41 | PEND | +-------------------------------+----------------+ | CentOS Stream 10 | WARN | +-------------------------------+----------------+ | Red Hat Enterprise Linux 8.10 | WARN | +-------------------------------+----------------+ | CentOS Stream 9 | WARN | +-------------------------------+----------------+ | Fedora Linux 42 | WARN | +-------------------------------+----------------+ | Ubuntu 22.04 | PEND | +-------------------------------+----------------+ | Ubuntu 24.04 | PEND | +-------------------------------+----------------+ | Ubuntu 20.04 | FAIL | +-------------------------------+----------------+ | Debian GNU/Linux 12 | PEND | +-------------------------------+----------------+ | Red Hat Enterprise Linux 9.5 | PEND | +-------------------------------+----------------+ | Windows Server 2022 | PASS | +-------------------------------+----------------+ ==== Unit test summary for Ubuntu 20.04 (dpdk_unit_test): ==== Failed to get the unit test results. Displaying the unit test results is not supported for some environments, such as our aarch32 testing, where meson is not used to run the tests. Download the logs available on our CI site. ==== End log output ==== Fedora Linux 40 Kernel: 5.15 Compiler: clang gcc (GCC) 14.2.1 20240912 (Red Hat 14.2.1-3) Fedora Linux 41 Kernel: 5.15 Compiler: clang gcc (GCC) 14.3.1 20250523 (Red Hat 14.3.1-1) CentOS Stream 10 Kernel: 5.15 Compiler: gcc gcc (GCC) 14.2.1 20250110 (Red Hat 14.2.1-8) Red Hat Enterprise Linux 8.10 Kernel: 5.15 Compiler: gcc gcc (GCC) 8.5.0 20210514 (Red Hat 8.5.0-22) CentOS Stream 9 Kernel: 5.15 Compiler: gcc gcc (GCC) 11.5.0 20240719 (Red Hat 11.5.0-11) Fedora Linux 42 Kernel: 5.15 Compiler: clang gcc (GCC) 15.2.1 20250808 (Red Hat 15.2.1-1) Ubuntu 22.04 Kernel: 5.15 Compiler: gcc gcc (Ubuntu 11.4.0-1ubuntu1~22.04) 11.4.0 Ubuntu 24.04 Kernel: 5.15 Compiler: gcc gcc (Ubuntu 13.3.0-6ubuntu2~24.04) 13.3.0 Ubuntu 20.04 Kernel: 5.15 Compiler: gcc gcc (Ubuntu 9.4.0-1ubuntu1~20.04.2) 9.4.0 Debian GNU/Linux 12 Kernel: 5.15 Compiler: gcc gcc (Debian 12.2.0-14+deb12u1) 12.2.0 Red Hat Enterprise Linux 9.5 Kernel: 5.15 Compiler: gcc gcc (GCC) 11.5.0 20240719 (Red Hat 11.5.0-2) Windows Server 2022 Kernel: 10.0.20348.2031 Compiler: clang 15.0.7, gcc 14.1.0 (MinGW), and MSVC VS 19.39.33521 To view detailed results, visit: https://lab.dpdk.org/results/dashboard/patchsets/34615/ UNH-IOL DPDK Community Lab To manage your email subscriptions, visit: https://lab.dpdk.org/results/dashboard/preferences/subscriptions/