From mboxrd@z Thu Jan 1 00:00:00 1970 Return-Path: Received: from mails.dpdk.org (mails.dpdk.org [217.70.189.124]) by inbox.dpdk.org (Postfix) with ESMTP id 3D46B48B2D for ; Mon, 17 Nov 2025 09:59:21 +0100 (CET) Received: from mails.dpdk.org (localhost [127.0.0.1]) by mails.dpdk.org (Postfix) with ESMTP id 33887427A5; Mon, 17 Nov 2025 09:59:21 +0100 (CET) Received: from mail-pl1-f227.google.com (mail-pl1-f227.google.com [209.85.214.227]) by mails.dpdk.org (Postfix) with ESMTP id BE1E0427AF for ; Mon, 17 Nov 2025 09:59:17 +0100 (CET) Received: by mail-pl1-f227.google.com with SMTP id d9443c01a7336-299d40b0845so20067365ad.3 for ; Mon, 17 Nov 2025 00:59:17 -0800 (PST) DKIM-Signature: v=1; a=rsa-sha256; c=relaxed/relaxed; d=iol.unh.edu; s=unh-iol; t=1763369957; x=1763974757; darn=dpdk.org; h=references:in-reply-to:cc:to:from:subject:message-id:date:from:to :cc:subject:date:message-id:reply-to; bh=NbCo7lIKf3MiY9IzgMrH0hnHMZ2cySjOInznIZe/DGs=; b=HO4VgtM01KFCELa3wBfRd3LKCRIqr8zUu5OnIl9sl/GauFUkrXSjlt6VpF94ZCHBls SBz/bUATzZcvxoJ3Aw14D0Br7VWzYphYzxNRQm7YarCIhrYHi2EBiqRv+3opElS3Fh2e R2rlJCyzSBgub9jVBSa3i+uvft7oVNOavaODA= X-Google-DKIM-Signature: v=1; a=rsa-sha256; c=relaxed/relaxed; d=1e100.net; s=20230601; t=1763369957; x=1763974757; h=references:in-reply-to:cc:to:from:subject:message-id:date:x-gm-gg :x-gm-message-state:from:to:cc:subject:date:message-id:reply-to; bh=NbCo7lIKf3MiY9IzgMrH0hnHMZ2cySjOInznIZe/DGs=; b=AzGRhGd9HCOiBE9VdYLYftKBnwYGzXojea0XX2rP1qXnI3/rBEcr3cuOiTrYT8X/0q Pj2BPxxSkHZZms1OoVYrHJszT960X/4+NgeZbcqJKj8D2kWGr2mq5UJ0CWqzF3oRBToD c+Vwypauq6j204brKrlZ5BNUUPJX0Bm1BDXTu3vQppzX8uj2TIYlwlLzqLh9LxSV9KBM 8HPahDYU1++iE96utqmbvP6TWrihZn/1sNAq//mCh629QP32zxhFpW2bbiFjqQkTHURP jx+ufYiVzn69jgRUzWYyum9o+s2LwVnyER8f8wwT3MZVRLdKEzIHN82akxj71HQs9uYU wpUg== X-Gm-Message-State: AOJu0YzaiDcP7rCuMbhkkzDv0yFYyIQtZDXugoMu68G4o3U58U7I5WCM nLutAtHqVExwvke3uacofyi3lfQkW1HJ0clMxAdHFejq8Qk97KLp5tnKF0yzF8hiSi+2zyJ27Mu uBykpliZBLdK2bSABkYyLnJDZULgJs31pInaq7zCY6Syv X-Gm-Gg: ASbGncsKIPVWC8haMlEPTDpIwwh0kyTkp6FDkmqVhfWGt8rX26mljm0QuOHDVp3/Rk7 Quk4LtX9vC7qaDcJzolRJzhVeNXkrrK3LjY0SThTTooxYK6mzOZqFjSma7Gu3xs0NTjLxTQlmLP kLmRWl98axtj3k51UjbmPMwIO989aqCCBxb3GkCwfQAHj6pOmBQALCxxXz3muWFHYa+Teia1osK 11ERk7ELgn2mVeV/G3QSrsFDfpKQO/NV5Liy2/ZNbi2NNNLHLI57OPv7l77vkGPpQ3QaDsjJoAv uorHGjy01y4gKaFygop98wViOrSfxnxNRCcriPUUEzujHGjD41KHJNjDORDyGrPt0l41nQ8ixTZ qSuXysIJgLgQuR6bJ4LevcMO4Tq9DmLU= X-Google-Smtp-Source: AGHT+IEeI1JW2WRWrmTttqwXIXPAuqROpmd4RCThid3nO2pAt5DSUyQyRF9Im+Y5UOMgO/wKm5icWZ4gUnem X-Received: by 2002:a17:902:f548:b0:299:e031:16d with SMTP id d9443c01a7336-299e03104d9mr40229305ad.33.1763369957003; Mon, 17 Nov 2025 00:59:17 -0800 (PST) Received: from postal.iol.unh.edu (postal.iol.unh.edu. [132.177.123.84]) by smtp-relay.gmail.com with ESMTPS id d9443c01a7336-2985c241b8dsm15039415ad.17.2025.11.17.00.59.16 (version=TLS1_2 cipher=ECDHE-ECDSA-AES128-GCM-SHA256 bits=128/128); Mon, 17 Nov 2025 00:59:16 -0800 (PST) X-Relaying-Domain: iol.unh.edu Date: Mon, 17 Nov 2025 00:59:16 -0800 (PST) Message-ID: <691ae3e4.170a0220.1594e3.b578SMTPIN_ADDED_MISSING@mx.google.com> Received: from [172.21.0.18] (unknown [172.18.0.240]) by postal.iol.unh.edu (Postfix) with ESMTP id 484496051830; Mon, 17 Nov 2025 03:59:16 -0500 (EST) Subject: |FAILURE| pw158844-158845 [PATCH] [2/2] net/mlx5: use private struct From: dpdklab@iol.unh.edu To: Test Report Cc: dpdk-test-reports@iol.unh.edu, Bing Zhao In-Reply-To: <20251117041537.8161-1-bingz@nvidia.com> References: <20251117041537.8161-1-bingz@nvidia.com> Content-Type: text/plain X-BeenThere: test-report@dpdk.org X-Mailman-Version: 2.1.29 Precedence: list List-Id: automatic DPDK test reports List-Unsubscribe: , List-Archive: List-Post: List-Help: List-Subscribe: , Errors-To: test-report-bounces@dpdk.org Test-Label: iol-unit-amd64-testing Test-Status: FAILURE http://dpdk.org/patch/158845 _Testing issues_ Submitter: Bing Zhao Date: Monday, November 17 2025 04:15:37 DPDK git baseline: Repo:dpdk-next-net-mlx Branch: master CommitID:a3f565c41c73db0f965d62c72627980235d4d7e8 158844-158845 --> testing issues Upstream job id: Generic-Unit-Test-DPDK#393589 Test environment and result as below: +-------------------------------+----------------+ | Environment | dpdk_unit_test | +===============================+================+ | Fedora Linux 40 | WARN | +-------------------------------+----------------+ | Fedora Linux 41 | PEND | +-------------------------------+----------------+ | CentOS Stream 10 | WARN | +-------------------------------+----------------+ | Red Hat Enterprise Linux 8.10 | WARN | +-------------------------------+----------------+ | CentOS Stream 9 | WARN | +-------------------------------+----------------+ | Fedora Linux 42 | WARN | +-------------------------------+----------------+ | Ubuntu 22.04 | PEND | +-------------------------------+----------------+ | Ubuntu 24.04 | PEND | +-------------------------------+----------------+ | Ubuntu 20.04 | FAIL | +-------------------------------+----------------+ | Debian GNU/Linux 12 | PEND | +-------------------------------+----------------+ | Red Hat Enterprise Linux 9.5 | PEND | +-------------------------------+----------------+ | Windows Server 2022 | PASS | +-------------------------------+----------------+ ==== Unit test summary for Ubuntu 20.04 (dpdk_unit_test): ==== Failed to get the unit test results. Displaying the unit test results is not supported for some environments, such as our aarch32 testing, where meson is not used to run the tests. Download the logs available on our CI site. ==== End log output ==== Fedora Linux 40 Kernel: 5.15 Compiler: clang gcc (GCC) 14.2.1 20240912 (Red Hat 14.2.1-3) Fedora Linux 41 Kernel: 5.15 Compiler: clang gcc (GCC) 14.3.1 20250523 (Red Hat 14.3.1-1) CentOS Stream 10 Kernel: 5.15 Compiler: gcc gcc (GCC) 14.2.1 20250110 (Red Hat 14.2.1-8) Red Hat Enterprise Linux 8.10 Kernel: 5.15 Compiler: gcc gcc (GCC) 8.5.0 20210514 (Red Hat 8.5.0-22) CentOS Stream 9 Kernel: 5.15 Compiler: gcc gcc (GCC) 11.5.0 20240719 (Red Hat 11.5.0-11) Fedora Linux 42 Kernel: 5.15 Compiler: clang gcc (GCC) 15.2.1 20250808 (Red Hat 15.2.1-1) Ubuntu 22.04 Kernel: 5.15 Compiler: gcc gcc (Ubuntu 11.4.0-1ubuntu1~22.04) 11.4.0 Ubuntu 24.04 Kernel: 5.15 Compiler: gcc gcc (Ubuntu 13.3.0-6ubuntu2~24.04) 13.3.0 Ubuntu 20.04 Kernel: 5.15 Compiler: gcc gcc (Ubuntu 9.4.0-1ubuntu1~20.04.2) 9.4.0 Debian GNU/Linux 12 Kernel: 5.15 Compiler: gcc gcc (Debian 12.2.0-14+deb12u1) 12.2.0 Red Hat Enterprise Linux 9.5 Kernel: 5.15 Compiler: gcc gcc (GCC) 11.5.0 20240719 (Red Hat 11.5.0-2) Windows Server 2022 Kernel: 10.0.20348.2031 Compiler: clang 15.0.7, gcc 14.1.0 (MinGW), and MSVC VS 19.39.33521 To view detailed results, visit: https://lab.dpdk.org/results/dashboard/patchsets/34615/ UNH-IOL DPDK Community Lab To manage your email subscriptions, visit: https://lab.dpdk.org/results/dashboard/preferences/subscriptions/