From mboxrd@z Thu Jan 1 00:00:00 1970 Return-Path: Received: from mails.dpdk.org (mails.dpdk.org [217.70.189.124]) by inbox.dpdk.org (Postfix) with ESMTP id 7A8F948B2F for ; Mon, 17 Nov 2025 10:00:25 +0100 (CET) Received: from mails.dpdk.org (localhost [127.0.0.1]) by mails.dpdk.org (Postfix) with ESMTP id 7200C4026F; Mon, 17 Nov 2025 10:00:25 +0100 (CET) Received: from mail-ua1-f97.google.com (mail-ua1-f97.google.com [209.85.222.97]) by mails.dpdk.org (Postfix) with ESMTP id 8CE264026F for ; Mon, 17 Nov 2025 10:00:24 +0100 (CET) Received: by mail-ua1-f97.google.com with SMTP id a1e0cc1a2514c-93722262839so2297145241.2 for ; Mon, 17 Nov 2025 01:00:24 -0800 (PST) DKIM-Signature: v=1; a=rsa-sha256; c=relaxed/relaxed; d=iol.unh.edu; s=unh-iol; t=1763370024; x=1763974824; darn=dpdk.org; h=references:in-reply-to:cc:to:from:subject:message-id:date:from:to :cc:subject:date:message-id:reply-to; bh=LecwgiVnK5jICphm2t+XvJOM9FFoyi2rH/c/gRI7KqQ=; b=elMSrW8FvKVzU6xL9PgmsvXGfeZmwz8rDsggXf2ndaIVba9Q15+0JfSao8nHAgPL8K p+02Vctpkr/NPYgUzSNOx/NUhhlmUZLt/nf+RJq7cuR/I+xa2ZRs8BZtJ5envTlAaWFX LFSuJX1ZbN9ne4ZPmAh1Y3zsyt02F2sMc/8BU= X-Google-DKIM-Signature: v=1; a=rsa-sha256; c=relaxed/relaxed; d=1e100.net; s=20230601; t=1763370024; x=1763974824; h=references:in-reply-to:cc:to:from:subject:message-id:date:x-gm-gg :x-gm-message-state:from:to:cc:subject:date:message-id:reply-to; bh=LecwgiVnK5jICphm2t+XvJOM9FFoyi2rH/c/gRI7KqQ=; b=xLX41pWVv78yvSI9uzNLGd2hsnsrsmqbSMW1zMKS57Z28/j6mbw12NNvP0/W9m2cMK 3qfFSi5P+r+NfWE2z6S8P01LjC+RmWnJIZiwGp0l5H1E4arF1mHf8xjEtzCAthYxZbYP HyIX4CH7p5RiobDwr+6xTXvB+dEZTlIsMZ3mwR8fVBxqMnn1NtXAjSqgiVUZ2GFhVWoq WA9+2A9JnhvfqULPOYXVY6eNULxakm9lZ+nQschY9Dt9DGXbafj2/JCV8zgqhcpO7qfX vafixWCzXrKP+QW2Sdf/1FeXx4nwMSXLC+dDBmZBM14PqvWgHZN6YSojAVm7OGO813Yd QtVQ== X-Gm-Message-State: AOJu0YwK3wsQk1AIpr8SrAtIjRPirlibAzPaemqisyBOqMkX6e2/G9q7 hKwMDQfDrkEXob9x/bmGfk2fZqU0CrMqZTAQX9Q8s9Q1rACxUY6KkCvvZGW4vpLkJHdtRcK0C99 fA87V9BdokrXX2FLNii8cscd5q26AhCWPVhNCKtmGxWzO X-Gm-Gg: ASbGncuGi7cb+2nsRk4lP57DNLZ+6XjRXaHKzGvq10GSqAa2Q7sP2WLgs0NZk5klgOt 4LciMQq5RvDY4her7o9IS4Erlpx5DXa9vfQ9MmoERQXjxnW14FPGh0xWODniNBQn7ui3CGRI1kY nwdgcdWSbany2sx3yQrlNBDbgVwLxV5YePXQzX9Y8Uf01fJmHY4bh3Pk6q/B3n0evawEoA4g0QM 2BkTnPrVwmZFZaVf9aBFBuJMaH5OpZ6O9GOzyU3FE4lRqSzAzI1nhDOy0swVY5W5UYIKyhl16wU fu1tFhD/LDoXl+1kNVBW/i5B9zkFCkTDNBOabCQmnDVCOtHQQ0dwQDFFU0lf+oz797nGeymEXou Bj/pl5Q892+7MWKFi0fpWHymz3abmn9w= X-Google-Smtp-Source: AGHT+IH6J9qRNy4Z7wvDao0UjeJ8M3prBJSywuo3GbIp1v8WQU9V80irfUrCf0vlTeszoYMb/xSbQTrVeM4K X-Received: by 2002:a05:6102:5487:b0:5df:c1ac:8ad4 with SMTP id ada2fe7eead31-5dfc5366c91mr4228286137.0.1763370023805; Mon, 17 Nov 2025 01:00:23 -0800 (PST) Received: from postal.iol.unh.edu (postal.iol.unh.edu. [132.177.123.84]) by smtp-relay.gmail.com with ESMTPS id ada2fe7eead31-5dfb71d92aesm1404002137.3.2025.11.17.01.00.23 (version=TLS1_2 cipher=ECDHE-ECDSA-AES128-GCM-SHA256 bits=128/128); Mon, 17 Nov 2025 01:00:23 -0800 (PST) X-Relaying-Domain: iol.unh.edu Date: Mon, 17 Nov 2025 01:00:23 -0800 (PST) Message-ID: <691ae427.050a0220.1e94.5a42SMTPIN_ADDED_MISSING@mx.google.com> Received: from [172.21.0.4] (unknown [172.18.0.240]) by postal.iol.unh.edu (Postfix) with ESMTP id 6D3576051830; Mon, 17 Nov 2025 04:00:23 -0500 (EST) Subject: |FAILURE| pw158844-158845 [PATCH] [2/2] net/mlx5: use private struct From: dpdklab@iol.unh.edu To: Test Report Cc: dpdk-test-reports@iol.unh.edu, Bing Zhao In-Reply-To: <20251117041537.8161-1-bingz@nvidia.com> References: <20251117041537.8161-1-bingz@nvidia.com> Content-Type: text/plain X-BeenThere: test-report@dpdk.org X-Mailman-Version: 2.1.29 Precedence: list List-Id: automatic DPDK test reports List-Unsubscribe: , List-Archive: List-Post: List-Help: List-Subscribe: , Errors-To: test-report-bounces@dpdk.org Test-Label: iol-unit-amd64-testing Test-Status: FAILURE http://dpdk.org/patch/158845 _Testing issues_ Submitter: Bing Zhao Date: Monday, November 17 2025 04:15:37 DPDK git baseline: Repo:dpdk-next-net-mlx Branch: master CommitID:a3f565c41c73db0f965d62c72627980235d4d7e8 158844-158845 --> testing issues Upstream job id: Generic-Unit-Test-DPDK#393604 Test environment and result as below: +-------------------------------+----------------+ | Environment | dpdk_unit_test | +===============================+================+ | Fedora Linux 40 | WARN | +-------------------------------+----------------+ | Fedora Linux 41 | PEND | +-------------------------------+----------------+ | CentOS Stream 10 | WARN | +-------------------------------+----------------+ | Red Hat Enterprise Linux 8.10 | WARN | +-------------------------------+----------------+ | CentOS Stream 9 | WARN | +-------------------------------+----------------+ | Fedora Linux 42 | WARN | +-------------------------------+----------------+ | Ubuntu 22.04 | PEND | +-------------------------------+----------------+ | Ubuntu 24.04 | PEND | +-------------------------------+----------------+ | Ubuntu 20.04 | FAIL | +-------------------------------+----------------+ | Debian GNU/Linux 12 | PEND | +-------------------------------+----------------+ | Red Hat Enterprise Linux 9.5 | PEND | +-------------------------------+----------------+ | Windows Server 2022 | PASS | +-------------------------------+----------------+ ==== Unit test summary for Ubuntu 20.04 (dpdk_unit_test): ==== Failed to get the unit test results. Displaying the unit test results is not supported for some environments, such as our aarch32 testing, where meson is not used to run the tests. Download the logs available on our CI site. ==== End log output ==== Fedora Linux 40 Kernel: 5.15 Compiler: clang gcc (GCC) 14.2.1 20240912 (Red Hat 14.2.1-3) Fedora Linux 41 Kernel: 5.15 Compiler: clang gcc (GCC) 14.3.1 20250523 (Red Hat 14.3.1-1) CentOS Stream 10 Kernel: 5.15 Compiler: gcc gcc (GCC) 14.2.1 20250110 (Red Hat 14.2.1-8) Red Hat Enterprise Linux 8.10 Kernel: 5.15 Compiler: gcc gcc (GCC) 8.5.0 20210514 (Red Hat 8.5.0-22) CentOS Stream 9 Kernel: 5.15 Compiler: gcc gcc (GCC) 11.5.0 20240719 (Red Hat 11.5.0-11) Fedora Linux 42 Kernel: 5.15 Compiler: clang gcc (GCC) 15.2.1 20250808 (Red Hat 15.2.1-1) Ubuntu 22.04 Kernel: 5.15 Compiler: gcc gcc (Ubuntu 11.4.0-1ubuntu1~22.04) 11.4.0 Ubuntu 24.04 Kernel: 5.15 Compiler: gcc gcc (Ubuntu 13.3.0-6ubuntu2~24.04) 13.3.0 Ubuntu 20.04 Kernel: 5.15 Compiler: gcc gcc (Ubuntu 9.4.0-1ubuntu1~20.04.2) 9.4.0 Debian GNU/Linux 12 Kernel: 5.15 Compiler: gcc gcc (Debian 12.2.0-14+deb12u1) 12.2.0 Red Hat Enterprise Linux 9.5 Kernel: 5.15 Compiler: gcc gcc (GCC) 11.5.0 20240719 (Red Hat 11.5.0-2) Windows Server 2022 Kernel: 10.0.20348.2031 Compiler: clang 15.0.7, gcc 14.1.0 (MinGW), and MSVC VS 19.39.33521 To view detailed results, visit: https://lab.dpdk.org/results/dashboard/patchsets/34615/ UNH-IOL DPDK Community Lab To manage your email subscriptions, visit: https://lab.dpdk.org/results/dashboard/preferences/subscriptions/