From mboxrd@z Thu Jan 1 00:00:00 1970 Return-Path: Received: from mails.dpdk.org (mails.dpdk.org [217.70.189.124]) by inbox.dpdk.org (Postfix) with ESMTP id 9AD8648B30 for ; Mon, 17 Nov 2025 10:01:40 +0100 (CET) Received: from mails.dpdk.org (localhost [127.0.0.1]) by mails.dpdk.org (Postfix) with ESMTP id 93C7E4026F; Mon, 17 Nov 2025 10:01:40 +0100 (CET) Received: from mail-pl1-f226.google.com (mail-pl1-f226.google.com [209.85.214.226]) by mails.dpdk.org (Postfix) with ESMTP id E1E894026F for ; Mon, 17 Nov 2025 10:01:39 +0100 (CET) Received: by mail-pl1-f226.google.com with SMTP id d9443c01a7336-2955623e6faso36715275ad.1 for ; Mon, 17 Nov 2025 01:01:39 -0800 (PST) DKIM-Signature: v=1; a=rsa-sha256; c=relaxed/relaxed; d=iol.unh.edu; s=unh-iol; t=1763370099; x=1763974899; darn=dpdk.org; h=references:in-reply-to:cc:to:from:subject:message-id:date:from:to :cc:subject:date:message-id:reply-to; bh=S4xqUeYZgsTHsnSnDSqt/5RAlBGZ227+JJZxgGrrp40=; b=U10QvdsoQLxqKFr9eWm4lLqgexIFs2LgiHRDvWZ3FFVUgJpO4fQQwolu9d4++FZM8G qaq+tVc5s/QTAJZxVy4ebEAyT3gFMkfP02SqVXSIEqDh6EhLttHOh9Wy05owBmOoutU0 8UxZ8zUY/gjXOLY31xy2bvi2uzAGjLyCt+3p0= X-Google-DKIM-Signature: v=1; a=rsa-sha256; c=relaxed/relaxed; d=1e100.net; s=20230601; t=1763370099; x=1763974899; h=references:in-reply-to:cc:to:from:subject:message-id:date:x-gm-gg :x-gm-message-state:from:to:cc:subject:date:message-id:reply-to; bh=S4xqUeYZgsTHsnSnDSqt/5RAlBGZ227+JJZxgGrrp40=; b=jA4Cb84c38dCbORpmUSiudmx69Eed2wP/22A5Mc0w7ZWOcGmQ5hzy/TGjjyeSK5BRU xoXIXvmCB7HpT/QxfhvVJ6FKqIw2JwN98YLo0aOpVZf5bAv+3Rxknglw9bcdsqiicVbJ BfrVAediNy+HJ7VAgK1Aoi9jeCABZPfssDuF0pk4dBMOfyeck5DgQkukY1NohCcAOfod 9fYQ41wzs3DElDsyE/O/mun9WQ+st6diMvBn6OhuNKAXiexrO3wv4LdRV+nsxVOdRVjf 9h59GyivwGgIn0pcMk9QhbDbFebae58bMKtlg7yCQRx5diKiiXxsWFGWjZeBnT6uUh8C /ZFg== X-Gm-Message-State: AOJu0YxH5ozG4S9Cx6zKY4AjJcy/+ijLiyZ1mc3dxJTnipxPZ4RM0JVW ahJTuCIoTF3joQJx7yyRfa8fE911TPZ6r6CE9o/w73QuXQT15j8swv01sRre6w8uvG5EtrI8wMQ 52aznlfZscN6RpsE3tgVSXw2J0KNzOBPJ1F3CKZt2Sl6N1oKSKhltA7niW/XZ X-Gm-Gg: ASbGnctXbfEloLuzfEbA9ddgLmvQw99FYzmiXmyd5gfq4b7tnOJ80AKQr1Ucr9D8GyK LzXtervK2lGznRhsOkCeRXPIvwxG5DiRF5XE82rxO0ENToVYKOyUbHZpSW4KXC9Ku508rG1ZmTF wnwYzTlJkezMLlo5Hwu2Qm8SFYz56hNtA0qsudr9wqBOINec1BR4LngcohPtz7r3j692AkaSugz v9dum9/mIeVqyo8msqFKlkg8JbfO7S9LKVX5yjABBpo1cGUAdSWe4KuLLiICdKp2L0V/v7U/79G c7I0Zz+f93/kMARwnzYogv4fswtI9SOIX17tEGa4lKve1JjHiMiyTcH0MfuEK7d4IwVnImR/1iQ xJOWMXHMW X-Google-Smtp-Source: AGHT+IEeGmGIXPglBFsw9VsX8HXASNtLV02SISLjJ3eDuTTbJy1msPRbKQ0DRrQjUxZl5esB76hGanvHYRxo X-Received: by 2002:a17:902:f78c:b0:295:56da:62a4 with SMTP id d9443c01a7336-2986a74f574mr128653375ad.45.1763370099024; Mon, 17 Nov 2025 01:01:39 -0800 (PST) Received: from postal.iol.unh.edu (postal.iol.unh.edu. [2606:4100:3880:1234::84]) by smtp-relay.gmail.com with ESMTPS id d9443c01a7336-2985c2b8868sm14505695ad.55.2025.11.17.01.01.38 (version=TLS1_2 cipher=ECDHE-ECDSA-AES128-GCM-SHA256 bits=128/128); Mon, 17 Nov 2025 01:01:39 -0800 (PST) X-Relaying-Domain: iol.unh.edu Date: Mon, 17 Nov 2025 01:01:39 -0800 (PST) Message-ID: <691ae473.170a0220.39c3e4.9575SMTPIN_ADDED_MISSING@mx.google.com> Received: from [172.21.0.4] (unknown [172.18.0.240]) by postal.iol.unh.edu (Postfix) with ESMTP id 46BC26051830; Mon, 17 Nov 2025 04:01:38 -0500 (EST) Subject: |FAILURE| pw158844-158845 [PATCH] [2/2] net/mlx5: use private struct From: dpdklab@iol.unh.edu To: Test Report Cc: dpdk-test-reports@iol.unh.edu, Bing Zhao In-Reply-To: <20251117041537.8161-1-bingz@nvidia.com> References: <20251117041537.8161-1-bingz@nvidia.com> Content-Type: text/plain X-BeenThere: test-report@dpdk.org X-Mailman-Version: 2.1.29 Precedence: list List-Id: automatic DPDK test reports List-Unsubscribe: , List-Archive: List-Post: List-Help: List-Subscribe: , Errors-To: test-report-bounces@dpdk.org Test-Label: iol-unit-amd64-testing Test-Status: FAILURE http://dpdk.org/patch/158845 _Testing issues_ Submitter: Bing Zhao Date: Monday, November 17 2025 04:15:37 DPDK git baseline: Repo:dpdk-next-net-mlx Branch: master CommitID:a3f565c41c73db0f965d62c72627980235d4d7e8 158844-158845 --> testing issues Upstream job id: Generic-Unit-Test-DPDK#393587 Test environment and result as below: +-------------------------------+----------------+ | Environment | dpdk_unit_test | +===============================+================+ | Fedora Linux 40 | WARN | +-------------------------------+----------------+ | Fedora Linux 41 | PEND | +-------------------------------+----------------+ | CentOS Stream 10 | WARN | +-------------------------------+----------------+ | Red Hat Enterprise Linux 8.10 | WARN | +-------------------------------+----------------+ | CentOS Stream 9 | WARN | +-------------------------------+----------------+ | Fedora Linux 42 | WARN | +-------------------------------+----------------+ | Ubuntu 22.04 | PEND | +-------------------------------+----------------+ | Ubuntu 24.04 | PEND | +-------------------------------+----------------+ | Ubuntu 20.04 | FAIL | +-------------------------------+----------------+ | Debian GNU/Linux 12 | WARN | +-------------------------------+----------------+ | Red Hat Enterprise Linux 9.5 | PEND | +-------------------------------+----------------+ | Windows Server 2022 | PASS | +-------------------------------+----------------+ ==== 20 line log output for Debian GNU/Linux 12 (dpdk_unit_test): ==== [2033/3610] Compiling C object drivers/libtmp_rte_net_mlx5.a.p/net_mlx5_mlx5_tx_txpp.c.o [2034/3610] Compiling C object drivers/libtmp_rte_net_mlx5.a.p/net_mlx5_mlx5_txpp.c.o [2035/3610] Compiling C object drivers/libtmp_rte_net_mlx5.a.p/net_mlx5_mlx5_tx_nompw.c.o [2036/3610] Compiling C object drivers/libtmp_rte_net_mlx5.a.p/net_mlx5_mlx5_txq.c.o [2037/3610] Compiling C object drivers/libtmp_rte_net_mlx5.a.p/net_mlx5_mlx5_vlan.c.o [2038/3610] Compiling C object drivers/libtmp_rte_net_mlx5.a.p/net_mlx5_mlx5_utils.c.o [2039/3610] Generating rte_net_mlx4.sym_chk with a custom command (wrapped by meson to capture output) [2040/3610] Linking target drivers/librte_net_mlx4.so.26.0 [2041/3610] Compiling C object drivers/libtmp_rte_net_mlx5.a.p/net_mlx5_mlx5_flow_quota.c.o [2042/3610] Compiling C object drivers/libtmp_rte_net_mlx5.a.p/net_mlx5_mlx5_flow_hw.c.o FAILED: drivers/libtmp_rte_net_mlx5.a.p/net_mlx5_mlx5_flow_hw.c.o ccache cc -Idrivers/libtmp_rte_net_mlx5.a.p -Idrivers -I../drivers -Idrivers/net/mlx5 -I../drivers/net/mlx5 -Idrivers/net/mlx5/linux -I../drivers/net/mlx5/linux -Idrivers/net/mlx5/hws -I../drivers/net/mlx5/hws -Ilib/ethdev -I../lib/ethdev -Ilib/eal/common -I../lib/eal/common -I. -I.. -Iconfig -I../config -Ilib/eal/include -I../lib/eal/include -Ilib/eal/linux/include -I../lib/eal/linux/include -Ilib/eal/x86/include -I../lib/eal/x86/include -I../kernel/linux -Ilib/eal -I../lib/eal -Ilib/kvargs -I../lib/kvargs -Ilib/log -I../lib/log -Ilib/metrics -I../lib/metrics -Ilib/telemetry -I../lib/telemetry -Ilib/argparse -I../lib/argparse -Ilib/net -I../lib/net -Ilib/mbuf -I../lib/mbuf -Ilib/mempool -I../lib/mempool -Ilib/ring -I../lib/ring -Ilib/meter -I../lib/meter -Idrivers/bus/pci -I../drivers/bus/pci -I../drivers/bus/pci/linux -Ilib/pci -I../lib/pci -Idrivers/bus/vdev -I../drivers/bus/vdev -Ilib/hash -I../lib/hash -Ilib/rcu -I../lib/rcu -Idrivers/common/mlx5 -I../drivers/common/mlx5 -Idrive rs/common/mlx5/linux -I../drivers/common/mlx5/linux -Idrivers/bus/auxiliary -I../drivers/bus/auxiliary -I/usr/include/libnl3 -fdiagnostics-color=always -pipe -D_FILE_OFFSET_BITS=64 -Wall -Winvalid-pch -Wextra -Werror -std=c11 -O3 -include rte_config.h -Wvla -Wcast-qual -Wdeprecated -Wformat -Wformat-nonliteral -Wformat-security -Wmissing-declarations -Wmissing-prototypes -Wnested-externs -Wold-style-definition -Wpointer-arith -Wsign-compare -Wstrict-prototypes -Wundef -Wwrite-strings -Wno-packed-not-aligned -Wno-missing-field-initializers -D_GNU_SOURCE -fPIC -march=native -mrtm -DALLOW_EXPERIMENTAL_API -DALLOW_INTERNAL_API -Wno-format-truncation -Wno-address-of-packed-member -std=c11 -Wno-strict-prototypes -D_BSD_SOURCE -D_DEFAULT_SOURCE -D_XOPEN_SOURCE=600 -UPEDANTIC -Wno-vla -DRTE_LOG_DEFAULT_LOGTYPE=pmd.net.mlx5 -MD -MQ drivers/libtmp_rte_net_mlx5.a.p/net_mlx5_mlx5_flow_hw.c.o -MF drivers/libtmp_rte_net_mlx5.a.p/net_mlx5_mlx5_flow_hw.c.o.d -o drivers/libtmp_rte_net_mlx5.a.p/net_m lx5_mlx5_flow_hw.c.o -c ../drivers/net/mlx5/mlx5_flow_hw.c ../drivers/net/mlx5/mlx5_flow_hw.c: In function 'flow_hw_get_rule_items': ../drivers/net/mlx5/mlx5_flow_hw.c:3873:35: error: assignment to expression with array type 3873 | pp->mlx5_tag_spec = (struct mlx5_rte_flow_item_tag) { | ^ [2043/3610] Compiling C object drivers/libtmp_rte_net_mlx5.a.p/net_mlx5_mlx5_flow_verbs.c.o [2044/3610] Compiling C object drivers/libtmp_rte_net_mlx5.a.p/net_mlx5_mlx5_nta_split.c.o [2045/3610] Compiling C object drivers/libtmp_rte_net_mlx5.a.p/net_mlx5_mlx5_hws_cnt.c.o ninja: build stopped: subcommand failed. ==== End log output ==== Fedora Linux 40 Kernel: 5.15 Compiler: clang gcc (GCC) 14.2.1 20240912 (Red Hat 14.2.1-3) Fedora Linux 41 Kernel: 5.15 Compiler: clang gcc (GCC) 14.3.1 20250523 (Red Hat 14.3.1-1) CentOS Stream 10 Kernel: 5.15 Compiler: gcc gcc (GCC) 14.2.1 20250110 (Red Hat 14.2.1-8) Red Hat Enterprise Linux 8.10 Kernel: 5.15 Compiler: gcc gcc (GCC) 8.5.0 20210514 (Red Hat 8.5.0-22) CentOS Stream 9 Kernel: 5.15 Compiler: gcc gcc (GCC) 11.5.0 20240719 (Red Hat 11.5.0-11) Fedora Linux 42 Kernel: 5.15 Compiler: clang gcc (GCC) 15.2.1 20250808 (Red Hat 15.2.1-1) Ubuntu 22.04 Kernel: 5.15 Compiler: gcc gcc (Ubuntu 11.4.0-1ubuntu1~22.04) 11.4.0 Ubuntu 24.04 Kernel: 5.15 Compiler: gcc gcc (Ubuntu 13.3.0-6ubuntu2~24.04) 13.3.0 Ubuntu 20.04 Kernel: 5.15 Compiler: gcc gcc (Ubuntu 9.4.0-1ubuntu1~20.04.2) 9.4.0 Debian GNU/Linux 12 Kernel: 5.15 Compiler: gcc gcc (Debian 12.2.0-14+deb12u1) 12.2.0 Red Hat Enterprise Linux 9.5 Kernel: 5.15 Compiler: gcc gcc (GCC) 11.5.0 20240719 (Red Hat 11.5.0-2) Windows Server 2022 Kernel: 10.0.20348.2031 Compiler: clang 15.0.7, gcc 14.1.0 (MinGW), and MSVC VS 19.39.33521 To view detailed results, visit: https://lab.dpdk.org/results/dashboard/patchsets/34615/ UNH-IOL DPDK Community Lab To manage your email subscriptions, visit: https://lab.dpdk.org/results/dashboard/preferences/subscriptions/