From mboxrd@z Thu Jan 1 00:00:00 1970 Return-Path: Received: from mails.dpdk.org (mails.dpdk.org [217.70.189.124]) by inbox.dpdk.org (Postfix) with ESMTP id D7AD548B30 for ; Mon, 17 Nov 2025 10:16:56 +0100 (CET) Received: from mails.dpdk.org (localhost [127.0.0.1]) by mails.dpdk.org (Postfix) with ESMTP id D141D40665; Mon, 17 Nov 2025 10:16:56 +0100 (CET) Received: from mail-pl1-f228.google.com (mail-pl1-f228.google.com [209.85.214.228]) by mails.dpdk.org (Postfix) with ESMTP id 5BF5840665 for ; Mon, 17 Nov 2025 10:16:52 +0100 (CET) Received: by mail-pl1-f228.google.com with SMTP id d9443c01a7336-29568d93e87so36286485ad.2 for ; Mon, 17 Nov 2025 01:16:52 -0800 (PST) DKIM-Signature: v=1; a=rsa-sha256; c=relaxed/relaxed; d=iol.unh.edu; s=unh-iol; t=1763371011; x=1763975811; darn=dpdk.org; h=references:in-reply-to:cc:to:from:subject:message-id:date:from:to :cc:subject:date:message-id:reply-to; bh=mgC17hiq8nqzuPlktYSI2y9BN8jDr6CH56Hy4sxFiFU=; b=Hr7mSIXRai0TeAwHu9YlVhWBROUUmsrVqKHWZz02fqESPcnRNEHb8rhxzv5T8i3TR1 TzWanW7gQlElQR0UeJyhge26JtHr9XI5ECBf78ovHaSj68+bp8B0V/1JZqBSaexnHJMJ cvGJTYUFGy67AdZnwFoaEdbjfZ5oQ1fdu7iW0= X-Google-DKIM-Signature: v=1; a=rsa-sha256; c=relaxed/relaxed; d=1e100.net; s=20230601; t=1763371011; x=1763975811; h=references:in-reply-to:cc:to:from:subject:message-id:date:x-gm-gg :x-gm-message-state:from:to:cc:subject:date:message-id:reply-to; bh=mgC17hiq8nqzuPlktYSI2y9BN8jDr6CH56Hy4sxFiFU=; b=O+HL+XynQalrquUyaFiuTxR9lzakeTpvJ39VpD70p7U7xa4jXBb4W9NApVm5WZjlV4 nnBUXPJZOAXop0wupJ5RoAjTf9bRhlk9wRlNmvPI4myKN+74Dpkx45jgTPBJdlaCGqr0 sqO4XD07V3bNFlfIzu+1XWgNw9HSW1lzEpXr66oCZnK7tN/zjdiiZnO9wfiXkFgDE7tA idMIRS9t6oNw6atQdba6zMJ9IDkRxpW9YXACoOiCyrvcJS+LIqiMgO6yDbOhJ20SCbHz ei7EeIJQTiribKCvWcS9I94SEKxD51edQeNly7fitCSU7l6nxR4ip/WZgIp6rLnOI/VS x/Rg== X-Gm-Message-State: AOJu0YxHu6S6+yD26SPqyyQTdi6+/LD0y1jD5ct28YyXMpY8RavDCPpy SR1/qiYXL2+5am/gT+IDYhWFGr+Z3B5c/cB50ZiIemgoMWZvFWkOYkUTbeX7mVdgWScErJ6hppI xkyU+v4ZcoxqvdM6kUJjptJvdiIWbB8bQxJf0/45kT4eV2hubYm9JsfZirtaK X-Gm-Gg: ASbGncvhBJn+OOM+35nm0fGKT8Z4x5oP0FGrOf8pzLOzmJc4CVbb82iiJt/kUce71LT kjSPoIp7M0278I7FY37TyL347D0ALM+XTwEGp1O9bxNOOiy31Go8KR6eCyzToN4FR9qWvz/7TpE tTv2fqeI1byHBmvNghjygw8kB0/78y5x6Q0h/HBEHsTpsBtfXSTXrbo47bg4oGx8y/IOwSQwXFe bX7Sr3R9ZNLncogI7iEbqJu2Qel7VnUCQ3pPxL1rI5k/HRwoV9PeIJVDaxpQcD/LUaydpS5aKUN Ice+/fJBniID0i1U2o8HBTfxel8KU58ZUxVuW0EaBGBYZQNoI8CWfaHZXmxM40uwxF5OkYjx6D8 2gnRewIFs X-Google-Smtp-Source: AGHT+IH+Ocn2aeJoAer09Vf6NdWJur2KvgojlmSZTiFbGS/fKsFkxGWz0H8H/BIF78fVjt9RHD/4jEnZ9KFI X-Received: by 2002:a17:903:1104:b0:295:54cb:a8df with SMTP id d9443c01a7336-2986a73b727mr135129455ad.36.1763371011594; Mon, 17 Nov 2025 01:16:51 -0800 (PST) Received: from postal.iol.unh.edu (postal.iol.unh.edu. [2606:4100:3880:1234::84]) by smtp-relay.gmail.com with ESMTPS id d9443c01a7336-2985c2c3f52sm15024465ad.60.2025.11.17.01.16.51 (version=TLS1_2 cipher=ECDHE-ECDSA-AES128-GCM-SHA256 bits=128/128); Mon, 17 Nov 2025 01:16:51 -0800 (PST) X-Relaying-Domain: iol.unh.edu Date: Mon, 17 Nov 2025 01:16:51 -0800 (PST) Message-ID: <691ae803.170a0220.9a0f0.be91SMTPIN_ADDED_MISSING@mx.google.com> Received: from [172.21.0.4] (unknown [172.18.0.240]) by postal.iol.unh.edu (Postfix) with ESMTP id D9FCA6051835; Mon, 17 Nov 2025 04:16:50 -0500 (EST) Subject: |FAILURE| pw158839-158843 [PATCH] [v2,5/5] test: re-enable format-tr From: dpdklab@iol.unh.edu To: Test Report Cc: dpdk-test-reports@iol.unh.edu, Stephen Hemminger In-Reply-To: <20251116190035.76123-6-stephen@networkplumber.org> References: <20251116190035.76123-6-stephen@networkplumber.org> Content-Type: text/plain X-BeenThere: test-report@dpdk.org X-Mailman-Version: 2.1.29 Precedence: list List-Id: automatic DPDK test reports List-Unsubscribe: , List-Archive: List-Post: List-Help: List-Subscribe: , Errors-To: test-report-bounces@dpdk.org Test-Label: iol-compile-arm64-testing Test-Status: FAILURE http://dpdk.org/patch/158843 _Testing issues_ Submitter: Stephen Hemminger Date: Sunday, November 16 2025 18:59:33 DPDK git baseline: Repo:dpdk Branch: master CommitID:be0112878b4fc3a1b918370ed2fe615c52039d77 158839-158843 --> testing issues Upstream job id: Generic-DPDK-Compile-Meson#445218 Test environment and result as below: +------------------------------+--------------------+ | Environment | dpdk_meson_compile | +==============================+====================+ | Red Hat Enterprise Linux 9.5 | PASS | +------------------------------+--------------------+ | Fedora Linux 42 | PASS | +------------------------------+--------------------+ | Debian GNU/Linux 12 | PASS | +------------------------------+--------------------+ | Ubuntu 20.04 | PASS | +------------------------------+--------------------+ | Ubuntu 24.04 | PASS | +------------------------------+--------------------+ | CentOS Stream 9 | PASS | +------------------------------+--------------------+ | CentOS Stream 10 | PASS | +------------------------------+--------------------+ | Ubuntu 22.04 | PASS | +------------------------------+--------------------+ Red Hat Enterprise Linux 9.5 Kernel: 5.4 Compiler: gcc gcc (GCC) 11.5.0 20240719 (Red Hat 11.5.0-2) Fedora Linux 42 Kernel: 5.4 Compiler: gcc gcc (GCC) 15.2.1 20250808 (Red Hat 15.2.1-1) Debian GNU/Linux 12 Kernel: 5.4 Compiler: gcc gcc (Debian 12.2.0-14+deb12u1) 12.2.0 Ubuntu 20.04 Kernel: 5.15 Compiler: gcc gcc (Ubuntu 9.4.0-1ubuntu1~20.04.2) 9.4.0 Ubuntu 24.04 Kernel: 5.4 Compiler: gcc gcc (Ubuntu 13.3.0-6ubuntu2~24.04) 13.3.0 CentOS Stream 9 Kernel: 5.4 Compiler: gcc gcc (GCC) 11.5.0 20240719 (Red Hat 11.5.0-11) CentOS Stream 10 Kernel: 5.4 Compiler: gcc gcc (GCC) 14.2.1 20250110 (Red Hat 14.2.1-8) Ubuntu 22.04 Kernel: 5.4 Compiler: gcc gcc (Ubuntu 11.4.0-1ubuntu1~22.04) 11.4.0 To view detailed results, visit: https://lab.dpdk.org/results/dashboard/patchsets/34614/ UNH-IOL DPDK Community Lab To manage your email subscriptions, visit: https://lab.dpdk.org/results/dashboard/preferences/subscriptions/