* |SUCCESS| pw158854-158855 [PATCH 2/2] net/mlx5: fix the masked value for a rule for sync API
[not found] <20251117080942.9750-1-bingz@nvidia.com>
@ 2025-11-17 7:48 ` qemudev
2025-11-17 7:53 ` qemudev
` (15 subsequent siblings)
16 siblings, 0 replies; 17+ messages in thread
From: qemudev @ 2025-11-17 7:48 UTC (permalink / raw)
To: test-report
Test-Label: loongarch-compilation
Test-Status: SUCCESS
http://dpdk.org/patch/158855
_Compilation OK_
Submitter: Bing Zhao <bingz@nvidia.com>
Date: Mon, 17 Nov 2025 09:54:07 +0200
DPDK git baseline: Repo:dpdk-next-net
Branch: main
CommitID: 18d8a8909b8ed6b0a4bd8f99971da74ebba792e2
158854-158855 --> meson & ninja build successfully
Test environment and result as below:
+---------------------+----------------+
| Environment | compilation |
+---------------------+----------------+
| Loongnix-Server 8.3 | PASS |
+---------------------+----------------+
Loongnix-Server 8.3
Kernel: 4.19.190+
Compiler: gcc 8.3
^ permalink raw reply [flat|nested] 17+ messages in thread
* |SUCCESS| pw158854-158855 [PATCH 2/2] net/mlx5: fix the masked value for a rule for sync API
[not found] <20251117080942.9750-1-bingz@nvidia.com>
2025-11-17 7:48 ` |SUCCESS| pw158854-158855 [PATCH 2/2] net/mlx5: fix the masked value for a rule for sync API qemudev
@ 2025-11-17 7:53 ` qemudev
2025-11-17 8:09 ` |WARNING| pw158855 " checkpatch
` (14 subsequent siblings)
16 siblings, 0 replies; 17+ messages in thread
From: qemudev @ 2025-11-17 7:53 UTC (permalink / raw)
To: test-report
Test-Label: loongarch-unit-testing
Test-Status: SUCCESS
http://dpdk.org/patch/158855
_Unit Testing PASS_
Submitter: Bing Zhao <bingz@nvidia.com>
Date: Mon, 17 Nov 2025 09:54:07 +0200
DPDK git baseline: Repo:dpdk-next-net
Branch: main
CommitID: 18d8a8909b8ed6b0a4bd8f99971da74ebba792e2
158854-158855 --> testing pass
Test environment and result as below:
+---------------------+----------------+
| Environment | dpdk_unit_test |
+---------------------+----------------+
| Loongnix-Server 8.3 | PASS |
+---------------------+----------------+
Loongnix-Server 8.3
Kernel: 4.19.190+
Compiler: gcc 8.3
Test result details:
1/120 DPDK:fast-tests / acl_autotest OK 3.22s
2/120 DPDK:fast-tests / alarm_autotest OK 1.52s
3/120 DPDK:fast-tests / argparse_autotest OK 0.50s
4/120 DPDK:fast-tests / atomic_autotest OK 6.91s
5/120 DPDK:fast-tests / bitcount_autotest OK 0.44s
6/120 DPDK:fast-tests / bitmap_autotest OK 0.43s
7/120 DPDK:fast-tests / bitops_autotest OK 1.94s
8/120 DPDK:fast-tests / bitratestats_autotest OK 0.44s
9/120 DPDK:fast-tests / bitset_autotest OK 3.18s
10/120 DPDK:fast-tests / bpf_autotest OK 0.54s
11/120 DPDK:fast-tests / bpf_convert_autotest OK 0.44s
12/120 DPDK:fast-tests / byteorder_autotest OK 0.43s
13/120 DPDK:fast-tests / cfgfile_autotest OK 0.44s
14/120 DPDK:fast-tests / cksum_autotest OK 0.43s
15/120 DPDK:fast-tests / cmdline_autotest OK 0.43s
16/120 DPDK:fast-tests / common_autotest OK 1.32s
17/120 DPDK:fast-tests / compressdev_autotest SKIP 0.07s exit status 77
18/120 DPDK:fast-tests / cpuflags_autotest OK 0.43s
19/120 DPDK:fast-tests / crc_autotest OK 0.43s
20/120 DPDK:fast-tests / user_delay_us OK 0.43s
21/120 DPDK:fast-tests / debug_autotest OK 23.09s
22/120 DPDK:fast-tests / devargs_autotest OK 0.44s
23/120 DPDK:fast-tests / dispatcher_autotest OK 2.52s
24/120 DPDK:fast-tests / distributor_autotest OK 1.20s
25/120 DPDK:fast-tests / eal_flags_c_opt_autotest OK 1.03s
26/120 DPDK:fast-tests / eal_flags_main_opt_autotest OK 0.26s
27/120 DPDK:fast-tests / eal_flags_n_opt_autotest OK 0.23s
28/120 DPDK:fast-tests / eal_flags_hpet_autotest OK 0.15s
29/120 DPDK:fast-tests / eal_flags_no_huge_autotest OK 0.24s
30/120 DPDK:fast-tests / eal_flags_a_opt_autotest OK 0.38s
31/120 DPDK:fast-tests / eal_flags_b_opt_autotest OK 0.31s
32/120 DPDK:fast-tests / eal_flags_vdev_opt_autotest OK 0.23s
33/120 DPDK:fast-tests / eal_flags_r_opt_autotest OK 0.23s
34/120 DPDK:fast-tests / eal_flags_mem_autotest OK 0.66s
35/120 DPDK:fast-tests / eal_flags_file_prefix_autotest OK 22.27s
36/120 DPDK:fast-tests / eal_flags_misc_autotest OK 1.25s
37/120 DPDK:fast-tests / eal_fs_autotest OK 0.43s
38/120 DPDK:fast-tests / errno_autotest OK 0.43s
39/120 DPDK:fast-tests / ethdev_link_status OK 0.43s
40/120 DPDK:fast-tests / event_eth_tx_adapter_autotest OK 1.70s
41/120 DPDK:fast-tests / event_ring_autotest OK 0.44s
42/120 DPDK:fast-tests / eventdev_common_autotest OK 0.43s
43/120 DPDK:fast-tests / eventdev_selftest_sw OK 7.41s
44/120 DPDK:fast-tests / fbarray_autotest OK 0.43s
45/120 DPDK:fast-tests / fib_autotest OK 1.28s
46/120 DPDK:fast-tests / fib6_autotest OK 1.26s
47/120 DPDK:fast-tests / func_reentrancy_autotest OK 2.22s
48/120 DPDK:fast-tests / graph_autotest OK 0.43s
49/120 DPDK:fast-tests / node_list_dump OK 0.43s
50/120 DPDK:fast-tests / graph_feature_arc_autotest OK 0.44s
51/120 DPDK:fast-tests / hash_autotest OK 1.06s
52/120 DPDK:fast-tests / hash_readwrite_func_autotest OK 0.12s
53/120 DPDK:fast-tests / interrupt_autotest OK 1.73s
54/120 DPDK:fast-tests / ipfrag_autotest OK 0.08s
55/120 DPDK:fast-tests / ipsec_autotest SKIP 0.43s exit status 77
56/120 DPDK:fast-tests / kvargs_autotest OK 0.44s
57/120 DPDK:fast-tests / latencystats_autotest OK 0.44s
58/120 DPDK:fast-tests / lcore_var_autotest OK 0.57s
59/120 DPDK:fast-tests / lcores_autotest OK 5.24s
60/120 DPDK:fast-tests / logs_autotest OK 0.43s
61/120 DPDK:fast-tests / lpm_autotest OK 2.48s
62/120 DPDK:fast-tests / lpm6_autotest OK 5.55s
63/120 DPDK:fast-tests / malloc_autotest OK 60.84s
64/120 DPDK:fast-tests / mbuf_autotest OK 5.17s
65/120 DPDK:fast-tests / mcslock_autotest OK 3.92s
66/120 DPDK:fast-tests / member_autotest OK 1.62s
67/120 DPDK:fast-tests / memcpy_autotest OK 6.97s
68/120 DPDK:fast-tests / memory_autotest OK 0.09s
69/120 DPDK:fast-tests / mempool_autotest OK 0.44s
70/120 DPDK:fast-tests / memzone_autotest OK 0.14s
71/120 DPDK:fast-tests / meter_autotest OK 0.43s
72/120 DPDK:fast-tests / metrics_autotest OK 0.43s
73/120 DPDK:fast-tests / multiprocess_autotest OK 0.22s
74/120 DPDK:fast-tests / net_ether_autotest OK 1.09s
75/120 DPDK:fast-tests / net_ipv6_autotest OK 0.43s
76/120 DPDK:fast-tests / pcapng_autotest OK 6.31s
77/120 DPDK:fast-tests / pdcp_autotest SKIP 0.07s exit status 77
78/120 DPDK:fast-tests / pdump_autotest OK 0.56s
79/120 DPDK:fast-tests / per_lcore_autotest OK 0.53s
80/120 DPDK:fast-tests / pflock_autotest OK 1.24s
81/120 DPDK:fast-tests / pie_autotest OK 0.44s
82/120 DPDK:fast-tests / ring_pmd_autotest OK 0.43s
83/120 DPDK:fast-tests / power_autotest OK 0.43s
84/120 DPDK:fast-tests / power_cpufreq_autotest SKIP 0.07s exit status 77
85/120 DPDK:fast-tests / power_intel_uncore_autotest SKIP 0.43s exit status 77
86/120 DPDK:fast-tests / power_kvm_vm_autotest SKIP 0.07s exit status 77
87/120 DPDK:fast-tests / prefetch_autotest OK 0.43s
88/120 DPDK:fast-tests / ptr_compress_autotest OK 0.43s
89/120 DPDK:fast-tests / rawdev_autotest OK 0.52s
90/120 DPDK:fast-tests / rcu_qsbr_autotest OK 0.95s
91/120 DPDK:fast-tests / reorder_autotest OK 0.49s
92/120 DPDK:fast-tests / rib_autotest OK 9.06s
93/120 DPDK:fast-tests / rib6_autotest OK 9.07s
94/120 DPDK:fast-tests / ring_autotest OK 0.46s
95/120 DPDK:fast-tests / rwlock_test1_autotest OK 1.18s
96/120 DPDK:fast-tests / rwlock_rda_autotest OK 5.43s
97/120 DPDK:fast-tests / rwlock_rds_wrm_autotest OK 5.43s
98/120 DPDK:fast-tests / rwlock_rde_wro_autotest OK 5.52s
99/120 DPDK:fast-tests / sched_autotest OK 0.54s
100/120 DPDK:fast-tests / security_autotest OK 0.07s
101/120 DPDK:fast-tests / seqlock_autotest OK 2.43s
102/120 DPDK:fast-tests / service_autotest OK 3.14s
103/120 DPDK:fast-tests / soring_autotest OK 0.44s
104/120 DPDK:fast-tests / spinlock_autotest OK 0.51s
105/120 DPDK:fast-tests / stack_autotest OK 0.87s
106/120 DPDK:fast-tests / stack_lf_autotest SKIP 0.06s exit status 77
107/120 DPDK:fast-tests / string_autotest OK 0.43s
108/120 DPDK:fast-tests / table_autotest OK 7.53s
109/120 DPDK:fast-tests / tailq_autotest OK 0.43s
110/120 DPDK:fast-tests / telemetry_data_autotest OK 0.44s
111/120 DPDK:fast-tests / telemetry_json_autotest OK 0.43s
112/120 DPDK:fast-tests / thash_autotest OK 0.44s
113/120 DPDK:fast-tests / threads_autotest OK 0.61s
114/120 DPDK:fast-tests / ticketlock_autotest OK 0.59s
115/120 DPDK:fast-tests / timer_autotest OK 3.93s
116/120 DPDK:fast-tests / trace_autotest OK 0.43s
117/120 DPDK:fast-tests / trace_autotest_with_traces OK 0.44s
118/120 DPDK:fast-tests / vdev_autotest OK 0.43s
119/120 DPDK:fast-tests / version_autotest OK 0.43s
120/120 DPDK:fast-tests / telemetry_all OK 19.46s
Ok: 113
Expected Fail: 0
Fail: 0
Unexpected Pass: 0
Skipped: 7
Timeout: 0
^ permalink raw reply [flat|nested] 17+ messages in thread
* |WARNING| pw158855 [PATCH 2/2] net/mlx5: fix the masked value for a rule for sync API
[not found] <20251117080942.9750-1-bingz@nvidia.com>
2025-11-17 7:48 ` |SUCCESS| pw158854-158855 [PATCH 2/2] net/mlx5: fix the masked value for a rule for sync API qemudev
2025-11-17 7:53 ` qemudev
@ 2025-11-17 8:09 ` checkpatch
2025-11-17 9:19 ` |FAILURE| " 0-day Robot
` (13 subsequent siblings)
16 siblings, 0 replies; 17+ messages in thread
From: checkpatch @ 2025-11-17 8:09 UTC (permalink / raw)
To: test-report; +Cc: Bing Zhao
Test-Label: checkpatch
Test-Status: WARNING
http://dpdk.org/patch/158855
_coding style issues_
WARNING:TYPO_SPELLING: 'implementaiton' may be misspelled - perhaps 'implementation'?
#121:
implementaiton is a bit different from HWS. The template(async)
^^^^^^^^^^^^^^
total: 0 errors, 1 warnings, 0 checks, 69 lines checked
^ permalink raw reply [flat|nested] 17+ messages in thread
* |FAILURE| pw158855 [PATCH 2/2] net/mlx5: fix the masked value for a rule for sync API
[not found] <20251117080942.9750-1-bingz@nvidia.com>
` (2 preceding siblings ...)
2025-11-17 8:09 ` |WARNING| pw158855 " checkpatch
@ 2025-11-17 9:19 ` 0-day Robot
2025-11-17 9:45 ` |FAILURE| pw158854-158855 [PATCH] [2/2] net/mlx5: fix the masked val dpdklab
` (12 subsequent siblings)
16 siblings, 0 replies; 17+ messages in thread
From: 0-day Robot @ 2025-11-17 9:19 UTC (permalink / raw)
To: test-report; +Cc: bingz, robot
From: robot@bytheb.org
Test-Label: github-robot: build
Test-Status: FAILURE
http://patchwork.dpdk.org/patch/158855/
_github build: failed_
Build URL: https://github.com/ovsrobot/dpdk/actions/runs/19423364226
^ permalink raw reply [flat|nested] 17+ messages in thread
* |SUCCESS| pw158854-158855 [PATCH] [2/2] net/mlx5: fix the masked val
[not found] <20251117080942.9750-1-bingz@nvidia.com>
` (4 preceding siblings ...)
2025-11-17 9:45 ` |FAILURE| pw158854-158855 [PATCH] [2/2] net/mlx5: fix the masked val dpdklab
@ 2025-11-17 9:45 ` dpdklab
2025-11-17 9:50 ` dpdklab
` (10 subsequent siblings)
16 siblings, 0 replies; 17+ messages in thread
From: dpdklab @ 2025-11-17 9:45 UTC (permalink / raw)
To: Test Report; +Cc: dpdk-test-reports, Stephen Hemminger
Test-Label: iol-mellanox-Functional
Test-Status: SUCCESS
http://dpdk.org/patch/158855
_Functional Testing PASS_
Submitter: Bing Zhao <bingz@nvidia.com>
Date: Monday, November 17 2025 08:09:42
DPDK git baseline: Repo:dpdk-next-net
Branch: master
CommitID:18d8a8909b8ed6b0a4bd8f99971da74ebba792e2
158854-158855 --> functional testing pass
Upstream job id: Template-DPDK-DTS-Pipeline#3385
Test environment and result as below:
Ubuntu 24.04
Kernel: 6.8.0-55-generic
Compiler: gcc 13.3.0
NIC: Mellanox ConnectX-5 100000 Mbps
Aggregate Results by Test Suite
+---------------------------------+--------+
| Test Suite | Result |
+=================================+========+
| blocklist | PASS |
+---------------------------------+--------+
| promisc_support | PASS |
+---------------------------------+--------+
| uni_pkt | PASS |
+---------------------------------+--------+
| dynamic_config | PASS |
+---------------------------------+--------+
| hello_world | PASS |
+---------------------------------+--------+
| l2fwd | PASS |
+---------------------------------+--------+
| port_restart_config_persistency | PASS |
+---------------------------------+--------+
| softnic | PASS |
+---------------------------------+--------+
| vlan | PASS |
+---------------------------------+--------+
To view detailed results, visit:
https://lab.dpdk.org/results/dashboard/patchsets/34624/
UNH-IOL DPDK Community Lab
To manage your email subscriptions, visit:
https://lab.dpdk.org/results/dashboard/preferences/subscriptions/
^ permalink raw reply [flat|nested] 17+ messages in thread
* |FAILURE| pw158854-158855 [PATCH] [2/2] net/mlx5: fix the masked val
[not found] <20251117080942.9750-1-bingz@nvidia.com>
` (3 preceding siblings ...)
2025-11-17 9:19 ` |FAILURE| " 0-day Robot
@ 2025-11-17 9:45 ` dpdklab
2025-11-17 9:45 ` |SUCCESS| " dpdklab
` (11 subsequent siblings)
16 siblings, 0 replies; 17+ messages in thread
From: dpdklab @ 2025-11-17 9:45 UTC (permalink / raw)
To: Test Report; +Cc: dpdk-test-reports, Stephen Hemminger, Bing Zhao
Test-Label: iol-compile-amd64-testing
Test-Status: FAILURE
http://dpdk.org/patch/158855
_Testing issues_
Submitter: Bing Zhao <bingz@nvidia.com>
Date: Monday, November 17 2025 08:09:42
DPDK git baseline: Repo:dpdk-next-net
Branch: master
CommitID:18d8a8909b8ed6b0a4bd8f99971da74ebba792e2
158854-158855 --> testing issues
Upstream job id: Generic-VM-DPDK-Compile-Meson#39844
Test environment and result as below:
+--------------+--------------------+
| Environment | dpdk_meson_compile |
+==============+====================+
| Ubuntu 20.04 | FAIL |
+--------------+--------------------+
| FreeBSD 14.2 | PEND |
+--------------+--------------------+
==== 20 line log output for Ubuntu 20.04 (dpdk_meson_compile): ====
[2977/3604] Linking target drivers/librte_regex_cn9k.so.26.0
[2978/3604] Generating rte_vdpa_ifc.sym_chk with a custom command (wrapped by meson to capture output)
[2979/3604] Generating rte_ml_cnxk.sym_chk with a custom command (wrapped by meson to capture output)
[2980/3604] Generating rte_vdpa_mlx5.sym_chk with a custom command (wrapped by meson to capture output)
[2981/3604] Generating rte_vdpa_nfp.sym_chk with a custom command (wrapped by meson to capture output)
[2982/3604] Compiling C object drivers/libtmp_rte_event_cnxk.a.p/event_cnxk_cnxk_eventdev_stats.c.o
[2983/3604] Compiling C object drivers/libtmp_rte_event_cnxk.a.p/event_cnxk_cnxk_eventdev.c.o
[2984/3604] Compiling C object drivers/libtmp_rte_event_cnxk.a.p/event_cnxk_cnxk_vector_adptr.c.o
[2985/3604] Compiling C object drivers/libtmp_rte_net_zxdh.a.p/net_zxdh_zxdh_np.c.o
[2986/3604] Compiling C object drivers/libtmp_rte_event_cnxk.a.p/event_cnxk_cnxk_tim_evdev.c.o
[2987/3604] Compiling C object drivers/libtmp_rte_event_cnxk.a.p/event_cnxk_cnxk_eventdev_adptr.c.o
[2988/3604] Compiling C object drivers/libtmp_rte_event_cnxk.a.p/event_cnxk_deq_cn9k_deq_all_offload.c.o
[2989/3604] Compiling C object drivers/libtmp_rte_event_cnxk.a.p/event_cnxk_cn9k_worker.c.o
[2990/3604] Compiling C object drivers/libtmp_rte_event_cnxk.a.p/event_cnxk_cn9k_eventdev.c.o
[2991/3604] Compiling C object drivers/libtmp_rte_event_cnxk.a.p/event_cnxk_cnxk_eventdev_selftest.c.o
[2992/3604] Compiling C object drivers/libtmp_rte_crypto_dpaa_sec.a.p/crypto_dpaa_sec_dpaa_sec.c.o
[2993/3604] Compiling C object drivers/libtmp_rte_crypto_octeontx.a.p/crypto_octeontx_otx_cryptodev_ops.c.o
[2994/3604] Compiling C object drivers/libtmp_rte_crypto_cnxk.a.p/crypto_cnxk_cn20k_cryptodev_ops.c.o
[2995/3604] Compiling C object drivers/libtmp_rte_crypto_cnxk.a.p/crypto_cnxk_cn10k_cryptodev_ops.c.o
ninja: build stopped: subcommand failed.
==== End log output ====
Ubuntu 20.04
Kernel: 4.19
Compiler: gcc gcc (Ubuntu 9.4.0-1ubuntu1~20.04.2) 9.4.0
FreeBSD 14.2
Kernel: 14.2-RELEASE
Compiler: clang 18.1.6
To view detailed results, visit:
https://lab.dpdk.org/results/dashboard/patchsets/34624/
UNH-IOL DPDK Community Lab
To manage your email subscriptions, visit:
https://lab.dpdk.org/results/dashboard/preferences/subscriptions/
^ permalink raw reply [flat|nested] 17+ messages in thread
* |SUCCESS| pw158854-158855 [PATCH] [2/2] net/mlx5: fix the masked val
[not found] <20251117080942.9750-1-bingz@nvidia.com>
` (5 preceding siblings ...)
2025-11-17 9:45 ` |SUCCESS| " dpdklab
@ 2025-11-17 9:50 ` dpdklab
2025-11-17 9:54 ` |FAILURE| " dpdklab
` (9 subsequent siblings)
16 siblings, 0 replies; 17+ messages in thread
From: dpdklab @ 2025-11-17 9:50 UTC (permalink / raw)
To: Test Report; +Cc: dpdk-test-reports, Stephen Hemminger
Test-Label: iol-marvell-Functional
Test-Status: SUCCESS
http://dpdk.org/patch/158855
_Functional Testing PASS_
Submitter: Bing Zhao <bingz@nvidia.com>
Date: Monday, November 17 2025 08:09:42
DPDK git baseline: Repo:dpdk-next-net
Branch: master
CommitID:18d8a8909b8ed6b0a4bd8f99971da74ebba792e2
158854-158855 --> functional testing pass
Upstream job id: Template-DTS-Pipeline#255438
Test environment and result as below:
Ubuntu 20.04.6
Kernel: 5.4.105
Compiler: gcc 9.4
NIC: Marvell CN106XX 50000 Mbps
Target: arm64-native-linuxapp-gcc
Aggregate Results by Test Suite
+----------------+--------+
| Test Suite | Result |
+================+========+
| cmdline | PASS |
+----------------+--------+
| rxtx_callbacks | PASS |
+----------------+--------+
To view detailed results, visit:
https://lab.dpdk.org/results/dashboard/patchsets/34624/
UNH-IOL DPDK Community Lab
To manage your email subscriptions, visit:
https://lab.dpdk.org/results/dashboard/preferences/subscriptions/
^ permalink raw reply [flat|nested] 17+ messages in thread
* |FAILURE| pw158854-158855 [PATCH] [2/2] net/mlx5: fix the masked val
[not found] <20251117080942.9750-1-bingz@nvidia.com>
` (6 preceding siblings ...)
2025-11-17 9:50 ` dpdklab
@ 2025-11-17 9:54 ` dpdklab
2025-11-17 10:12 ` |SUCCESS| " dpdklab
` (8 subsequent siblings)
16 siblings, 0 replies; 17+ messages in thread
From: dpdklab @ 2025-11-17 9:54 UTC (permalink / raw)
To: Test Report; +Cc: dpdk-test-reports, Stephen Hemminger, Bing Zhao
Test-Label: iol-compile-amd64-testing
Test-Status: FAILURE
http://dpdk.org/patch/158855
_Testing issues_
Submitter: Bing Zhao <bingz@nvidia.com>
Date: Monday, November 17 2025 08:09:42
DPDK git baseline: Repo:dpdk-next-net
Branch: master
CommitID:18d8a8909b8ed6b0a4bd8f99971da74ebba792e2
158854-158855 --> testing issues
Upstream job id: Generic-VM-DPDK-Compile-Meson#39845
Test environment and result as below:
+--------------+--------------------+
| Environment | dpdk_meson_compile |
+==============+====================+
| Ubuntu 20.04 | FAIL |
+--------------+--------------------+
| FreeBSD 14.2 | PASS |
+--------------+--------------------+
==== 20 line log output for Ubuntu 20.04 (dpdk_meson_compile): ====
[2977/3604] Linking target drivers/librte_regex_cn9k.so.26.0
[2978/3604] Generating rte_vdpa_ifc.sym_chk with a custom command (wrapped by meson to capture output)
[2979/3604] Generating rte_ml_cnxk.sym_chk with a custom command (wrapped by meson to capture output)
[2980/3604] Generating rte_vdpa_mlx5.sym_chk with a custom command (wrapped by meson to capture output)
[2981/3604] Generating rte_vdpa_nfp.sym_chk with a custom command (wrapped by meson to capture output)
[2982/3604] Compiling C object drivers/libtmp_rte_event_cnxk.a.p/event_cnxk_cnxk_eventdev_stats.c.o
[2983/3604] Compiling C object drivers/libtmp_rte_event_cnxk.a.p/event_cnxk_cnxk_eventdev.c.o
[2984/3604] Compiling C object drivers/libtmp_rte_event_cnxk.a.p/event_cnxk_cnxk_vector_adptr.c.o
[2985/3604] Compiling C object drivers/libtmp_rte_net_zxdh.a.p/net_zxdh_zxdh_np.c.o
[2986/3604] Compiling C object drivers/libtmp_rte_event_cnxk.a.p/event_cnxk_cnxk_tim_evdev.c.o
[2987/3604] Compiling C object drivers/libtmp_rte_event_cnxk.a.p/event_cnxk_cnxk_eventdev_adptr.c.o
[2988/3604] Compiling C object drivers/libtmp_rte_event_cnxk.a.p/event_cnxk_deq_cn9k_deq_all_offload.c.o
[2989/3604] Compiling C object drivers/libtmp_rte_event_cnxk.a.p/event_cnxk_cn9k_worker.c.o
[2990/3604] Compiling C object drivers/libtmp_rte_event_cnxk.a.p/event_cnxk_cn9k_eventdev.c.o
[2991/3604] Compiling C object drivers/libtmp_rte_event_cnxk.a.p/event_cnxk_cnxk_eventdev_selftest.c.o
[2992/3604] Compiling C object drivers/libtmp_rte_crypto_dpaa_sec.a.p/crypto_dpaa_sec_dpaa_sec.c.o
[2993/3604] Compiling C object drivers/libtmp_rte_crypto_octeontx.a.p/crypto_octeontx_otx_cryptodev_ops.c.o
[2994/3604] Compiling C object drivers/libtmp_rte_crypto_cnxk.a.p/crypto_cnxk_cn20k_cryptodev_ops.c.o
[2995/3604] Compiling C object drivers/libtmp_rte_crypto_cnxk.a.p/crypto_cnxk_cn10k_cryptodev_ops.c.o
ninja: build stopped: subcommand failed.
==== End log output ====
Ubuntu 20.04
Kernel: 4.19
Compiler: gcc gcc (Ubuntu 9.4.0-1ubuntu1~20.04.2) 9.4.0
FreeBSD 14.2
Kernel: 14.2-RELEASE
Compiler: clang 18.1.6
To view detailed results, visit:
https://lab.dpdk.org/results/dashboard/patchsets/34624/
UNH-IOL DPDK Community Lab
To manage your email subscriptions, visit:
https://lab.dpdk.org/results/dashboard/preferences/subscriptions/
^ permalink raw reply [flat|nested] 17+ messages in thread
* |SUCCESS| pw158854-158855 [PATCH] [2/2] net/mlx5: fix the masked val
[not found] <20251117080942.9750-1-bingz@nvidia.com>
` (7 preceding siblings ...)
2025-11-17 9:54 ` |FAILURE| " dpdklab
@ 2025-11-17 10:12 ` dpdklab
2025-11-17 11:50 ` |PENDING| " dpdklab
` (7 subsequent siblings)
16 siblings, 0 replies; 17+ messages in thread
From: dpdklab @ 2025-11-17 10:12 UTC (permalink / raw)
To: Test Report; +Cc: dpdk-test-reports, Stephen Hemminger
Test-Label: iol-sample-apps-testing
Test-Status: SUCCESS
http://dpdk.org/patch/158855
_Testing PASS_
Submitter: Bing Zhao <bingz@nvidia.com>
Date: Monday, November 17 2025 08:09:42
DPDK git baseline: Repo:dpdk-next-net
Branch: master
CommitID:18d8a8909b8ed6b0a4bd8f99971da74ebba792e2
158854-158855 --> testing pass
Upstream job id: Template-DTS-Pipeline#255440
Test environment and result as below:
+--------------+----------------------+
| Environment | compressdev_zlib_pmd |
+==============+======================+
| Ubuntu 22.04 | PASS |
+--------------+----------------------+
Ubuntu 22.04
Kernel: 5.15
Compiler: gcc gcc (Ubuntu 11.4.0-1ubuntu1~22.04.2) 11.4.0
To view detailed results, visit:
https://lab.dpdk.org/results/dashboard/patchsets/34624/
UNH-IOL DPDK Community Lab
To manage your email subscriptions, visit:
https://lab.dpdk.org/results/dashboard/preferences/subscriptions/
^ permalink raw reply [flat|nested] 17+ messages in thread
* |PENDING| pw158854-158855 [PATCH] [2/2] net/mlx5: fix the masked val
[not found] <20251117080942.9750-1-bingz@nvidia.com>
` (8 preceding siblings ...)
2025-11-17 10:12 ` |SUCCESS| " dpdklab
@ 2025-11-17 11:50 ` dpdklab
2025-11-17 12:48 ` |FAILURE| " dpdklab
` (6 subsequent siblings)
16 siblings, 0 replies; 17+ messages in thread
From: dpdklab @ 2025-11-17 11:50 UTC (permalink / raw)
To: Test Report; +Cc: dpdk-test-reports
Test-Label: iol-unit-arm64-testing
Test-Status: PENDING
http://dpdk.org/patch/158855
_Testing pending_
Submitter: Bing Zhao <bingz@nvidia.com>
Date: Monday, November 17 2025 08:09:42
DPDK git baseline: Repo:dpdk-next-net
Branch: master
CommitID:18d8a8909b8ed6b0a4bd8f99971da74ebba792e2
158854-158855 --> testing pending
Upstream job id: Aarch32-Unit-Test#8269
Test environment and result as below:
+------------------------------+----------------+---------------------------+--------------+------------------------------+
| Environment | dpdk_unit_test | cryptodev_sw_zuc_autotest | lpm_autotest | cryptodev_sw_snow3g_autotest |
+==============================+================+===========================+==============+==============================+
| Fedora Linux 40 | PEND | SKIPPED | SKIPPED | SKIPPED |
+------------------------------+----------------+---------------------------+--------------+------------------------------+
| CentOS Stream 10 | PEND | SKIPPED | SKIPPED | SKIPPED |
+------------------------------+----------------+---------------------------+--------------+------------------------------+
| Debian GNU/Linux 12 | PEND | SKIPPED | SKIPPED | SKIPPED |
+------------------------------+----------------+---------------------------+--------------+------------------------------+
| CentOS Stream 9 | PEND | SKIPPED | SKIPPED | SKIPPED |
+------------------------------+----------------+---------------------------+--------------+------------------------------+
| Fedora Linux 41 | PEND | SKIPPED | SKIPPED | SKIPPED |
+------------------------------+----------------+---------------------------+--------------+------------------------------+
| Fedora Linux 42 | PEND | SKIPPED | SKIPPED | SKIPPED |
+------------------------------+----------------+---------------------------+--------------+------------------------------+
| Red Hat Enterprise Linux 9.5 | PEND | SKIPPED | SKIPPED | SKIPPED |
+------------------------------+----------------+---------------------------+--------------+------------------------------+
| Ubuntu 20.04 | PEND | SKIPPED | PEND | SKIPPED |
+------------------------------+----------------+---------------------------+--------------+------------------------------+
| Ubuntu 24.04 | PEND | SKIPPED | SKIPPED | SKIPPED |
+------------------------------+----------------+---------------------------+--------------+------------------------------+
| Ubuntu 22.04 | PASS | SKIPPED | SKIPPED | SKIPPED |
+------------------------------+----------------+---------------------------+--------------+------------------------------+
| Debian 12 (arm) | SKIPPED | PEND | SKIPPED | PEND |
+------------------------------+----------------+---------------------------+--------------+------------------------------+
Fedora Linux 40
Kernel: 5.4
Compiler: gcc gcc (GCC) 14.2.1 20240912 (Red Hat 14.2.1-3)
CentOS Stream 10
Kernel: 5.4
Compiler: gcc gcc (GCC) 14.2.1 20250110 (Red Hat 14.2.1-8)
Debian GNU/Linux 12
Kernel: 5.4
Compiler: gcc gcc (Debian 12.2.0-14+deb12u1) 12.2.0
CentOS Stream 9
Kernel: 5.4
Compiler: gcc gcc (GCC) 11.5.0 20240719 (Red Hat 11.5.0-11)
Fedora Linux 41
Kernel: 5.4
Compiler: clang gcc (GCC) 14.3.1 20250523 (Red Hat 14.3.1-1)
Fedora Linux 42
Kernel: 5.4
Compiler: gcc gcc (GCC) 15.2.1 20250808 (Red Hat 15.2.1-1)
Red Hat Enterprise Linux 9.5
Kernel: 5.4
Compiler: gcc gcc (GCC) 11.5.0 20240719 (Red Hat 11.5.0-2)
Ubuntu 20.04
Kernel: 5.4
Compiler: gcc gcc (Ubuntu 9.4.0-1ubuntu1~20.04.2) 9.4.0
Ubuntu 24.04
Kernel: 5.4
Compiler: gcc gcc (Ubuntu 13.3.0-6ubuntu2~24.04) 13.3.0
Ubuntu 22.04
Kernel: 5.4
Compiler: gcc gcc (Ubuntu 11.4.0-1ubuntu1~22.04) 11.4.0
Debian 12 (arm)
Kernel: Depends on container host
Compiler: gcc (Debian 12.2.0-14) 12.2.0
To view detailed results, visit:
https://lab.dpdk.org/results/dashboard/patchsets/34624/
UNH-IOL DPDK Community Lab
To manage your email subscriptions, visit:
https://lab.dpdk.org/results/dashboard/preferences/subscriptions/
^ permalink raw reply [flat|nested] 17+ messages in thread
* |FAILURE| pw158854-158855 [PATCH] [2/2] net/mlx5: fix the masked val
[not found] <20251117080942.9750-1-bingz@nvidia.com>
` (9 preceding siblings ...)
2025-11-17 11:50 ` |PENDING| " dpdklab
@ 2025-11-17 12:48 ` dpdklab
2025-11-17 12:59 ` dpdklab
` (5 subsequent siblings)
16 siblings, 0 replies; 17+ messages in thread
From: dpdklab @ 2025-11-17 12:48 UTC (permalink / raw)
To: Test Report; +Cc: dpdk-test-reports, Stephen Hemminger, Bing Zhao
Test-Label: iol-compile-amd64-testing
Test-Status: FAILURE
http://dpdk.org/patch/158855
_Testing issues_
Submitter: Bing Zhao <bingz@nvidia.com>
Date: Monday, November 17 2025 08:09:42
DPDK git baseline: Repo:dpdk-next-net
Branch: master
CommitID:18d8a8909b8ed6b0a4bd8f99971da74ebba792e2
158854-158855 --> testing issues
Upstream job id: Generic-DPDK-Compile-Meson#445546
Test environment and result as below:
+-------------------------------+--------------------+------------------+
| Environment | dpdk_meson_compile | dpdk_compile_ovs |
+===============================+====================+==================+
| Ubuntu 20.04 | FAIL | SKIPPED |
+-------------------------------+--------------------+------------------+
| FreeBSD 14.2 | PASS | SKIPPED |
+-------------------------------+--------------------+------------------+
| CentOS Stream 9 | FAIL | SKIPPED |
+-------------------------------+--------------------+------------------+
| CentOS Stream 10 | PEND | SKIPPED |
+-------------------------------+--------------------+------------------+
| Debian GNU/Linux 12 | PEND | SKIPPED |
+-------------------------------+--------------------+------------------+
| Fedora Linux 42 | PEND | PEND |
+-------------------------------+--------------------+------------------+
| openSUSE Leap 15.6 | PEND | SKIPPED |
+-------------------------------+--------------------+------------------+
| Red Hat Enterprise Linux 8.10 | PEND | SKIPPED |
+-------------------------------+--------------------+------------------+
==== 20 line log output for CentOS Stream 9 (dpdk_meson_compile): ====
[795/3642] Compiling C object drivers/libtmp_rte_net_mlx5.a.p/net_mlx5_mlx5_trace.c.o
[796/3642] Compiling C object drivers/libtmp_rte_net_mlx5.a.p/net_mlx5_mlx5_trigger.c.o
[797/3642] Compiling C object drivers/libtmp_rte_net_mlx5.a.p/net_mlx5_mlx5_tx.c.o
[798/3642] Compiling C object drivers/libtmp_rte_net_mlx5.a.p/net_mlx5_mlx5_tx_empw.c.o
[799/3642] Compiling C object drivers/libtmp_rte_net_mlx5.a.p/net_mlx5_mlx5_tx_mpw.c.o
[800/3642] Compiling C object drivers/libtmp_rte_net_mlx5.a.p/net_mlx5_mlx5_tx_nompw.c.o
[801/3642] Compiling C object drivers/libtmp_rte_net_mlx5.a.p/net_mlx5_mlx5_tx_txpp.c.o
[802/3642] Compiling C object drivers/libtmp_rte_net_mlx5.a.p/net_mlx5_mlx5_txpp.c.o
[803/3642] Compiling C object drivers/libtmp_rte_net_mlx5.a.p/net_mlx5_mlx5_txq.c.o
[804/3642] Compiling C object drivers/libtmp_rte_net_mlx5.a.p/net_mlx5_mlx5_utils.c.o
[805/3642] Compiling C object drivers/libtmp_rte_net_mlx5.a.p/net_mlx5_mlx5_vlan.c.o
[806/3642] Compiling C object drivers/libtmp_rte_net_mlx5.a.p/net_mlx5_mlx5_flow_hw.c.o
FAILED: [code=1] drivers/libtmp_rte_net_mlx5.a.p/net_mlx5_mlx5_flow_hw.c.o
ccache cc -Idrivers/libtmp_rte_net_mlx5.a.p -Idrivers -I../drivers -Idrivers/net/mlx5 -I../drivers/net/mlx5 -Idrivers/net/mlx5/linux -I../drivers/net/mlx5/linux -Idrivers/net/mlx5/hws -I../drivers/net/mlx5/hws -Ilib/ethdev -I../lib/ethdev -Ilib/eal/common -I../lib/eal/common -I. -I.. -Iconfig -I../config -Ilib/eal/include -I../lib/eal/include -Ilib/eal/linux/include -I../lib/eal/linux/include -Ilib/eal/x86/include -I../lib/eal/x86/include -I../kernel/linux -Ilib/eal -I../lib/eal -Ilib/kvargs -I../lib/kvargs -Ilib/log -I../lib/log -Ilib/metrics -I../lib/metrics -Ilib/telemetry -I../lib/telemetry -Ilib/argparse -I../lib/argparse -Ilib/net -I../lib/net -Ilib/mbuf -I../lib/mbuf -Ilib/mempool -I../lib/mempool -Ilib/ring -I../lib/ring -Ilib/meter -I../lib/meter -Idrivers/bus/pci -I../drivers/bus/pci -I../drivers/bus/pci/linux -Ilib/pci -I../lib/pci -Idrivers/bus/vdev -I../drivers/bus/vdev -Ilib/hash -I../lib/hash -Ilib/rcu -I../lib/rcu -Idrivers/common/mlx5 -I../drivers/common/mlx5 -Idrive
rs/common/mlx5/linux -I../drivers/common/mlx5/linux -Idrivers/bus/auxiliary -I../drivers/bus/auxiliary -fdiagnostics-color=always -pipe -D_FILE_OFFSET_BITS=64 -Wall -Winvalid-pch -Wextra -Werror -std=c11 -O3 -include rte_config.h -Wvla -Wcast-qual -Wdeprecated -Wformat -Wformat-nonliteral -Wformat-security -Wmissing-declarations -Wmissing-prototypes -Wnested-externs -Wold-style-definition -Wpointer-arith -Wsign-compare -Wstrict-prototypes -Wundef -Wwrite-strings -Wno-packed-not-aligned -Wno-missing-field-initializers -D_GNU_SOURCE -fPIC -march=native -mrtm -DALLOW_EXPERIMENTAL_API -DALLOW_INTERNAL_API -Wno-format-truncation -Wno-address-of-packed-member -std=c11 -Wno-strict-prototypes -D_BSD_SOURCE -D_DEFAULT_SOURCE -D_XOPEN_SOURCE=600 -UPEDANTIC -Wno-vla -DRTE_LOG_DEFAULT_LOGTYPE=pmd.net.mlx5 -MD -MQ drivers/libtmp_rte_net_mlx5.a.p/net_mlx5_mlx5_flow_hw.c.o -MF drivers/libtmp_rte_net_mlx5.a.p/net_mlx5_mlx5_flow_hw.c.o.d -o drivers/libtmp_rte_net_mlx5.a.p/net_mlx5_mlx5_flow_hw.c.o -
c ../drivers/net/mlx5/mlx5_flow_hw.c
../drivers/net/mlx5/mlx5_flow_hw.c: In function 'flow_hw_create_flow':
../drivers/net/mlx5/mlx5_flow_hw.c:14159:13: error: unused variable 'len' [-Werror=unused-variable]
14159 | int len;
| ^~~
cc1: all warnings being treated as errors
ninja: build stopped: subcommand failed.
==== End log output ====
Ubuntu 20.04
Kernel: 4.19
Compiler: gcc gcc (Ubuntu 9.4.0-1ubuntu1~20.04.2) 9.4.0
FreeBSD 14.2
Kernel: 14.2-RELEASE
Compiler: clang 18.1.6
CentOS Stream 9
Kernel: 5.15
Compiler: gcc gcc (GCC) 11.5.0 20240719 (Red Hat 11.5.0-11)
CentOS Stream 10
Kernel: 5.15
Compiler: gcc gcc (GCC) 14.2.1 20250110 (Red Hat 14.2.1-8)
Debian GNU/Linux 12
Kernel: 5.15
Compiler: gcc gcc (Debian 12.2.0-14+deb12u1) 12.2.0
Fedora Linux 42
Kernel: 5.15
Compiler: clang gcc (GCC) 15.2.1 20250808 (Red Hat 15.2.1-1)
openSUSE Leap 15.6
Kernel: 5.15
Compiler: gcc gcc (SUSE Linux) 7.5.0
Red Hat Enterprise Linux 8.10
Kernel: 5.15
Compiler: gcc gcc (GCC) 8.5.0 20210514 (Red Hat 8.5.0-22)
To view detailed results, visit:
https://lab.dpdk.org/results/dashboard/patchsets/34624/
UNH-IOL DPDK Community Lab
To manage your email subscriptions, visit:
https://lab.dpdk.org/results/dashboard/preferences/subscriptions/
^ permalink raw reply [flat|nested] 17+ messages in thread
* |FAILURE| pw158854-158855 [PATCH] [2/2] net/mlx5: fix the masked val
[not found] <20251117080942.9750-1-bingz@nvidia.com>
` (10 preceding siblings ...)
2025-11-17 12:48 ` |FAILURE| " dpdklab
@ 2025-11-17 12:59 ` dpdklab
2025-11-17 13:00 ` dpdklab
` (4 subsequent siblings)
16 siblings, 0 replies; 17+ messages in thread
From: dpdklab @ 2025-11-17 12:59 UTC (permalink / raw)
To: Test Report; +Cc: dpdk-test-reports, Stephen Hemminger, Bing Zhao
Test-Label: iol-compile-amd64-testing
Test-Status: FAILURE
http://dpdk.org/patch/158855
_Testing issues_
Submitter: Bing Zhao <bingz@nvidia.com>
Date: Monday, November 17 2025 08:09:42
DPDK git baseline: Repo:dpdk-next-net
Branch: master
CommitID:18d8a8909b8ed6b0a4bd8f99971da74ebba792e2
158854-158855 --> testing issues
Upstream job id: Generic-DPDK-Compile-Meson#445554
Test environment and result as below:
+-------------------------------+--------------------+------------------+-------------------+
| Environment | dpdk_meson_compile | dpdk_compile_ovs | dpdk_msvc_compile |
+===============================+====================+==================+===================+
| Ubuntu 20.04 | PEND | SKIPPED | SKIPPED |
+-------------------------------+--------------------+------------------+-------------------+
| FreeBSD 14.2 | PASS | SKIPPED | SKIPPED |
+-------------------------------+--------------------+------------------+-------------------+
| CentOS Stream 9 | FAIL | SKIPPED | SKIPPED |
+-------------------------------+--------------------+------------------+-------------------+
| CentOS Stream 10 | PEND | SKIPPED | SKIPPED |
+-------------------------------+--------------------+------------------+-------------------+
| Debian GNU/Linux 12 | PEND | SKIPPED | SKIPPED |
+-------------------------------+--------------------+------------------+-------------------+
| Fedora Linux 42 | FAIL | WARN | SKIPPED |
+-------------------------------+--------------------+------------------+-------------------+
| openSUSE Leap 15.6 | PEND | SKIPPED | SKIPPED |
+-------------------------------+--------------------+------------------+-------------------+
| Red Hat Enterprise Linux 8.10 | PEND | SKIPPED | SKIPPED |
+-------------------------------+--------------------+------------------+-------------------+
| Red Hat Enterprise Linux 9.5 | PEND | SKIPPED | SKIPPED |
+-------------------------------+--------------------+------------------+-------------------+
| Windows Server 2022 | SKIPPED | SKIPPED | PEND |
+-------------------------------+--------------------+------------------+-------------------+
==== 20 line log output for Fedora Linux 42 (dpdk_compile_ovs): ====
--- Failed to get log output ---
==== End log output ====
Ubuntu 20.04
Kernel: 4.19
Compiler: gcc gcc (Ubuntu 9.4.0-1ubuntu1~20.04.2) 9.4.0
FreeBSD 14.2
Kernel: 14.2-RELEASE
Compiler: clang 18.1.6
CentOS Stream 9
Kernel: 5.15
Compiler: gcc gcc (GCC) 11.5.0 20240719 (Red Hat 11.5.0-11)
CentOS Stream 10
Kernel: 5.15
Compiler: gcc gcc (GCC) 14.2.1 20250110 (Red Hat 14.2.1-8)
Debian GNU/Linux 12
Kernel: 5.15
Compiler: gcc gcc (Debian 12.2.0-14+deb12u1) 12.2.0
Fedora Linux 42
Kernel: 5.15
Compiler: clang gcc (GCC) 15.2.1 20250808 (Red Hat 15.2.1-1)
openSUSE Leap 15.6
Kernel: 5.15
Compiler: gcc gcc (SUSE Linux) 7.5.0
Red Hat Enterprise Linux 8.10
Kernel: 5.15
Compiler: gcc gcc (GCC) 8.5.0 20210514 (Red Hat 8.5.0-22)
Red Hat Enterprise Linux 9.5
Kernel: 5.15
Compiler: gcc gcc (GCC) 11.5.0 20240719 (Red Hat 11.5.0-2)
Windows Server 2022
Kernel: 10.0.20348.2031
Compiler: clang 15.0.7, gcc 14.1.0 (MinGW), and MSVC VS 19.39.33521
To view detailed results, visit:
https://lab.dpdk.org/results/dashboard/patchsets/34624/
UNH-IOL DPDK Community Lab
To manage your email subscriptions, visit:
https://lab.dpdk.org/results/dashboard/preferences/subscriptions/
^ permalink raw reply [flat|nested] 17+ messages in thread
* |FAILURE| pw158854-158855 [PATCH] [2/2] net/mlx5: fix the masked val
[not found] <20251117080942.9750-1-bingz@nvidia.com>
` (11 preceding siblings ...)
2025-11-17 12:59 ` dpdklab
@ 2025-11-17 13:00 ` dpdklab
2025-11-17 13:07 ` |SUCCESS| " dpdklab
` (3 subsequent siblings)
16 siblings, 0 replies; 17+ messages in thread
From: dpdklab @ 2025-11-17 13:00 UTC (permalink / raw)
To: Test Report; +Cc: dpdk-test-reports, Stephen Hemminger, Bing Zhao
Test-Label: iol-compile-amd64-testing
Test-Status: FAILURE
http://dpdk.org/patch/158855
_Testing issues_
Submitter: Bing Zhao <bingz@nvidia.com>
Date: Monday, November 17 2025 08:09:42
DPDK git baseline: Repo:dpdk-next-net
Branch: master
CommitID:18d8a8909b8ed6b0a4bd8f99971da74ebba792e2
158854-158855 --> testing issues
Upstream job id: Generic-DPDK-Compile-Meson#445552
Test environment and result as below:
+-------------------------------+--------------------+------------------+-------------------+
| Environment | dpdk_meson_compile | dpdk_compile_ovs | dpdk_msvc_compile |
+===============================+====================+==================+===================+
| Ubuntu 20.04 | PEND | SKIPPED | SKIPPED |
+-------------------------------+--------------------+------------------+-------------------+
| FreeBSD 14.2 | PASS | SKIPPED | SKIPPED |
+-------------------------------+--------------------+------------------+-------------------+
| CentOS Stream 9 | FAIL | SKIPPED | SKIPPED |
+-------------------------------+--------------------+------------------+-------------------+
| CentOS Stream 10 | PEND | SKIPPED | SKIPPED |
+-------------------------------+--------------------+------------------+-------------------+
| Debian GNU/Linux 12 | PEND | SKIPPED | SKIPPED |
+-------------------------------+--------------------+------------------+-------------------+
| Fedora Linux 42 | FAIL | WARN | SKIPPED |
+-------------------------------+--------------------+------------------+-------------------+
| openSUSE Leap 15.6 | PEND | SKIPPED | SKIPPED |
+-------------------------------+--------------------+------------------+-------------------+
| Red Hat Enterprise Linux 8.10 | PEND | SKIPPED | SKIPPED |
+-------------------------------+--------------------+------------------+-------------------+
| Red Hat Enterprise Linux 9.5 | PEND | SKIPPED | SKIPPED |
+-------------------------------+--------------------+------------------+-------------------+
| Ubuntu 22.04 | PEND | SKIPPED | SKIPPED |
+-------------------------------+--------------------+------------------+-------------------+
| Ubuntu 24.04 | PEND | PEND | SKIPPED |
+-------------------------------+--------------------+------------------+-------------------+
| Windows Server 2022 | SKIPPED | SKIPPED | PEND |
+-------------------------------+--------------------+------------------+-------------------+
==== 20 line log output for Fedora Linux 42 (dpdk_compile_ovs): ====
--- Failed to get log output ---
==== End log output ====
Ubuntu 20.04
Kernel: 4.19
Compiler: gcc gcc (Ubuntu 9.4.0-1ubuntu1~20.04.2) 9.4.0
FreeBSD 14.2
Kernel: 14.2-RELEASE
Compiler: clang 18.1.6
CentOS Stream 9
Kernel: 5.15
Compiler: gcc gcc (GCC) 11.5.0 20240719 (Red Hat 11.5.0-11)
CentOS Stream 10
Kernel: 5.15
Compiler: gcc gcc (GCC) 14.2.1 20250110 (Red Hat 14.2.1-8)
Debian GNU/Linux 12
Kernel: 5.15
Compiler: gcc gcc (Debian 12.2.0-14+deb12u1) 12.2.0
Fedora Linux 42
Kernel: 5.15
Compiler: clang gcc (GCC) 15.2.1 20250808 (Red Hat 15.2.1-1)
openSUSE Leap 15.6
Kernel: 5.15
Compiler: gcc gcc (SUSE Linux) 7.5.0
Red Hat Enterprise Linux 8.10
Kernel: 5.15
Compiler: gcc gcc (GCC) 8.5.0 20210514 (Red Hat 8.5.0-22)
Red Hat Enterprise Linux 9.5
Kernel: 5.15
Compiler: gcc gcc (GCC) 11.5.0 20240719 (Red Hat 11.5.0-2)
Ubuntu 22.04
Kernel: 5.15
Compiler: gcc gcc (Ubuntu 11.4.0-1ubuntu1~22.04) 11.4.0
Ubuntu 24.04
Kernel: 5.15
Compiler: gcc gcc (Ubuntu 13.3.0-6ubuntu2~24.04) 13.3.0
Windows Server 2022
Kernel: 10.0.20348.2031
Compiler: clang 15.0.7, gcc 14.1.0 (MinGW), and MSVC VS 19.39.33521
To view detailed results, visit:
https://lab.dpdk.org/results/dashboard/patchsets/34624/
UNH-IOL DPDK Community Lab
To manage your email subscriptions, visit:
https://lab.dpdk.org/results/dashboard/preferences/subscriptions/
^ permalink raw reply [flat|nested] 17+ messages in thread
* |SUCCESS| pw158854-158855 [PATCH] [2/2] net/mlx5: fix the masked val
[not found] <20251117080942.9750-1-bingz@nvidia.com>
` (12 preceding siblings ...)
2025-11-17 13:00 ` dpdklab
@ 2025-11-17 13:07 ` dpdklab
2025-11-17 13:09 ` |FAILURE| " dpdklab
` (2 subsequent siblings)
16 siblings, 0 replies; 17+ messages in thread
From: dpdklab @ 2025-11-17 13:07 UTC (permalink / raw)
To: Test Report; +Cc: dpdk-test-reports, Stephen Hemminger
Test-Label: iol-intel-Functional
Test-Status: SUCCESS
http://dpdk.org/patch/158855
_Functional Testing PASS_
Submitter: Bing Zhao <bingz@nvidia.com>
Date: Monday, November 17 2025 08:09:42
DPDK git baseline: Repo:dpdk-next-net
Branch: master
CommitID:18d8a8909b8ed6b0a4bd8f99971da74ebba792e2
158854-158855 --> functional testing pass
Upstream job id: Template-DTS-Pipeline#255435
Test environment and result as below:
Ubuntu 20.04
Kernel: 5.4
Compiler: gcc gcc (Ubuntu 9.4.0-1ubuntu1~20.04.1) 9.4.0
NIC: Intel Corporation Ethernet Converged Network Adapter XL710-QDA2 40000 Mbps
Aggregate Results by Test Suite
+-----------------------------+--------+
| Test Suite | Result |
+=============================+========+
| unit_tests_mbuf | PASS |
+-----------------------------+--------+
| vhost_virtio_user_interrupt | PASS |
+-----------------------------+--------+
| virtio_smoke | PASS |
+-----------------------------+--------+
To view detailed results, visit:
https://lab.dpdk.org/results/dashboard/patchsets/34624/
UNH-IOL DPDK Community Lab
To manage your email subscriptions, visit:
https://lab.dpdk.org/results/dashboard/preferences/subscriptions/
^ permalink raw reply [flat|nested] 17+ messages in thread
* |FAILURE| pw158854-158855 [PATCH] [2/2] net/mlx5: fix the masked val
[not found] <20251117080942.9750-1-bingz@nvidia.com>
` (13 preceding siblings ...)
2025-11-17 13:07 ` |SUCCESS| " dpdklab
@ 2025-11-17 13:09 ` dpdklab
2025-11-17 13:09 ` dpdklab
2025-11-17 13:10 ` dpdklab
16 siblings, 0 replies; 17+ messages in thread
From: dpdklab @ 2025-11-17 13:09 UTC (permalink / raw)
To: Test Report; +Cc: dpdk-test-reports, Stephen Hemminger, Bing Zhao
Test-Label: iol-compile-amd64-testing
Test-Status: FAILURE
http://dpdk.org/patch/158855
_Testing issues_
Submitter: Bing Zhao <bingz@nvidia.com>
Date: Monday, November 17 2025 08:09:42
DPDK git baseline: Repo:dpdk-next-net
Branch: master
CommitID:18d8a8909b8ed6b0a4bd8f99971da74ebba792e2
158854-158855 --> testing issues
Upstream job id: Generic-DPDK-Compile-Meson#445549
Test environment and result as below:
+-------------------------------+--------------------+------------------+-------------------+
| Environment | dpdk_meson_compile | dpdk_compile_ovs | dpdk_msvc_compile |
+===============================+====================+==================+===================+
| Ubuntu 20.04 | PEND | SKIPPED | SKIPPED |
+-------------------------------+--------------------+------------------+-------------------+
| FreeBSD 14.2 | PASS | SKIPPED | SKIPPED |
+-------------------------------+--------------------+------------------+-------------------+
| CentOS Stream 9 | FAIL | SKIPPED | SKIPPED |
+-------------------------------+--------------------+------------------+-------------------+
| CentOS Stream 10 | FAIL | SKIPPED | SKIPPED |
+-------------------------------+--------------------+------------------+-------------------+
| Debian GNU/Linux 12 | FAIL | SKIPPED | SKIPPED |
+-------------------------------+--------------------+------------------+-------------------+
| Fedora Linux 42 | FAIL | WARN | SKIPPED |
+-------------------------------+--------------------+------------------+-------------------+
| openSUSE Leap 15.6 | PEND | SKIPPED | SKIPPED |
+-------------------------------+--------------------+------------------+-------------------+
| Red Hat Enterprise Linux 8.10 | PEND | SKIPPED | SKIPPED |
+-------------------------------+--------------------+------------------+-------------------+
| Red Hat Enterprise Linux 9.5 | PEND | SKIPPED | SKIPPED |
+-------------------------------+--------------------+------------------+-------------------+
| Ubuntu 22.04 | PEND | SKIPPED | SKIPPED |
+-------------------------------+--------------------+------------------+-------------------+
| Ubuntu 24.04 | PEND | PEND | SKIPPED |
+-------------------------------+--------------------+------------------+-------------------+
| Alpine Linux 3.22.0 | PEND | SKIPPED | SKIPPED |
+-------------------------------+--------------------+------------------+-------------------+
| Windows Server 2022 | SKIPPED | SKIPPED | PEND |
+-------------------------------+--------------------+------------------+-------------------+
==== 20 line log output for Fedora Linux 42 (dpdk_compile_ovs): ====
--- Failed to get log output ---
==== End log output ====
Ubuntu 20.04
Kernel: 4.19
Compiler: gcc gcc (Ubuntu 9.4.0-1ubuntu1~20.04.2) 9.4.0
FreeBSD 14.2
Kernel: 14.2-RELEASE
Compiler: clang 18.1.6
CentOS Stream 9
Kernel: 5.15
Compiler: gcc gcc (GCC) 11.5.0 20240719 (Red Hat 11.5.0-11)
CentOS Stream 10
Kernel: 5.15
Compiler: gcc gcc (GCC) 14.2.1 20250110 (Red Hat 14.2.1-8)
Debian GNU/Linux 12
Kernel: 5.15
Compiler: gcc gcc (Debian 12.2.0-14+deb12u1) 12.2.0
Fedora Linux 42
Kernel: 5.15
Compiler: clang gcc (GCC) 15.2.1 20250808 (Red Hat 15.2.1-1)
openSUSE Leap 15.6
Kernel: 5.15
Compiler: gcc gcc (SUSE Linux) 7.5.0
Red Hat Enterprise Linux 8.10
Kernel: 5.15
Compiler: gcc gcc (GCC) 8.5.0 20210514 (Red Hat 8.5.0-22)
Red Hat Enterprise Linux 9.5
Kernel: 5.15
Compiler: gcc gcc (GCC) 11.5.0 20240719 (Red Hat 11.5.0-2)
Ubuntu 22.04
Kernel: 5.15
Compiler: gcc gcc (Ubuntu 11.4.0-1ubuntu1~22.04) 11.4.0
Ubuntu 24.04
Kernel: 5.15
Compiler: gcc gcc (Ubuntu 13.3.0-6ubuntu2~24.04) 13.3.0
Alpine Linux 3.22.0
Kernel: 5.15
Compiler: gcc gcc (Alpine 14.2.0) 14.2.0
Windows Server 2022
Kernel: 10.0.20348.2031
Compiler: clang 15.0.7, gcc 14.1.0 (MinGW), and MSVC VS 19.39.33521
To view detailed results, visit:
https://lab.dpdk.org/results/dashboard/patchsets/34624/
UNH-IOL DPDK Community Lab
To manage your email subscriptions, visit:
https://lab.dpdk.org/results/dashboard/preferences/subscriptions/
^ permalink raw reply [flat|nested] 17+ messages in thread
* |FAILURE| pw158854-158855 [PATCH] [2/2] net/mlx5: fix the masked val
[not found] <20251117080942.9750-1-bingz@nvidia.com>
` (14 preceding siblings ...)
2025-11-17 13:09 ` |FAILURE| " dpdklab
@ 2025-11-17 13:09 ` dpdklab
2025-11-17 13:10 ` dpdklab
16 siblings, 0 replies; 17+ messages in thread
From: dpdklab @ 2025-11-17 13:09 UTC (permalink / raw)
To: Test Report; +Cc: dpdk-test-reports, Stephen Hemminger, Bing Zhao
Test-Label: iol-compile-amd64-testing
Test-Status: FAILURE
http://dpdk.org/patch/158855
_Testing issues_
Submitter: Bing Zhao <bingz@nvidia.com>
Date: Monday, November 17 2025 08:09:42
DPDK git baseline: Repo:dpdk-next-net
Branch: master
CommitID:18d8a8909b8ed6b0a4bd8f99971da74ebba792e2
158854-158855 --> testing issues
Upstream job id: Generic-DPDK-Compile-Meson#445547
Test environment and result as below:
+-------------------------------+--------------------+------------------+-------------------+
| Environment | dpdk_meson_compile | dpdk_compile_ovs | dpdk_msvc_compile |
+===============================+====================+==================+===================+
| Ubuntu 20.04 | PEND | SKIPPED | SKIPPED |
+-------------------------------+--------------------+------------------+-------------------+
| FreeBSD 14.2 | PASS | SKIPPED | SKIPPED |
+-------------------------------+--------------------+------------------+-------------------+
| CentOS Stream 9 | FAIL | SKIPPED | SKIPPED |
+-------------------------------+--------------------+------------------+-------------------+
| CentOS Stream 10 | FAIL | SKIPPED | SKIPPED |
+-------------------------------+--------------------+------------------+-------------------+
| Debian GNU/Linux 12 | FAIL | SKIPPED | SKIPPED |
+-------------------------------+--------------------+------------------+-------------------+
| Fedora Linux 42 | FAIL | WARN | SKIPPED |
+-------------------------------+--------------------+------------------+-------------------+
| openSUSE Leap 15.6 | PEND | SKIPPED | SKIPPED |
+-------------------------------+--------------------+------------------+-------------------+
| Red Hat Enterprise Linux 8.10 | FAIL | SKIPPED | SKIPPED |
+-------------------------------+--------------------+------------------+-------------------+
| Red Hat Enterprise Linux 9.5 | PEND | SKIPPED | SKIPPED |
+-------------------------------+--------------------+------------------+-------------------+
| Ubuntu 22.04 | PEND | SKIPPED | SKIPPED |
+-------------------------------+--------------------+------------------+-------------------+
| Ubuntu 24.04 | PEND | PEND | SKIPPED |
+-------------------------------+--------------------+------------------+-------------------+
| Alpine Linux 3.22.0 | PEND | SKIPPED | SKIPPED |
+-------------------------------+--------------------+------------------+-------------------+
| Windows Server 2022 | SKIPPED | SKIPPED | PEND |
+-------------------------------+--------------------+------------------+-------------------+
==== 20 line log output for Red Hat Enterprise Linux 8.10 (dpdk_meson_compile): ====
[2061/3651] Compiling C object drivers/libtmp_rte_net_mlx5.a.p/net_mlx5_mlx5_trace.c.o
[2062/3651] Compiling C object drivers/libtmp_rte_net_mlx5.a.p/net_mlx5_mlx5_tx_mpw.c.o
[2063/3651] Compiling C object drivers/libtmp_rte_net_mlx5.a.p/net_mlx5_mlx5_tx_nompw.c.o
[2064/3651] Compiling C object drivers/libtmp_rte_net_mlx5.a.p/net_mlx5_mlx5_tx_empw.c.o
[2065/3651] Compiling C object drivers/libtmp_rte_net_mlx5.a.p/net_mlx5_mlx5_txpp.c.o
[2066/3651] Compiling C object drivers/libtmp_rte_net_mlx5.a.p/net_mlx5_mlx5_tx_txpp.c.o
[2067/3651] Compiling C object drivers/libtmp_rte_net_mlx5.a.p/net_mlx5_mlx5_utils.c.o
[2068/3651] Compiling C object drivers/libtmp_rte_net_mlx5.a.p/net_mlx5_mlx5_vlan.c.o
[2069/3651] Compiling C object drivers/libtmp_rte_net_mlx5.a.p/net_mlx5_mlx5_txq.c.o
[2070/3651] Compiling C object drivers/libtmp_rte_net_mlx5.a.p/net_mlx5_mlx5_flow_quota.c.o
[2071/3651] Compiling C object drivers/libtmp_rte_net_mlx5.a.p/net_mlx5_mlx5_flow_verbs.c.o
[2072/3651] Compiling C object drivers/libtmp_rte_net_mlx5.a.p/net_mlx5_mlx5_flow_hw.c.o
FAILED: drivers/libtmp_rte_net_mlx5.a.p/net_mlx5_mlx5_flow_hw.c.o
ccache cc -Idrivers/libtmp_rte_net_mlx5.a.p -Idrivers -I../drivers -Idrivers/net/mlx5 -I../drivers/net/mlx5 -Idrivers/net/mlx5/linux -I../drivers/net/mlx5/linux -Idrivers/net/mlx5/hws -I../drivers/net/mlx5/hws -Ilib/ethdev -I../lib/ethdev -Ilib/eal/common -I../lib/eal/common -I. -I.. -Iconfig -I../config -Ilib/eal/include -I../lib/eal/include -Ilib/eal/linux/include -I../lib/eal/linux/include -Ilib/eal/x86/include -I../lib/eal/x86/include -I../kernel/linux -Ilib/eal -I../lib/eal -Ilib/kvargs -I../lib/kvargs -Ilib/log -I../lib/log -Ilib/metrics -I../lib/metrics -Ilib/telemetry -I../lib/telemetry -Ilib/argparse -I../lib/argparse -Ilib/net -I../lib/net -Ilib/mbuf -I../lib/mbuf -Ilib/mempool -I../lib/mempool -Ilib/ring -I../lib/ring -Ilib/meter -I../lib/meter -Idrivers/bus/pci -I../drivers/bus/pci -I../drivers/bus/pci/linux -Ilib/pci -I../lib/pci -Idrivers/bus/vdev -I../drivers/bus/vdev -Ilib/hash -I../lib/hash -Ilib/rcu -I../lib/rcu -Idrivers/common/mlx5 -I../drivers/common/mlx5 -Idrive
rs/common/mlx5/linux -I../drivers/common/mlx5/linux -Idrivers/bus/auxiliary -I../drivers/bus/auxiliary -fdiagnostics-color=always -pipe -D_FILE_OFFSET_BITS=64 -Wall -Winvalid-pch -Wextra -Werror -std=c11 -O3 -include rte_config.h -Wvla -Wcast-qual -Wdeprecated -Wformat -Wformat-nonliteral -Wformat-security -Wmissing-declarations -Wmissing-prototypes -Wnested-externs -Wold-style-definition -Wpointer-arith -Wsign-compare -Wstrict-prototypes -Wundef -Wwrite-strings -Wno-packed-not-aligned -Wno-missing-field-initializers -D_GNU_SOURCE -fPIC -march=native -mrtm -DALLOW_EXPERIMENTAL_API -DALLOW_INTERNAL_API -Wno-format-truncation -std=c11 -Wno-strict-prototypes -D_BSD_SOURCE -D_DEFAULT_SOURCE -D_XOPEN_SOURCE=600 -UPEDANTIC -Wno-vla -DRTE_LOG_DEFAULT_LOGTYPE=pmd.net.mlx5 -MD -MQ drivers/libtmp_rte_net_mlx5.a.p/net_mlx5_mlx5_flow_hw.c.o -MF drivers/libtmp_rte_net_mlx5.a.p/net_mlx5_mlx5_flow_hw.c.o.d -o drivers/libtmp_rte_net_mlx5.a.p/net_mlx5_mlx5_flow_hw.c.o -c ../drivers/net/mlx5/mlx5_flo
w_hw.c
../drivers/net/mlx5/mlx5_flow_hw.c: In function 'flow_hw_create_flow':
../drivers/net/mlx5/mlx5_flow_hw.c:14159:6: error: unused variable 'len' [-Werror=unused-variable]
int len;
^~~
cc1: all warnings being treated as errors
ninja: build stopped: subcommand failed.
==== End log output ====
Ubuntu 20.04
Kernel: 4.19
Compiler: gcc gcc (Ubuntu 9.4.0-1ubuntu1~20.04.2) 9.4.0
FreeBSD 14.2
Kernel: 14.2-RELEASE
Compiler: clang 18.1.6
CentOS Stream 9
Kernel: 5.15
Compiler: gcc gcc (GCC) 11.5.0 20240719 (Red Hat 11.5.0-11)
CentOS Stream 10
Kernel: 5.15
Compiler: gcc gcc (GCC) 14.2.1 20250110 (Red Hat 14.2.1-8)
Debian GNU/Linux 12
Kernel: 5.15
Compiler: gcc gcc (Debian 12.2.0-14+deb12u1) 12.2.0
Fedora Linux 42
Kernel: 5.15
Compiler: clang gcc (GCC) 15.2.1 20250808 (Red Hat 15.2.1-1)
openSUSE Leap 15.6
Kernel: 5.15
Compiler: gcc gcc (SUSE Linux) 7.5.0
Red Hat Enterprise Linux 8.10
Kernel: 5.15
Compiler: gcc gcc (GCC) 8.5.0 20210514 (Red Hat 8.5.0-22)
Red Hat Enterprise Linux 9.5
Kernel: 5.15
Compiler: gcc gcc (GCC) 11.5.0 20240719 (Red Hat 11.5.0-2)
Ubuntu 22.04
Kernel: 5.15
Compiler: gcc gcc (Ubuntu 11.4.0-1ubuntu1~22.04) 11.4.0
Ubuntu 24.04
Kernel: 5.15
Compiler: gcc gcc (Ubuntu 13.3.0-6ubuntu2~24.04) 13.3.0
Alpine Linux 3.22.0
Kernel: 5.15
Compiler: gcc gcc (Alpine 14.2.0) 14.2.0
Windows Server 2022
Kernel: 10.0.20348.2031
Compiler: clang 15.0.7, gcc 14.1.0 (MinGW), and MSVC VS 19.39.33521
To view detailed results, visit:
https://lab.dpdk.org/results/dashboard/patchsets/34624/
UNH-IOL DPDK Community Lab
To manage your email subscriptions, visit:
https://lab.dpdk.org/results/dashboard/preferences/subscriptions/
^ permalink raw reply [flat|nested] 17+ messages in thread
* |FAILURE| pw158854-158855 [PATCH] [2/2] net/mlx5: fix the masked val
[not found] <20251117080942.9750-1-bingz@nvidia.com>
` (15 preceding siblings ...)
2025-11-17 13:09 ` dpdklab
@ 2025-11-17 13:10 ` dpdklab
16 siblings, 0 replies; 17+ messages in thread
From: dpdklab @ 2025-11-17 13:10 UTC (permalink / raw)
To: Test Report; +Cc: dpdk-test-reports, Stephen Hemminger, Bing Zhao
Test-Label: iol-compile-amd64-testing
Test-Status: FAILURE
http://dpdk.org/patch/158855
_Testing issues_
Submitter: Bing Zhao <bingz@nvidia.com>
Date: Monday, November 17 2025 08:09:42
DPDK git baseline: Repo:dpdk-next-net
Branch: master
CommitID:18d8a8909b8ed6b0a4bd8f99971da74ebba792e2
158854-158855 --> testing issues
Upstream job id: Generic-DPDK-Compile-Meson#445558
Test environment and result as below:
+-------------------------------+--------------------+------------------+-------------------+
| Environment | dpdk_meson_compile | dpdk_compile_ovs | dpdk_msvc_compile |
+===============================+====================+==================+===================+
| Ubuntu 20.04 | PEND | SKIPPED | SKIPPED |
+-------------------------------+--------------------+------------------+-------------------+
| FreeBSD 14.2 | PASS | SKIPPED | SKIPPED |
+-------------------------------+--------------------+------------------+-------------------+
| CentOS Stream 9 | FAIL | SKIPPED | SKIPPED |
+-------------------------------+--------------------+------------------+-------------------+
| CentOS Stream 10 | FAIL | SKIPPED | SKIPPED |
+-------------------------------+--------------------+------------------+-------------------+
| Debian GNU/Linux 12 | FAIL | SKIPPED | SKIPPED |
+-------------------------------+--------------------+------------------+-------------------+
| Fedora Linux 42 | FAIL | WARN | SKIPPED |
+-------------------------------+--------------------+------------------+-------------------+
| openSUSE Leap 15.6 | PEND | SKIPPED | SKIPPED |
+-------------------------------+--------------------+------------------+-------------------+
| Red Hat Enterprise Linux 8.10 | FAIL | SKIPPED | SKIPPED |
+-------------------------------+--------------------+------------------+-------------------+
| Red Hat Enterprise Linux 9.5 | PEND | SKIPPED | SKIPPED |
+-------------------------------+--------------------+------------------+-------------------+
| Ubuntu 22.04 | PEND | SKIPPED | SKIPPED |
+-------------------------------+--------------------+------------------+-------------------+
| Ubuntu 24.04 | PEND | PEND | SKIPPED |
+-------------------------------+--------------------+------------------+-------------------+
| Alpine Linux 3.22.0 | PEND | SKIPPED | SKIPPED |
+-------------------------------+--------------------+------------------+-------------------+
| Windows Server 2022 | SKIPPED | SKIPPED | PEND |
+-------------------------------+--------------------+------------------+-------------------+
==== 20 line log output for Red Hat Enterprise Linux 8.10 (dpdk_meson_compile): ====
[2061/3651] Compiling C object drivers/libtmp_rte_net_mlx5.a.p/net_mlx5_mlx5_trace.c.o
[2062/3651] Compiling C object drivers/libtmp_rte_net_mlx5.a.p/net_mlx5_mlx5_tx_mpw.c.o
[2063/3651] Compiling C object drivers/libtmp_rte_net_mlx5.a.p/net_mlx5_mlx5_tx_nompw.c.o
[2064/3651] Compiling C object drivers/libtmp_rte_net_mlx5.a.p/net_mlx5_mlx5_tx_empw.c.o
[2065/3651] Compiling C object drivers/libtmp_rte_net_mlx5.a.p/net_mlx5_mlx5_txpp.c.o
[2066/3651] Compiling C object drivers/libtmp_rte_net_mlx5.a.p/net_mlx5_mlx5_tx_txpp.c.o
[2067/3651] Compiling C object drivers/libtmp_rte_net_mlx5.a.p/net_mlx5_mlx5_utils.c.o
[2068/3651] Compiling C object drivers/libtmp_rte_net_mlx5.a.p/net_mlx5_mlx5_vlan.c.o
[2069/3651] Compiling C object drivers/libtmp_rte_net_mlx5.a.p/net_mlx5_mlx5_txq.c.o
[2070/3651] Compiling C object drivers/libtmp_rte_net_mlx5.a.p/net_mlx5_mlx5_flow_quota.c.o
[2071/3651] Compiling C object drivers/libtmp_rte_net_mlx5.a.p/net_mlx5_mlx5_flow_verbs.c.o
[2072/3651] Compiling C object drivers/libtmp_rte_net_mlx5.a.p/net_mlx5_mlx5_flow_hw.c.o
FAILED: drivers/libtmp_rte_net_mlx5.a.p/net_mlx5_mlx5_flow_hw.c.o
ccache cc -Idrivers/libtmp_rte_net_mlx5.a.p -Idrivers -I../drivers -Idrivers/net/mlx5 -I../drivers/net/mlx5 -Idrivers/net/mlx5/linux -I../drivers/net/mlx5/linux -Idrivers/net/mlx5/hws -I../drivers/net/mlx5/hws -Ilib/ethdev -I../lib/ethdev -Ilib/eal/common -I../lib/eal/common -I. -I.. -Iconfig -I../config -Ilib/eal/include -I../lib/eal/include -Ilib/eal/linux/include -I../lib/eal/linux/include -Ilib/eal/x86/include -I../lib/eal/x86/include -I../kernel/linux -Ilib/eal -I../lib/eal -Ilib/kvargs -I../lib/kvargs -Ilib/log -I../lib/log -Ilib/metrics -I../lib/metrics -Ilib/telemetry -I../lib/telemetry -Ilib/argparse -I../lib/argparse -Ilib/net -I../lib/net -Ilib/mbuf -I../lib/mbuf -Ilib/mempool -I../lib/mempool -Ilib/ring -I../lib/ring -Ilib/meter -I../lib/meter -Idrivers/bus/pci -I../drivers/bus/pci -I../drivers/bus/pci/linux -Ilib/pci -I../lib/pci -Idrivers/bus/vdev -I../drivers/bus/vdev -Ilib/hash -I../lib/hash -Ilib/rcu -I../lib/rcu -Idrivers/common/mlx5 -I../drivers/common/mlx5 -Idrive
rs/common/mlx5/linux -I../drivers/common/mlx5/linux -Idrivers/bus/auxiliary -I../drivers/bus/auxiliary -fdiagnostics-color=always -pipe -D_FILE_OFFSET_BITS=64 -Wall -Winvalid-pch -Wextra -Werror -std=c11 -O3 -include rte_config.h -Wvla -Wcast-qual -Wdeprecated -Wformat -Wformat-nonliteral -Wformat-security -Wmissing-declarations -Wmissing-prototypes -Wnested-externs -Wold-style-definition -Wpointer-arith -Wsign-compare -Wstrict-prototypes -Wundef -Wwrite-strings -Wno-packed-not-aligned -Wno-missing-field-initializers -D_GNU_SOURCE -fPIC -march=native -mrtm -DALLOW_EXPERIMENTAL_API -DALLOW_INTERNAL_API -Wno-format-truncation -std=c11 -Wno-strict-prototypes -D_BSD_SOURCE -D_DEFAULT_SOURCE -D_XOPEN_SOURCE=600 -UPEDANTIC -Wno-vla -DRTE_LOG_DEFAULT_LOGTYPE=pmd.net.mlx5 -MD -MQ drivers/libtmp_rte_net_mlx5.a.p/net_mlx5_mlx5_flow_hw.c.o -MF drivers/libtmp_rte_net_mlx5.a.p/net_mlx5_mlx5_flow_hw.c.o.d -o drivers/libtmp_rte_net_mlx5.a.p/net_mlx5_mlx5_flow_hw.c.o -c ../drivers/net/mlx5/mlx5_flo
w_hw.c
../drivers/net/mlx5/mlx5_flow_hw.c: In function 'flow_hw_create_flow':
../drivers/net/mlx5/mlx5_flow_hw.c:14159:6: error: unused variable 'len' [-Werror=unused-variable]
int len;
^~~
cc1: all warnings being treated as errors
ninja: build stopped: subcommand failed.
==== End log output ====
Ubuntu 20.04
Kernel: 4.19
Compiler: gcc gcc (Ubuntu 9.4.0-1ubuntu1~20.04.2) 9.4.0
FreeBSD 14.2
Kernel: 14.2-RELEASE
Compiler: clang 18.1.6
CentOS Stream 9
Kernel: 5.15
Compiler: gcc gcc (GCC) 11.5.0 20240719 (Red Hat 11.5.0-11)
CentOS Stream 10
Kernel: 5.15
Compiler: gcc gcc (GCC) 14.2.1 20250110 (Red Hat 14.2.1-8)
Debian GNU/Linux 12
Kernel: 5.15
Compiler: gcc gcc (Debian 12.2.0-14+deb12u1) 12.2.0
Fedora Linux 42
Kernel: 5.15
Compiler: clang gcc (GCC) 15.2.1 20250808 (Red Hat 15.2.1-1)
openSUSE Leap 15.6
Kernel: 5.15
Compiler: gcc gcc (SUSE Linux) 7.5.0
Red Hat Enterprise Linux 8.10
Kernel: 5.15
Compiler: gcc gcc (GCC) 8.5.0 20210514 (Red Hat 8.5.0-22)
Red Hat Enterprise Linux 9.5
Kernel: 5.15
Compiler: gcc gcc (GCC) 11.5.0 20240719 (Red Hat 11.5.0-2)
Ubuntu 22.04
Kernel: 5.15
Compiler: gcc gcc (Ubuntu 11.4.0-1ubuntu1~22.04) 11.4.0
Ubuntu 24.04
Kernel: 5.15
Compiler: gcc gcc (Ubuntu 13.3.0-6ubuntu2~24.04) 13.3.0
Alpine Linux 3.22.0
Kernel: 5.15
Compiler: gcc gcc (Alpine 14.2.0) 14.2.0
Windows Server 2022
Kernel: 10.0.20348.2031
Compiler: clang 15.0.7, gcc 14.1.0 (MinGW), and MSVC VS 19.39.33521
To view detailed results, visit:
https://lab.dpdk.org/results/dashboard/patchsets/34624/
UNH-IOL DPDK Community Lab
To manage your email subscriptions, visit:
https://lab.dpdk.org/results/dashboard/preferences/subscriptions/
^ permalink raw reply [flat|nested] 17+ messages in thread
end of thread, other threads:[~2025-11-17 13:10 UTC | newest]
Thread overview: 17+ messages (download: mbox.gz / follow: Atom feed)
-- links below jump to the message on this page --
[not found] <20251117080942.9750-1-bingz@nvidia.com>
2025-11-17 7:48 ` |SUCCESS| pw158854-158855 [PATCH 2/2] net/mlx5: fix the masked value for a rule for sync API qemudev
2025-11-17 7:53 ` qemudev
2025-11-17 8:09 ` |WARNING| pw158855 " checkpatch
2025-11-17 9:19 ` |FAILURE| " 0-day Robot
2025-11-17 9:45 ` |FAILURE| pw158854-158855 [PATCH] [2/2] net/mlx5: fix the masked val dpdklab
2025-11-17 9:45 ` |SUCCESS| " dpdklab
2025-11-17 9:50 ` dpdklab
2025-11-17 9:54 ` |FAILURE| " dpdklab
2025-11-17 10:12 ` |SUCCESS| " dpdklab
2025-11-17 11:50 ` |PENDING| " dpdklab
2025-11-17 12:48 ` |FAILURE| " dpdklab
2025-11-17 12:59 ` dpdklab
2025-11-17 13:00 ` dpdklab
2025-11-17 13:07 ` |SUCCESS| " dpdklab
2025-11-17 13:09 ` |FAILURE| " dpdklab
2025-11-17 13:09 ` dpdklab
2025-11-17 13:10 ` dpdklab
This is a public inbox, see mirroring instructions
for how to clone and mirror all data and code used for this inbox;
as well as URLs for NNTP newsgroup(s).