automatic DPDK test reports
 help / color / mirror / Atom feed
From: dpdklab@iol.unh.edu
To: Test Report <test-report@dpdk.org>
Cc: dpdk-test-reports@iol.unh.edu,
	Stephen Hemminger <stephen@networkplumber.org>,
	Bing Zhao <bingz@nvidia.com>
Subject: |FAILURE| pw158854-158855 [PATCH] [2/2] net/mlx5: fix the masked val
Date: Mon, 17 Nov 2025 01:54:18 -0800 (PST)	[thread overview]
Message-ID: <691af0ca.050a0220.1e1055.853eSMTPIN_ADDED_MISSING@mx.google.com> (raw)
In-Reply-To: <20251117080942.9750-1-bingz@nvidia.com>

Test-Label: iol-compile-amd64-testing
Test-Status: FAILURE
http://dpdk.org/patch/158855

_Testing issues_

Submitter: Bing Zhao <bingz@nvidia.com>
Date: Monday, November 17 2025 08:09:42 
DPDK git baseline: Repo:dpdk-next-net
  Branch: master
  CommitID:18d8a8909b8ed6b0a4bd8f99971da74ebba792e2

158854-158855 --> testing issues

Upstream job id: Generic-VM-DPDK-Compile-Meson#39845

Test environment and result as below:

+--------------+--------------------+
| Environment  | dpdk_meson_compile |
+==============+====================+
| Ubuntu 20.04 | FAIL               |
+--------------+--------------------+
| FreeBSD 14.2 | PASS               |
+--------------+--------------------+

==== 20 line log output for Ubuntu 20.04 (dpdk_meson_compile): ====
[2977/3604] Linking target drivers/librte_regex_cn9k.so.26.0
[2978/3604] Generating rte_vdpa_ifc.sym_chk with a custom command (wrapped by meson to capture output)
[2979/3604] Generating rte_ml_cnxk.sym_chk with a custom command (wrapped by meson to capture output)
[2980/3604] Generating rte_vdpa_mlx5.sym_chk with a custom command (wrapped by meson to capture output)
[2981/3604] Generating rte_vdpa_nfp.sym_chk with a custom command (wrapped by meson to capture output)
[2982/3604] Compiling C object drivers/libtmp_rte_event_cnxk.a.p/event_cnxk_cnxk_eventdev_stats.c.o
[2983/3604] Compiling C object drivers/libtmp_rte_event_cnxk.a.p/event_cnxk_cnxk_eventdev.c.o
[2984/3604] Compiling C object drivers/libtmp_rte_event_cnxk.a.p/event_cnxk_cnxk_vector_adptr.c.o
[2985/3604] Compiling C object drivers/libtmp_rte_net_zxdh.a.p/net_zxdh_zxdh_np.c.o
[2986/3604] Compiling C object drivers/libtmp_rte_event_cnxk.a.p/event_cnxk_cnxk_tim_evdev.c.o
[2987/3604] Compiling C object drivers/libtmp_rte_event_cnxk.a.p/event_cnxk_cnxk_eventdev_adptr.c.o
[2988/3604] Compiling C object drivers/libtmp_rte_event_cnxk.a.p/event_cnxk_deq_cn9k_deq_all_offload.c.o
[2989/3604] Compiling C object drivers/libtmp_rte_event_cnxk.a.p/event_cnxk_cn9k_worker.c.o
[2990/3604] Compiling C object drivers/libtmp_rte_event_cnxk.a.p/event_cnxk_cn9k_eventdev.c.o
[2991/3604] Compiling C object drivers/libtmp_rte_event_cnxk.a.p/event_cnxk_cnxk_eventdev_selftest.c.o
[2992/3604] Compiling C object drivers/libtmp_rte_crypto_dpaa_sec.a.p/crypto_dpaa_sec_dpaa_sec.c.o
[2993/3604] Compiling C object drivers/libtmp_rte_crypto_octeontx.a.p/crypto_octeontx_otx_cryptodev_ops.c.o
[2994/3604] Compiling C object drivers/libtmp_rte_crypto_cnxk.a.p/crypto_cnxk_cn20k_cryptodev_ops.c.o
[2995/3604] Compiling C object drivers/libtmp_rte_crypto_cnxk.a.p/crypto_cnxk_cn10k_cryptodev_ops.c.o
ninja: build stopped: subcommand failed.
==== End log output ====

Ubuntu 20.04
	Kernel: 4.19
	Compiler: gcc gcc (Ubuntu 9.4.0-1ubuntu1~20.04.2) 9.4.0

FreeBSD 14.2
	Kernel: 14.2-RELEASE
	Compiler: clang 18.1.6

To view detailed results, visit:
https://lab.dpdk.org/results/dashboard/patchsets/34624/

UNH-IOL DPDK Community Lab

To manage your email subscriptions, visit: 
https://lab.dpdk.org/results/dashboard/preferences/subscriptions/

  parent reply	other threads:[~2025-11-17  9:54 UTC|newest]

Thread overview: 10+ messages / expand[flat|nested]  mbox.gz  Atom feed  top
     [not found] <20251117080942.9750-1-bingz@nvidia.com>
2025-11-17  7:48 ` |SUCCESS| pw158854-158855 [PATCH 2/2] net/mlx5: fix the masked value for a rule for sync API qemudev
2025-11-17  7:53 ` qemudev
2025-11-17  8:09 ` |WARNING| pw158855 " checkpatch
2025-11-17  9:19 ` |FAILURE| " 0-day Robot
2025-11-17  9:45 ` |SUCCESS| pw158854-158855 [PATCH] [2/2] net/mlx5: fix the masked val dpdklab
2025-11-17  9:45 ` |FAILURE| " dpdklab
2025-11-17  9:50 ` |SUCCESS| " dpdklab
2025-11-17  9:54 ` dpdklab [this message]
2025-11-17 10:12 ` dpdklab
2025-11-17 11:50 ` |PENDING| " dpdklab

Reply instructions:

You may reply publicly to this message via plain-text email
using any one of the following methods:

* Save the following mbox file, import it into your mail client,
  and reply-to-all from there: mbox

  Avoid top-posting and favor interleaved quoting:
  https://en.wikipedia.org/wiki/Posting_style#Interleaved_style

* Reply using the --to, --cc, and --in-reply-to
  switches of git-send-email(1):

  git send-email \
    --in-reply-to=691af0ca.050a0220.1e1055.853eSMTPIN_ADDED_MISSING@mx.google.com \
    --to=dpdklab@iol.unh.edu \
    --cc=bingz@nvidia.com \
    --cc=dpdk-test-reports@iol.unh.edu \
    --cc=stephen@networkplumber.org \
    --cc=test-report@dpdk.org \
    /path/to/YOUR_REPLY

  https://kernel.org/pub/software/scm/git/docs/git-send-email.html

* If your mail client supports setting the In-Reply-To header
  via mailto: links, try the mailto: link
Be sure your reply has a Subject: header at the top and a blank line before the message body.
This is a public inbox, see mirroring instructions
for how to clone and mirror all data and code used for this inbox;
as well as URLs for NNTP newsgroup(s).