From: dpdklab@iol.unh.edu
To: Test Report <test-report@dpdk.org>
Cc: dpdk-test-reports@iol.unh.edu,
Stephen Hemminger <stephen@networkplumber.org>
Subject: |SUCCESS| pw158854-158855 [PATCH] [2/2] net/mlx5: fix the masked val
Date: Mon, 17 Nov 2025 02:12:35 -0800 (PST) [thread overview]
Message-ID: <691af513.920a0220.34f53e.9f9bSMTPIN_ADDED_MISSING@mx.google.com> (raw)
In-Reply-To: <20251117080942.9750-1-bingz@nvidia.com>
Test-Label: iol-sample-apps-testing
Test-Status: SUCCESS
http://dpdk.org/patch/158855
_Testing PASS_
Submitter: Bing Zhao <bingz@nvidia.com>
Date: Monday, November 17 2025 08:09:42
DPDK git baseline: Repo:dpdk-next-net
Branch: master
CommitID:18d8a8909b8ed6b0a4bd8f99971da74ebba792e2
158854-158855 --> testing pass
Upstream job id: Template-DTS-Pipeline#255440
Test environment and result as below:
+--------------+----------------------+
| Environment | compressdev_zlib_pmd |
+==============+======================+
| Ubuntu 22.04 | PASS |
+--------------+----------------------+
Ubuntu 22.04
Kernel: 5.15
Compiler: gcc gcc (Ubuntu 11.4.0-1ubuntu1~22.04.2) 11.4.0
To view detailed results, visit:
https://lab.dpdk.org/results/dashboard/patchsets/34624/
UNH-IOL DPDK Community Lab
To manage your email subscriptions, visit:
https://lab.dpdk.org/results/dashboard/preferences/subscriptions/
next prev parent reply other threads:[~2025-11-17 10:12 UTC|newest]
Thread overview: 10+ messages / expand[flat|nested] mbox.gz Atom feed top
[not found] <20251117080942.9750-1-bingz@nvidia.com>
2025-11-17 7:48 ` |SUCCESS| pw158854-158855 [PATCH 2/2] net/mlx5: fix the masked value for a rule for sync API qemudev
2025-11-17 7:53 ` qemudev
2025-11-17 8:09 ` |WARNING| pw158855 " checkpatch
2025-11-17 9:19 ` |FAILURE| " 0-day Robot
2025-11-17 9:45 ` |FAILURE| pw158854-158855 [PATCH] [2/2] net/mlx5: fix the masked val dpdklab
2025-11-17 9:45 ` |SUCCESS| " dpdklab
2025-11-17 9:50 ` dpdklab
2025-11-17 9:54 ` |FAILURE| " dpdklab
2025-11-17 10:12 ` dpdklab [this message]
2025-11-17 11:50 ` |PENDING| " dpdklab
Reply instructions:
You may reply publicly to this message via plain-text email
using any one of the following methods:
* Save the following mbox file, import it into your mail client,
and reply-to-all from there: mbox
Avoid top-posting and favor interleaved quoting:
https://en.wikipedia.org/wiki/Posting_style#Interleaved_style
* Reply using the --to, --cc, and --in-reply-to
switches of git-send-email(1):
git send-email \
--in-reply-to=691af513.920a0220.34f53e.9f9bSMTPIN_ADDED_MISSING@mx.google.com \
--to=dpdklab@iol.unh.edu \
--cc=dpdk-test-reports@iol.unh.edu \
--cc=stephen@networkplumber.org \
--cc=test-report@dpdk.org \
/path/to/YOUR_REPLY
https://kernel.org/pub/software/scm/git/docs/git-send-email.html
* If your mail client supports setting the In-Reply-To header
via mailto: links, try the mailto: link
Be sure your reply has a Subject: header at the top and a blank line
before the message body.
This is a public inbox, see mirroring instructions
for how to clone and mirror all data and code used for this inbox;
as well as URLs for NNTP newsgroup(s).