From mboxrd@z Thu Jan 1 00:00:00 1970 Return-Path: Received: from mails.dpdk.org (mails.dpdk.org [217.70.189.124]) by inbox.dpdk.org (Postfix) with ESMTP id 5620A48B31 for ; Mon, 17 Nov 2025 13:48:46 +0100 (CET) Received: from mails.dpdk.org (localhost [127.0.0.1]) by mails.dpdk.org (Postfix) with ESMTP id 50F484025A; Mon, 17 Nov 2025 13:48:46 +0100 (CET) Received: from mail-ot1-f100.google.com (mail-ot1-f100.google.com [209.85.210.100]) by mails.dpdk.org (Postfix) with ESMTP id 0FBD04025A for ; Mon, 17 Nov 2025 13:48:45 +0100 (CET) Received: by mail-ot1-f100.google.com with SMTP id 46e09a7af769-7c750b10e14so601730a34.2 for ; Mon, 17 Nov 2025 04:48:45 -0800 (PST) DKIM-Signature: v=1; a=rsa-sha256; c=relaxed/relaxed; d=iol.unh.edu; s=unh-iol; t=1763383724; x=1763988524; darn=dpdk.org; h=references:in-reply-to:cc:to:from:subject:message-id:date:from:to :cc:subject:date:message-id:reply-to; bh=QQg+if1W5wUJOZAwdgWw/2USiEZx4QsHr+8U/0+JIrU=; b=JMxmn0Tx7x39iecsWvS9tE7uIZXL2a7R/vv6Bp2UQExcjpmJCRT3F+bVVt62YBGgaY ZcZ76v/KWPTylbdtSoWnzCVN02GY556Wq3YfFKUO9xeiKsaoRvxpiHRukoifDABqW88m JMOc/WRmA0v5uc/J1svZ4CptFF6v+TMn/XOTo= X-Google-DKIM-Signature: v=1; a=rsa-sha256; c=relaxed/relaxed; d=1e100.net; s=20230601; t=1763383724; x=1763988524; h=references:in-reply-to:cc:to:from:subject:message-id:date:x-gm-gg :x-gm-message-state:from:to:cc:subject:date:message-id:reply-to; bh=QQg+if1W5wUJOZAwdgWw/2USiEZx4QsHr+8U/0+JIrU=; b=OZgLwUedRGDI/MOMAuPx39f/BVrPxsfx4Mz8OtBmY6gv8+ZKOF4B3AxfYqzGuuGXRN v4wWV8oKDS/22qh7yof/GrEPe2dKU4Madai4l9Kq1eGMzd6eifIKkJxcODvitPw3deyd yo4bCtBXm68QfaR5XABd+IH1hVAKogjWQuZ+sM21cv5wo+I0rk5RwHtNJ0/y/CuT5ACf 8Dg/E9La6vua2xpyADBCI/4kIYjRgVa7VS7L5xoyT2CLQecVD7+k/H3pPaszwxaXXpMM XCn/QevAnwgAT4WBN/vdj5WWXZ0JXhM+Siy/AlFWWGrj+P+euQOBM4S1MhqHiLmfVIw9 1nMg== X-Gm-Message-State: AOJu0YxhBq0NgO6aJGrzIki7BftFphw21ffl3QMcwb8JQrghICuiAuE3 KsAnlfAiPxp1yboOJEhpXHM83Hui07KQ9OmuS9nWABXIuTfYhGdRP9+bAA+vDVjlTezferohDIE 5wISU6aDLlxKqApbZWmS7ZRLrHg6BRrpA4OON8hMeO8UDWoyOWDvyqOprVFbj X-Gm-Gg: ASbGncuEsdmkIPXUstcYg8ADPqjes+6xee4h/D+bgJLXpKUESDe2u8EWQXznWxLTZgL uWhqf1mj9/d4MJSLSCtV8noYag4y0U9IKCkJssiHbV5xI54yZzLMBsvyJBGSiM4joA57R42bnsa IV14L+NR2mKurkAWY4SbGT7Y0M5p2OqaS4YSficNRKB9z27ZxpqVMTCYO0vN35gP8xzfm1p6PaB J7SvakQV3YqBJv+tRZXDRejP3MgGQROwfR4L/8KvcBOXi2bsA3Yvw+ynP38LGpGoKh7J2ioEx53 GmmtU7Udidlxc3sJCmOgwM77tQr/oJMOiuzWVbxBLQrp8Lvzk9T/BLNWUJjZ3/1r9s9+OwnY7wB IaFUtooJS X-Google-Smtp-Source: AGHT+IEzMADv6Jvmae0deohiLXuVIbdC7KVym0Tkot2U/NWIq7zu2zyOGbsLWEAbmmUeqpeBte++8KGLqais X-Received: by 2002:a05:6870:ac14:b0:3ec:3464:6a01 with SMTP id 586e51a60fabf-3ec34646c7cmr1831451fac.22.1763383724178; Mon, 17 Nov 2025 04:48:44 -0800 (PST) Received: from postal.iol.unh.edu (postal.iol.unh.edu. [2606:4100:3880:1234::84]) by smtp-relay.gmail.com with ESMTPS id 586e51a60fabf-3ec3be72a9csm351879fac.7.2025.11.17.04.48.44 (version=TLS1_2 cipher=ECDHE-ECDSA-AES128-GCM-SHA256 bits=128/128); Mon, 17 Nov 2025 04:48:44 -0800 (PST) X-Relaying-Domain: iol.unh.edu Date: Mon, 17 Nov 2025 04:48:44 -0800 (PST) Message-ID: <691b19ac.050a0220.38ee57.2c3cSMTPIN_ADDED_MISSING@mx.google.com> Received: from [172.21.0.6] (unknown [172.18.0.240]) by postal.iol.unh.edu (Postfix) with ESMTP id 32AFA6051830; Mon, 17 Nov 2025 07:48:43 -0500 (EST) Subject: |FAILURE| pw158854-158855 [PATCH] [2/2] net/mlx5: fix the masked val From: dpdklab@iol.unh.edu To: Test Report Cc: dpdk-test-reports@iol.unh.edu, Stephen Hemminger , Bing Zhao In-Reply-To: <20251117080942.9750-1-bingz@nvidia.com> References: <20251117080942.9750-1-bingz@nvidia.com> Content-Type: text/plain X-BeenThere: test-report@dpdk.org X-Mailman-Version: 2.1.29 Precedence: list List-Id: automatic DPDK test reports List-Unsubscribe: , List-Archive: List-Post: List-Help: List-Subscribe: , Errors-To: test-report-bounces@dpdk.org Test-Label: iol-compile-amd64-testing Test-Status: FAILURE http://dpdk.org/patch/158855 _Testing issues_ Submitter: Bing Zhao Date: Monday, November 17 2025 08:09:42 DPDK git baseline: Repo:dpdk-next-net Branch: master CommitID:18d8a8909b8ed6b0a4bd8f99971da74ebba792e2 158854-158855 --> testing issues Upstream job id: Generic-DPDK-Compile-Meson#445546 Test environment and result as below: +-------------------------------+--------------------+------------------+ | Environment | dpdk_meson_compile | dpdk_compile_ovs | +===============================+====================+==================+ | Ubuntu 20.04 | FAIL | SKIPPED | +-------------------------------+--------------------+------------------+ | FreeBSD 14.2 | PASS | SKIPPED | +-------------------------------+--------------------+------------------+ | CentOS Stream 9 | FAIL | SKIPPED | +-------------------------------+--------------------+------------------+ | CentOS Stream 10 | PEND | SKIPPED | +-------------------------------+--------------------+------------------+ | Debian GNU/Linux 12 | PEND | SKIPPED | +-------------------------------+--------------------+------------------+ | Fedora Linux 42 | PEND | PEND | +-------------------------------+--------------------+------------------+ | openSUSE Leap 15.6 | PEND | SKIPPED | +-------------------------------+--------------------+------------------+ | Red Hat Enterprise Linux 8.10 | PEND | SKIPPED | +-------------------------------+--------------------+------------------+ ==== 20 line log output for CentOS Stream 9 (dpdk_meson_compile): ==== [795/3642] Compiling C object drivers/libtmp_rte_net_mlx5.a.p/net_mlx5_mlx5_trace.c.o [796/3642] Compiling C object drivers/libtmp_rte_net_mlx5.a.p/net_mlx5_mlx5_trigger.c.o [797/3642] Compiling C object drivers/libtmp_rte_net_mlx5.a.p/net_mlx5_mlx5_tx.c.o [798/3642] Compiling C object drivers/libtmp_rte_net_mlx5.a.p/net_mlx5_mlx5_tx_empw.c.o [799/3642] Compiling C object drivers/libtmp_rte_net_mlx5.a.p/net_mlx5_mlx5_tx_mpw.c.o [800/3642] Compiling C object drivers/libtmp_rte_net_mlx5.a.p/net_mlx5_mlx5_tx_nompw.c.o [801/3642] Compiling C object drivers/libtmp_rte_net_mlx5.a.p/net_mlx5_mlx5_tx_txpp.c.o [802/3642] Compiling C object drivers/libtmp_rte_net_mlx5.a.p/net_mlx5_mlx5_txpp.c.o [803/3642] Compiling C object drivers/libtmp_rte_net_mlx5.a.p/net_mlx5_mlx5_txq.c.o [804/3642] Compiling C object drivers/libtmp_rte_net_mlx5.a.p/net_mlx5_mlx5_utils.c.o [805/3642] Compiling C object drivers/libtmp_rte_net_mlx5.a.p/net_mlx5_mlx5_vlan.c.o [806/3642] Compiling C object drivers/libtmp_rte_net_mlx5.a.p/net_mlx5_mlx5_flow_hw.c.o FAILED: [code=1] drivers/libtmp_rte_net_mlx5.a.p/net_mlx5_mlx5_flow_hw.c.o ccache cc -Idrivers/libtmp_rte_net_mlx5.a.p -Idrivers -I../drivers -Idrivers/net/mlx5 -I../drivers/net/mlx5 -Idrivers/net/mlx5/linux -I../drivers/net/mlx5/linux -Idrivers/net/mlx5/hws -I../drivers/net/mlx5/hws -Ilib/ethdev -I../lib/ethdev -Ilib/eal/common -I../lib/eal/common -I. -I.. -Iconfig -I../config -Ilib/eal/include -I../lib/eal/include -Ilib/eal/linux/include -I../lib/eal/linux/include -Ilib/eal/x86/include -I../lib/eal/x86/include -I../kernel/linux -Ilib/eal -I../lib/eal -Ilib/kvargs -I../lib/kvargs -Ilib/log -I../lib/log -Ilib/metrics -I../lib/metrics -Ilib/telemetry -I../lib/telemetry -Ilib/argparse -I../lib/argparse -Ilib/net -I../lib/net -Ilib/mbuf -I../lib/mbuf -Ilib/mempool -I../lib/mempool -Ilib/ring -I../lib/ring -Ilib/meter -I../lib/meter -Idrivers/bus/pci -I../drivers/bus/pci -I../drivers/bus/pci/linux -Ilib/pci -I../lib/pci -Idrivers/bus/vdev -I../drivers/bus/vdev -Ilib/hash -I../lib/hash -Ilib/rcu -I../lib/rcu -Idrivers/common/mlx5 -I../drivers/common/mlx5 -Idrive rs/common/mlx5/linux -I../drivers/common/mlx5/linux -Idrivers/bus/auxiliary -I../drivers/bus/auxiliary -fdiagnostics-color=always -pipe -D_FILE_OFFSET_BITS=64 -Wall -Winvalid-pch -Wextra -Werror -std=c11 -O3 -include rte_config.h -Wvla -Wcast-qual -Wdeprecated -Wformat -Wformat-nonliteral -Wformat-security -Wmissing-declarations -Wmissing-prototypes -Wnested-externs -Wold-style-definition -Wpointer-arith -Wsign-compare -Wstrict-prototypes -Wundef -Wwrite-strings -Wno-packed-not-aligned -Wno-missing-field-initializers -D_GNU_SOURCE -fPIC -march=native -mrtm -DALLOW_EXPERIMENTAL_API -DALLOW_INTERNAL_API -Wno-format-truncation -Wno-address-of-packed-member -std=c11 -Wno-strict-prototypes -D_BSD_SOURCE -D_DEFAULT_SOURCE -D_XOPEN_SOURCE=600 -UPEDANTIC -Wno-vla -DRTE_LOG_DEFAULT_LOGTYPE=pmd.net.mlx5 -MD -MQ drivers/libtmp_rte_net_mlx5.a.p/net_mlx5_mlx5_flow_hw.c.o -MF drivers/libtmp_rte_net_mlx5.a.p/net_mlx5_mlx5_flow_hw.c.o.d -o drivers/libtmp_rte_net_mlx5.a.p/net_mlx5_mlx5_flow_hw.c.o - c ../drivers/net/mlx5/mlx5_flow_hw.c ../drivers/net/mlx5/mlx5_flow_hw.c: In function 'flow_hw_create_flow': ../drivers/net/mlx5/mlx5_flow_hw.c:14159:13: error: unused variable 'len' [-Werror=unused-variable] 14159 | int len; | ^~~ cc1: all warnings being treated as errors ninja: build stopped: subcommand failed. ==== End log output ==== Ubuntu 20.04 Kernel: 4.19 Compiler: gcc gcc (Ubuntu 9.4.0-1ubuntu1~20.04.2) 9.4.0 FreeBSD 14.2 Kernel: 14.2-RELEASE Compiler: clang 18.1.6 CentOS Stream 9 Kernel: 5.15 Compiler: gcc gcc (GCC) 11.5.0 20240719 (Red Hat 11.5.0-11) CentOS Stream 10 Kernel: 5.15 Compiler: gcc gcc (GCC) 14.2.1 20250110 (Red Hat 14.2.1-8) Debian GNU/Linux 12 Kernel: 5.15 Compiler: gcc gcc (Debian 12.2.0-14+deb12u1) 12.2.0 Fedora Linux 42 Kernel: 5.15 Compiler: clang gcc (GCC) 15.2.1 20250808 (Red Hat 15.2.1-1) openSUSE Leap 15.6 Kernel: 5.15 Compiler: gcc gcc (SUSE Linux) 7.5.0 Red Hat Enterprise Linux 8.10 Kernel: 5.15 Compiler: gcc gcc (GCC) 8.5.0 20210514 (Red Hat 8.5.0-22) To view detailed results, visit: https://lab.dpdk.org/results/dashboard/patchsets/34624/ UNH-IOL DPDK Community Lab To manage your email subscriptions, visit: https://lab.dpdk.org/results/dashboard/preferences/subscriptions/