From mboxrd@z Thu Jan 1 00:00:00 1970 Return-Path: Received: from mails.dpdk.org (mails.dpdk.org [217.70.189.124]) by inbox.dpdk.org (Postfix) with ESMTP id 944C848B31 for ; Mon, 17 Nov 2025 13:59:14 +0100 (CET) Received: from mails.dpdk.org (localhost [127.0.0.1]) by mails.dpdk.org (Postfix) with ESMTP id 8F8524025A; Mon, 17 Nov 2025 13:59:14 +0100 (CET) Received: from mail-qv1-f98.google.com (mail-qv1-f98.google.com [209.85.219.98]) by mails.dpdk.org (Postfix) with ESMTP id 1670B4025A for ; Mon, 17 Nov 2025 13:59:14 +0100 (CET) Received: by mail-qv1-f98.google.com with SMTP id 6a1803df08f44-880576ebe38so45943706d6.2 for ; Mon, 17 Nov 2025 04:59:14 -0800 (PST) DKIM-Signature: v=1; a=rsa-sha256; c=relaxed/relaxed; d=iol.unh.edu; s=unh-iol; t=1763384353; x=1763989153; darn=dpdk.org; h=references:in-reply-to:cc:to:from:subject:message-id:date:from:to :cc:subject:date:message-id:reply-to; bh=NRN2ZzCEDiaiw+zcMngCI5FtOR/nkfYc1u2GFafZnBY=; b=C7CA/D+FB9efZMiHz9Ex1/io3GjowsKD5hLDXsdXhVRCr/G1uvt+Jn+E2eWyzFAN2L P2QoKYfq8QVo/yPqstWUKqJSeoj+9xTWWNX+m3ZQL6VJUTXOvaQNxJbtjRX1LJ5gtMUU WKXEe2ek9VhtVHzg+y1pem9TgixD48BUBfFtc= X-Google-DKIM-Signature: v=1; a=rsa-sha256; c=relaxed/relaxed; d=1e100.net; s=20230601; t=1763384353; x=1763989153; h=references:in-reply-to:cc:to:from:subject:message-id:date:x-gm-gg :x-gm-message-state:from:to:cc:subject:date:message-id:reply-to; bh=NRN2ZzCEDiaiw+zcMngCI5FtOR/nkfYc1u2GFafZnBY=; b=juJSdBvyYWtIxabtkzr8LgyVmHbMHHVuHiaPGmLmCiHrBtiJU7GVxbXQmqo6XRt91v r8VkdFUkdfvhdlTFqr3HD025OX1bBU8w8FGpPEGD3BPxJnQ5Rm133X0jVMIObDOpCuB7 8K33yJjHBfUv/0Hfs8MBJ62I4I+9XXaRrLb0Ml4cHtE45gpkeTw9rC8RZb6BUVoFdKSQ 3cqWH66E8kEDGIkUj5AIMYG58Rae7eKum2hSX9zIhBTtga9oIkDQEonwxJNM14L37zRR 4JaW2YakeJ84PC9R8Y7vVbyhZvGu1Ys1wW6+fLNLv+tX0VA0jMcKULu6rzusCQcKeIwC +3aA== X-Gm-Message-State: AOJu0YyJVncrfFrJjaT/ZRusCEk83OdSEfptYr1hQjHsb9x8LkSGQzF+ yoojaxddga7QSHBsLph0lGH3tWj8haIHHlCuBFgnpZKWwGu6eovcAK/PYZ3qyYVEJWaysrV1l0V EX3JzcWmSfyRAcSSu2koVWISf9kS7Q2L4qyPBBT4pBBLA X-Gm-Gg: ASbGncvFl0ojayqsRZTMUD8T8mfOLiERxA9hjwfs9BGzawyQHyoT4cjacQzlQtQyyVj GOrUJkmUkCc37+s9wwJDFi1mAwCFTq1CsWUZjll62WLMr+uiDaG6P2rxwsNETG6ATtVitmT4yzx cAbFmO0qxEIBJPlTU+Apsdg/vTlDKcAWpUlAcVOfTGosVfvBI1XSguu4EmAey+Z7EzYDfqptTZd D6fo3xsBqZCwsnvx59uV5h7S4yGEGMZuV8geOEN9rduSDACMvn0WOyjGaveJLfSgwgs1c/5ydf0 /aRoMar6hUaPAD4GQ0aachnWU+9WbGgPQm1YA55yE2df6sjmTS4T85iisS/aqC0GOaE/PPdBhof EkXQUpRfoMaZzzPN4RE381iLnLZmss2Y= X-Google-Smtp-Source: AGHT+IH+gFSpQ0afHp6B/7rPN/5hhsixKk9THXZ8pXSZfIoxSpnIEDIBQERSEqfG1Q+BxLFjby2HSRfNQLQ/ X-Received: by 2002:a05:622a:11d2:b0:4ee:1b99:e11e with SMTP id d75a77b69052e-4ee1b99e47emr56168101cf.23.1763384353394; Mon, 17 Nov 2025 04:59:13 -0800 (PST) Received: from postal.iol.unh.edu (postal.iol.unh.edu. [132.177.123.84]) by smtp-relay.gmail.com with ESMTPS id d75a77b69052e-4ee210aa345sm2180611cf.5.2025.11.17.04.59.13 (version=TLS1_2 cipher=ECDHE-ECDSA-AES128-GCM-SHA256 bits=128/128); Mon, 17 Nov 2025 04:59:13 -0800 (PST) X-Relaying-Domain: iol.unh.edu Date: Mon, 17 Nov 2025 04:59:13 -0800 (PST) Message-ID: <691b1c21.050a0220.1ff059.af06SMTPIN_ADDED_MISSING@mx.google.com> Received: from [172.21.0.6] (unknown [172.18.0.240]) by postal.iol.unh.edu (Postfix) with ESMTP id EEEA76051830; Mon, 17 Nov 2025 07:59:12 -0500 (EST) Subject: |FAILURE| pw158854-158855 [PATCH] [2/2] net/mlx5: fix the masked val From: dpdklab@iol.unh.edu To: Test Report Cc: dpdk-test-reports@iol.unh.edu, Stephen Hemminger , Bing Zhao In-Reply-To: <20251117080942.9750-1-bingz@nvidia.com> References: <20251117080942.9750-1-bingz@nvidia.com> Content-Type: text/plain X-BeenThere: test-report@dpdk.org X-Mailman-Version: 2.1.29 Precedence: list List-Id: automatic DPDK test reports List-Unsubscribe: , List-Archive: List-Post: List-Help: List-Subscribe: , Errors-To: test-report-bounces@dpdk.org Test-Label: iol-compile-amd64-testing Test-Status: FAILURE http://dpdk.org/patch/158855 _Testing issues_ Submitter: Bing Zhao Date: Monday, November 17 2025 08:09:42 DPDK git baseline: Repo:dpdk-next-net Branch: master CommitID:18d8a8909b8ed6b0a4bd8f99971da74ebba792e2 158854-158855 --> testing issues Upstream job id: Generic-DPDK-Compile-Meson#445554 Test environment and result as below: +-------------------------------+--------------------+------------------+-------------------+ | Environment | dpdk_meson_compile | dpdk_compile_ovs | dpdk_msvc_compile | +===============================+====================+==================+===================+ | Ubuntu 20.04 | PEND | SKIPPED | SKIPPED | +-------------------------------+--------------------+------------------+-------------------+ | FreeBSD 14.2 | PASS | SKIPPED | SKIPPED | +-------------------------------+--------------------+------------------+-------------------+ | CentOS Stream 9 | FAIL | SKIPPED | SKIPPED | +-------------------------------+--------------------+------------------+-------------------+ | CentOS Stream 10 | PEND | SKIPPED | SKIPPED | +-------------------------------+--------------------+------------------+-------------------+ | Debian GNU/Linux 12 | PEND | SKIPPED | SKIPPED | +-------------------------------+--------------------+------------------+-------------------+ | Fedora Linux 42 | FAIL | WARN | SKIPPED | +-------------------------------+--------------------+------------------+-------------------+ | openSUSE Leap 15.6 | PEND | SKIPPED | SKIPPED | +-------------------------------+--------------------+------------------+-------------------+ | Red Hat Enterprise Linux 8.10 | PEND | SKIPPED | SKIPPED | +-------------------------------+--------------------+------------------+-------------------+ | Red Hat Enterprise Linux 9.5 | PEND | SKIPPED | SKIPPED | +-------------------------------+--------------------+------------------+-------------------+ | Windows Server 2022 | SKIPPED | SKIPPED | PEND | +-------------------------------+--------------------+------------------+-------------------+ ==== 20 line log output for Fedora Linux 42 (dpdk_compile_ovs): ==== --- Failed to get log output --- ==== End log output ==== Ubuntu 20.04 Kernel: 4.19 Compiler: gcc gcc (Ubuntu 9.4.0-1ubuntu1~20.04.2) 9.4.0 FreeBSD 14.2 Kernel: 14.2-RELEASE Compiler: clang 18.1.6 CentOS Stream 9 Kernel: 5.15 Compiler: gcc gcc (GCC) 11.5.0 20240719 (Red Hat 11.5.0-11) CentOS Stream 10 Kernel: 5.15 Compiler: gcc gcc (GCC) 14.2.1 20250110 (Red Hat 14.2.1-8) Debian GNU/Linux 12 Kernel: 5.15 Compiler: gcc gcc (Debian 12.2.0-14+deb12u1) 12.2.0 Fedora Linux 42 Kernel: 5.15 Compiler: clang gcc (GCC) 15.2.1 20250808 (Red Hat 15.2.1-1) openSUSE Leap 15.6 Kernel: 5.15 Compiler: gcc gcc (SUSE Linux) 7.5.0 Red Hat Enterprise Linux 8.10 Kernel: 5.15 Compiler: gcc gcc (GCC) 8.5.0 20210514 (Red Hat 8.5.0-22) Red Hat Enterprise Linux 9.5 Kernel: 5.15 Compiler: gcc gcc (GCC) 11.5.0 20240719 (Red Hat 11.5.0-2) Windows Server 2022 Kernel: 10.0.20348.2031 Compiler: clang 15.0.7, gcc 14.1.0 (MinGW), and MSVC VS 19.39.33521 To view detailed results, visit: https://lab.dpdk.org/results/dashboard/patchsets/34624/ UNH-IOL DPDK Community Lab To manage your email subscriptions, visit: https://lab.dpdk.org/results/dashboard/preferences/subscriptions/