From mboxrd@z Thu Jan 1 00:00:00 1970 Return-Path: Received: from mails.dpdk.org (mails.dpdk.org [217.70.189.124]) by inbox.dpdk.org (Postfix) with ESMTP id BD25E48B32 for ; Mon, 17 Nov 2025 14:00:46 +0100 (CET) Received: from mails.dpdk.org (localhost [127.0.0.1]) by mails.dpdk.org (Postfix) with ESMTP id B788A4025A; Mon, 17 Nov 2025 14:00:46 +0100 (CET) Received: from mail-il1-f225.google.com (mail-il1-f225.google.com [209.85.166.225]) by mails.dpdk.org (Postfix) with ESMTP id 20AB74025A for ; Mon, 17 Nov 2025 14:00:46 +0100 (CET) Received: by mail-il1-f225.google.com with SMTP id e9e14a558f8ab-43376624a8fso33203475ab.0 for ; Mon, 17 Nov 2025 05:00:46 -0800 (PST) DKIM-Signature: v=1; a=rsa-sha256; c=relaxed/relaxed; d=iol.unh.edu; s=unh-iol; t=1763384445; x=1763989245; darn=dpdk.org; h=references:in-reply-to:cc:to:from:subject:message-id:date:from:to :cc:subject:date:message-id:reply-to; bh=xa19JaAqg9HHfHVzYp65f+Or7Pyg+dWp3FnhVQft3as=; b=ei7+KfT0ZrhvkIkudWM822IcxtoTHI0B785bJTMHCgnfldC0+coq4S0kLeOH2waLbP CT2FnkI8rvD5vBlumFAvsfGJZQKj6JdWXuKFyXekueqCWsVkGe6wDgnBB2ROmVMkLOwI Iv6fOGlowBe+qfMA4GW05PCCt0F05Ycwd1vEA= X-Google-DKIM-Signature: v=1; a=rsa-sha256; c=relaxed/relaxed; d=1e100.net; s=20230601; t=1763384445; x=1763989245; h=references:in-reply-to:cc:to:from:subject:message-id:date:x-gm-gg :x-gm-message-state:from:to:cc:subject:date:message-id:reply-to; bh=xa19JaAqg9HHfHVzYp65f+Or7Pyg+dWp3FnhVQft3as=; b=UObhqbHg7xqsym7wvBJBOI5szOV0QKZt6tp782AU+SXQ8+trM0kfn6GrWwvkylrvN2 PEkFLQMll7W+Pw9H96Xc4zKEZwtDEv16vZaywUqiZzi+nKuNNgs4rY/k3D9uoQ/aZCnQ 7XcHFBve031C1GpV3SR5LeRfWRabbpRo7sYjvgRBKBVRvk1LzFQfIxSQhSFVa+p5b6XV zqt2wVrv0SedqE4tKchDl9fWYi83mZ4BAiooJ/BB6Hrs6iLpJkUoVmq9KeEA2ME/CMAw Kibw7jQEucMyeu1vPbh5DHfoi+QF8MmR2RiiRboa1O7VCvH3NZXPsemdmJir2DS95B/x vhuQ== X-Gm-Message-State: AOJu0Yzg4cjcsxUfYYREtdYTZu9lDKCxebYk4LslNgOk4f/ZWE1nu9o5 ZlmVNZUmNBhtYULcgvIaR8xMjDJx4JvCdUPEsy+/zlAcFWCmmOHS74Go3B0qzCuY5AxMV8MSiBm cQNt16vpvBLK8wvhUhPsKH7g0TG9SX/xnTE1Qjx6qzhf6At+wuNOHbb0WFJWY X-Gm-Gg: ASbGncvaWdg7DkOLWjWyXyZSqWRd0tirQP0crorZDQz9DON87vWi+wmiNkFkQD+vBUJ daJWLYFzQeMIbDdagyhur//iL7swi1SxVqvwiFiC9gBUch7+Ybdo9IQbeectUmlkM/mlC2ZNFuC GM529is/OhOWnI4RHYy5gqCs66G5UayCJ5XzQlJJzlTktwfH1veqWIH1U3UYOP08e+caaj553+v U4HqhpMus/+LDCPP6V0hhnABu+REEUbGSiecJ3XeyW4wT7tnX85wpvbaHuspkxyPZ0ZmKupTDtG 7mArEDH26vVi17S21NuBCV+R3FloQws4rMPmiL3FekUlKGdQUZmfVF0O+SX8KPKQdrbou0KjPoy vL89iYS7b X-Google-Smtp-Source: AGHT+IFk1SF/EmBWuVJSwtqiJi/EeUGa74W4Wmw3sUOp3WDzJybB5icrz42F/nB2s2/9WmRugpRqKhlbMO74 X-Received: by 2002:a05:6e02:74a:b0:433:7ec4:4b85 with SMTP id e9e14a558f8ab-4348c9548e1mr193186295ab.29.1763384445088; Mon, 17 Nov 2025 05:00:45 -0800 (PST) Received: from postal.iol.unh.edu (postal.iol.unh.edu. [2606:4100:3880:1234::84]) by smtp-relay.gmail.com with ESMTPS id e9e14a558f8ab-434833c613csm11579055ab.5.2025.11.17.05.00.45 (version=TLS1_2 cipher=ECDHE-ECDSA-AES128-GCM-SHA256 bits=128/128); Mon, 17 Nov 2025 05:00:45 -0800 (PST) X-Relaying-Domain: iol.unh.edu Date: Mon, 17 Nov 2025 05:00:45 -0800 (PST) Message-ID: <691b1c7d.050a0220.2edfdf.9aa3SMTPIN_ADDED_MISSING@mx.google.com> Received: from [172.21.0.3] (unknown [172.18.0.240]) by postal.iol.unh.edu (Postfix) with ESMTP id A32126051830; Mon, 17 Nov 2025 08:00:44 -0500 (EST) Subject: |FAILURE| pw158854-158855 [PATCH] [2/2] net/mlx5: fix the masked val From: dpdklab@iol.unh.edu To: Test Report Cc: dpdk-test-reports@iol.unh.edu, Stephen Hemminger , Bing Zhao In-Reply-To: <20251117080942.9750-1-bingz@nvidia.com> References: <20251117080942.9750-1-bingz@nvidia.com> Content-Type: text/plain X-BeenThere: test-report@dpdk.org X-Mailman-Version: 2.1.29 Precedence: list List-Id: automatic DPDK test reports List-Unsubscribe: , List-Archive: List-Post: List-Help: List-Subscribe: , Errors-To: test-report-bounces@dpdk.org Test-Label: iol-compile-amd64-testing Test-Status: FAILURE http://dpdk.org/patch/158855 _Testing issues_ Submitter: Bing Zhao Date: Monday, November 17 2025 08:09:42 DPDK git baseline: Repo:dpdk-next-net Branch: master CommitID:18d8a8909b8ed6b0a4bd8f99971da74ebba792e2 158854-158855 --> testing issues Upstream job id: Generic-DPDK-Compile-Meson#445552 Test environment and result as below: +-------------------------------+--------------------+------------------+-------------------+ | Environment | dpdk_meson_compile | dpdk_compile_ovs | dpdk_msvc_compile | +===============================+====================+==================+===================+ | Ubuntu 20.04 | PEND | SKIPPED | SKIPPED | +-------------------------------+--------------------+------------------+-------------------+ | FreeBSD 14.2 | PASS | SKIPPED | SKIPPED | +-------------------------------+--------------------+------------------+-------------------+ | CentOS Stream 9 | FAIL | SKIPPED | SKIPPED | +-------------------------------+--------------------+------------------+-------------------+ | CentOS Stream 10 | PEND | SKIPPED | SKIPPED | +-------------------------------+--------------------+------------------+-------------------+ | Debian GNU/Linux 12 | PEND | SKIPPED | SKIPPED | +-------------------------------+--------------------+------------------+-------------------+ | Fedora Linux 42 | FAIL | WARN | SKIPPED | +-------------------------------+--------------------+------------------+-------------------+ | openSUSE Leap 15.6 | PEND | SKIPPED | SKIPPED | +-------------------------------+--------------------+------------------+-------------------+ | Red Hat Enterprise Linux 8.10 | PEND | SKIPPED | SKIPPED | +-------------------------------+--------------------+------------------+-------------------+ | Red Hat Enterprise Linux 9.5 | PEND | SKIPPED | SKIPPED | +-------------------------------+--------------------+------------------+-------------------+ | Ubuntu 22.04 | PEND | SKIPPED | SKIPPED | +-------------------------------+--------------------+------------------+-------------------+ | Ubuntu 24.04 | PEND | PEND | SKIPPED | +-------------------------------+--------------------+------------------+-------------------+ | Windows Server 2022 | SKIPPED | SKIPPED | PEND | +-------------------------------+--------------------+------------------+-------------------+ ==== 20 line log output for Fedora Linux 42 (dpdk_compile_ovs): ==== --- Failed to get log output --- ==== End log output ==== Ubuntu 20.04 Kernel: 4.19 Compiler: gcc gcc (Ubuntu 9.4.0-1ubuntu1~20.04.2) 9.4.0 FreeBSD 14.2 Kernel: 14.2-RELEASE Compiler: clang 18.1.6 CentOS Stream 9 Kernel: 5.15 Compiler: gcc gcc (GCC) 11.5.0 20240719 (Red Hat 11.5.0-11) CentOS Stream 10 Kernel: 5.15 Compiler: gcc gcc (GCC) 14.2.1 20250110 (Red Hat 14.2.1-8) Debian GNU/Linux 12 Kernel: 5.15 Compiler: gcc gcc (Debian 12.2.0-14+deb12u1) 12.2.0 Fedora Linux 42 Kernel: 5.15 Compiler: clang gcc (GCC) 15.2.1 20250808 (Red Hat 15.2.1-1) openSUSE Leap 15.6 Kernel: 5.15 Compiler: gcc gcc (SUSE Linux) 7.5.0 Red Hat Enterprise Linux 8.10 Kernel: 5.15 Compiler: gcc gcc (GCC) 8.5.0 20210514 (Red Hat 8.5.0-22) Red Hat Enterprise Linux 9.5 Kernel: 5.15 Compiler: gcc gcc (GCC) 11.5.0 20240719 (Red Hat 11.5.0-2) Ubuntu 22.04 Kernel: 5.15 Compiler: gcc gcc (Ubuntu 11.4.0-1ubuntu1~22.04) 11.4.0 Ubuntu 24.04 Kernel: 5.15 Compiler: gcc gcc (Ubuntu 13.3.0-6ubuntu2~24.04) 13.3.0 Windows Server 2022 Kernel: 10.0.20348.2031 Compiler: clang 15.0.7, gcc 14.1.0 (MinGW), and MSVC VS 19.39.33521 To view detailed results, visit: https://lab.dpdk.org/results/dashboard/patchsets/34624/ UNH-IOL DPDK Community Lab To manage your email subscriptions, visit: https://lab.dpdk.org/results/dashboard/preferences/subscriptions/