From mboxrd@z Thu Jan 1 00:00:00 1970 Return-Path: Received: from mails.dpdk.org (mails.dpdk.org [217.70.189.124]) by inbox.dpdk.org (Postfix) with ESMTP id D05F248B32 for ; Mon, 17 Nov 2025 14:09:13 +0100 (CET) Received: from mails.dpdk.org (localhost [127.0.0.1]) by mails.dpdk.org (Postfix) with ESMTP id C8CE54025A; Mon, 17 Nov 2025 14:09:13 +0100 (CET) Received: from mail-io1-f98.google.com (mail-io1-f98.google.com [209.85.166.98]) by mails.dpdk.org (Postfix) with ESMTP id 9AD8C4025A for ; Mon, 17 Nov 2025 14:09:12 +0100 (CET) Received: by mail-io1-f98.google.com with SMTP id ca18e2360f4ac-9486696aafeso316837939f.3 for ; Mon, 17 Nov 2025 05:09:12 -0800 (PST) DKIM-Signature: v=1; a=rsa-sha256; c=relaxed/relaxed; d=iol.unh.edu; s=unh-iol; t=1763384952; x=1763989752; darn=dpdk.org; h=references:in-reply-to:cc:to:from:subject:message-id:date:from:to :cc:subject:date:message-id:reply-to; bh=O7RNYCrEwIpsrltKEOnPLgScrz1js5xzKf2tMdf9Vhk=; b=TQ7RYBp184k4tmmG4GBZNMWPw51dJKpaO8QPRjQbalfmELG5IJ35DQinC2Zo/zJBVa G3HZLXje1o4Vmt/u/TMf0rWX530Q2si9Wo4w/aZm5OZPvAOUY7ccpPTE1hW7GUZP3E4a gaxm/zb4ff3rqCMtCSxbmVnlNysiATDYgaf6g= X-Google-DKIM-Signature: v=1; a=rsa-sha256; c=relaxed/relaxed; d=1e100.net; s=20230601; t=1763384952; x=1763989752; h=references:in-reply-to:cc:to:from:subject:message-id:date:x-gm-gg :x-gm-message-state:from:to:cc:subject:date:message-id:reply-to; bh=O7RNYCrEwIpsrltKEOnPLgScrz1js5xzKf2tMdf9Vhk=; b=hBc2eLmr860COJpM7yiLzvGywWRy5BrM3GUbE2hpQ8oZ0cSFlebazh0Rch7uoJ5yhF ehNamcyYaQrfafHJbIaMk1kZ0pgcvL8atUSbTt6QtFD7UrVPgVH59g8Kr9Llxl1lFEt6 wxkvW1RJnjyYrp7zxAB3QV9KxfRHWZ0pu9OLfmH9kyAPnSRiwWGi0Twik15F0FpK19D+ e9OKDVC51FFlkd29i0R0CppYnSHWoNJYL1kibFKY5FiwKal6skr6N3Ht6ThDsjJ0Oa7V fC9b3ol/GgFJPLLV5/JMZ3cta2MqSAN4yzqiBc611rJC2iegoacUhfEu0Or1se2UtP5s 3DfQ== X-Gm-Message-State: AOJu0YxtGMllQa2KEELH9YOeAtDfcAERsXWE9Yib5mYigHRZdvT7HwGM gY2ozVzCd4Bx7qKclqy+XSuAZa95Wz9VXpyyLIYCq86m86vMZpV91QPp7YlXyEsZ2h+k2Zmp/mA +zVKudJdR+O+Ho244pvRu1N6RLje5wokfbripwX9WKKlBSAoQdpTHBdlzDzRO X-Gm-Gg: ASbGncvb6EsxvAD7uVfOei1iEoBzA30pdKtUIzwOAj794cL/gE1R4xHQWI02qNz1j/j +lTzi2gVOLK900/5O1XNYzO0fnoGsC0H3DRppcRVTc0zwcWRgyyB6MS0nYX7ITx/L59mTqnQfsk gMZFbFBLxm0XF6pR03PzLFhJVyKpl1Y9/xT37NrlEJuOXYWxMsUS1PZsekLHThuXTRkVvFPH+Da 4KpcveDSlTmsRAQu04e9bdI5XhprW3BfyTde6mB3LCTVRUTti0zcXD7KueDwhHMWtDH54/A+Awo UqJsh70am7b5zR91qkBwSN/b+ZOEQQF5B5FvSH80HI7tD/fjmUPOyjx2O1W2ajSTd5Eu5U0lKPb xFdJXcTn2 X-Google-Smtp-Source: AGHT+IFam1dDRx49V8nccOmWnB1TY0n9yV9o01LUDghnIv82XA/pslpP/Nm9G53xzW8ORsBfEcsXf3OjFi/+ X-Received: by 2002:a02:a60a:0:b0:5b7:d710:6618 with SMTP id 8926c6da1cb9f-5b7d71066d9mr7135164173.23.1763384951985; Mon, 17 Nov 2025 05:09:11 -0800 (PST) Received: from postal.iol.unh.edu (postal.iol.unh.edu. [2606:4100:3880:1234::84]) by smtp-relay.gmail.com with ESMTPS id 8926c6da1cb9f-5b7bd31af2dsm872470173.22.2025.11.17.05.09.11 (version=TLS1_2 cipher=ECDHE-ECDSA-AES128-GCM-SHA256 bits=128/128); Mon, 17 Nov 2025 05:09:11 -0800 (PST) X-Relaying-Domain: iol.unh.edu Date: Mon, 17 Nov 2025 05:09:11 -0800 (PST) Message-ID: <691b1e77.050a0220.1290c4.aef6SMTPIN_ADDED_MISSING@mx.google.com> Received: from [172.21.0.8] (unknown [172.18.0.240]) by postal.iol.unh.edu (Postfix) with ESMTP id 9E8246051830; Mon, 17 Nov 2025 08:09:11 -0500 (EST) Subject: |FAILURE| pw158854-158855 [PATCH] [2/2] net/mlx5: fix the masked val From: dpdklab@iol.unh.edu To: Test Report Cc: dpdk-test-reports@iol.unh.edu, Stephen Hemminger , Bing Zhao In-Reply-To: <20251117080942.9750-1-bingz@nvidia.com> References: <20251117080942.9750-1-bingz@nvidia.com> Content-Type: text/plain X-BeenThere: test-report@dpdk.org X-Mailman-Version: 2.1.29 Precedence: list List-Id: automatic DPDK test reports List-Unsubscribe: , List-Archive: List-Post: List-Help: List-Subscribe: , Errors-To: test-report-bounces@dpdk.org Test-Label: iol-compile-amd64-testing Test-Status: FAILURE http://dpdk.org/patch/158855 _Testing issues_ Submitter: Bing Zhao Date: Monday, November 17 2025 08:09:42 DPDK git baseline: Repo:dpdk-next-net Branch: master CommitID:18d8a8909b8ed6b0a4bd8f99971da74ebba792e2 158854-158855 --> testing issues Upstream job id: Generic-DPDK-Compile-Meson#445549 Test environment and result as below: +-------------------------------+--------------------+------------------+-------------------+ | Environment | dpdk_meson_compile | dpdk_compile_ovs | dpdk_msvc_compile | +===============================+====================+==================+===================+ | Ubuntu 20.04 | PEND | SKIPPED | SKIPPED | +-------------------------------+--------------------+------------------+-------------------+ | FreeBSD 14.2 | PASS | SKIPPED | SKIPPED | +-------------------------------+--------------------+------------------+-------------------+ | CentOS Stream 9 | FAIL | SKIPPED | SKIPPED | +-------------------------------+--------------------+------------------+-------------------+ | CentOS Stream 10 | FAIL | SKIPPED | SKIPPED | +-------------------------------+--------------------+------------------+-------------------+ | Debian GNU/Linux 12 | FAIL | SKIPPED | SKIPPED | +-------------------------------+--------------------+------------------+-------------------+ | Fedora Linux 42 | FAIL | WARN | SKIPPED | +-------------------------------+--------------------+------------------+-------------------+ | openSUSE Leap 15.6 | PEND | SKIPPED | SKIPPED | +-------------------------------+--------------------+------------------+-------------------+ | Red Hat Enterprise Linux 8.10 | PEND | SKIPPED | SKIPPED | +-------------------------------+--------------------+------------------+-------------------+ | Red Hat Enterprise Linux 9.5 | PEND | SKIPPED | SKIPPED | +-------------------------------+--------------------+------------------+-------------------+ | Ubuntu 22.04 | PEND | SKIPPED | SKIPPED | +-------------------------------+--------------------+------------------+-------------------+ | Ubuntu 24.04 | PEND | PEND | SKIPPED | +-------------------------------+--------------------+------------------+-------------------+ | Alpine Linux 3.22.0 | PEND | SKIPPED | SKIPPED | +-------------------------------+--------------------+------------------+-------------------+ | Windows Server 2022 | SKIPPED | SKIPPED | PEND | +-------------------------------+--------------------+------------------+-------------------+ ==== 20 line log output for Fedora Linux 42 (dpdk_compile_ovs): ==== --- Failed to get log output --- ==== End log output ==== Ubuntu 20.04 Kernel: 4.19 Compiler: gcc gcc (Ubuntu 9.4.0-1ubuntu1~20.04.2) 9.4.0 FreeBSD 14.2 Kernel: 14.2-RELEASE Compiler: clang 18.1.6 CentOS Stream 9 Kernel: 5.15 Compiler: gcc gcc (GCC) 11.5.0 20240719 (Red Hat 11.5.0-11) CentOS Stream 10 Kernel: 5.15 Compiler: gcc gcc (GCC) 14.2.1 20250110 (Red Hat 14.2.1-8) Debian GNU/Linux 12 Kernel: 5.15 Compiler: gcc gcc (Debian 12.2.0-14+deb12u1) 12.2.0 Fedora Linux 42 Kernel: 5.15 Compiler: clang gcc (GCC) 15.2.1 20250808 (Red Hat 15.2.1-1) openSUSE Leap 15.6 Kernel: 5.15 Compiler: gcc gcc (SUSE Linux) 7.5.0 Red Hat Enterprise Linux 8.10 Kernel: 5.15 Compiler: gcc gcc (GCC) 8.5.0 20210514 (Red Hat 8.5.0-22) Red Hat Enterprise Linux 9.5 Kernel: 5.15 Compiler: gcc gcc (GCC) 11.5.0 20240719 (Red Hat 11.5.0-2) Ubuntu 22.04 Kernel: 5.15 Compiler: gcc gcc (Ubuntu 11.4.0-1ubuntu1~22.04) 11.4.0 Ubuntu 24.04 Kernel: 5.15 Compiler: gcc gcc (Ubuntu 13.3.0-6ubuntu2~24.04) 13.3.0 Alpine Linux 3.22.0 Kernel: 5.15 Compiler: gcc gcc (Alpine 14.2.0) 14.2.0 Windows Server 2022 Kernel: 10.0.20348.2031 Compiler: clang 15.0.7, gcc 14.1.0 (MinGW), and MSVC VS 19.39.33521 To view detailed results, visit: https://lab.dpdk.org/results/dashboard/patchsets/34624/ UNH-IOL DPDK Community Lab To manage your email subscriptions, visit: https://lab.dpdk.org/results/dashboard/preferences/subscriptions/