From mboxrd@z Thu Jan 1 00:00:00 1970 Return-Path: Received: from mails.dpdk.org (mails.dpdk.org [217.70.189.124]) by inbox.dpdk.org (Postfix) with ESMTP id 0902448B32 for ; Mon, 17 Nov 2025 14:10:12 +0100 (CET) Received: from mails.dpdk.org (localhost [127.0.0.1]) by mails.dpdk.org (Postfix) with ESMTP id 04F464025A; Mon, 17 Nov 2025 14:10:12 +0100 (CET) Received: from mail-oa1-f100.google.com (mail-oa1-f100.google.com [209.85.160.100]) by mails.dpdk.org (Postfix) with ESMTP id 9D31B4025A for ; Mon, 17 Nov 2025 14:10:10 +0100 (CET) Received: by mail-oa1-f100.google.com with SMTP id 586e51a60fabf-3e84d56c4b8so2289216fac.2 for ; Mon, 17 Nov 2025 05:10:10 -0800 (PST) DKIM-Signature: v=1; a=rsa-sha256; c=relaxed/relaxed; d=iol.unh.edu; s=unh-iol; t=1763385010; x=1763989810; darn=dpdk.org; h=references:in-reply-to:cc:to:from:subject:message-id:date:from:to :cc:subject:date:message-id:reply-to; bh=cvNja78jVlP3pbejHkIzYEgQ9mphIRguLbNLps3rVJ4=; b=V3BSGA235dFvU2C9kCIpPI98qbaF/F+6cGjh8tfxt5nBpJF3yfegb2ZHH2cGdshYYW LhRBnov37FCsYip0Yimz4h10Im3Lv55q7IiRHg/mP5czmPKO6V99eI/seIc5wssvw3Zl 7uuC4s7EeF3UTyGsS/mudehIqwgpHIWqb0kqw= X-Google-DKIM-Signature: v=1; a=rsa-sha256; c=relaxed/relaxed; d=1e100.net; s=20230601; t=1763385010; x=1763989810; h=references:in-reply-to:cc:to:from:subject:message-id:date:x-gm-gg :x-gm-message-state:from:to:cc:subject:date:message-id:reply-to; bh=cvNja78jVlP3pbejHkIzYEgQ9mphIRguLbNLps3rVJ4=; b=dtAbYRR5rgDeK/y6KoQOFrirYVqboZ6hVbeul6khqJTYd+61oE3kV56XR2W3YQMTpZ +wXIr7WBT3wNkpP0E6+TdloiV/ARU9leC1KnCNFbAzZxJ5tKxJXpJsiNqYOupMZtBw9C LaRGxv/8T2JGjqvD71tO6xnMxEhJhLyP1uIippaUtQXQuReefdLTlJ8fZvi+CZg93+Pt 7iLM9Lf8M47FM2cq0JXPSuynDYQRnO1iiDvfK/RMIFh8NomAx+ACvEQxHnHCfbuD3WYF D2aL1O9rvX0I+6zzEUAqDOiVtwsDPuIrzNs0Lr5OiqnLrxGybpTxR0H66TNaMWOEY0GF AqZw== X-Gm-Message-State: AOJu0YycKZ5M4WBgz6rGjLqAeblX2ritqdm9sG66qABe2q2+X21dXGhA OOTSYFjArLZIUoWvispy8LoQa0phNwd+qNGyHnhM5dH8m+WBcFOyzeU6exHZr76Vj9MGDYd5FB9 tHFlyfdjAQCVe9Gg3DCX0S5315Ppm9puFrALMSPz9CB5s4jnctAPM3nfEfZck X-Gm-Gg: ASbGncuol/Ill3glaMEBIQ0wXrfxWPWt9JIjMZjcG2R/SwK8tG73XITuxNmX4BjRsgZ wwRkNdu+jKd6ATfHiRIqHVK79Q416sWD+cZGhsoqhrgovuXQFF5wbta2F5ZF8+4IoPd+xY9D0mK Js5bZAfZs/u12ju+VPfgmL/I0TxOWKvk9j/uT7MgvhZ/bbTwhPeSUYUF7Rp2W8iKg9B8GkhQpSx VUZXNaeHziH56aSzKdHdRqmRekKdHO1mfQWmIjKgXkggbm1aMIVCeAwl4R4ZCllL4rNYgDY6G1j MaYqF+awdb/l2FiT1rhpHh53WOYB8uLwbqP9YunSsZaZskJq999rlvAPvyz9hoJeVwpVIDnTocD MMr2u5cZR X-Google-Smtp-Source: AGHT+IGTpLGDQcURmlVTvFHx1azsUgPjsygRTYgd4KB1NTKRuxV9VnmdJhdTEkGtGp1DpfEB7aLZMkitTrD3 X-Received: by 2002:a05:6871:8401:b0:3ec:4783:a985 with SMTP id 586e51a60fabf-3ec4783b6aemr1200705fac.36.1763385009749; Mon, 17 Nov 2025 05:10:09 -0800 (PST) Received: from postal.iol.unh.edu (postal.iol.unh.edu. [2606:4100:3880:1234::84]) by smtp-relay.gmail.com with ESMTPS id 586e51a60fabf-3e851d6410bsm1222503fac.0.2025.11.17.05.10.09 (version=TLS1_2 cipher=ECDHE-ECDSA-AES128-GCM-SHA256 bits=128/128); Mon, 17 Nov 2025 05:10:09 -0800 (PST) X-Relaying-Domain: iol.unh.edu Date: Mon, 17 Nov 2025 05:10:09 -0800 (PST) Message-ID: <691b1eb1.050a0220.c94f9.b9c3SMTPIN_ADDED_MISSING@mx.google.com> Received: from [172.21.0.3] (unknown [172.18.0.240]) by postal.iol.unh.edu (Postfix) with ESMTP id 495C46051830; Mon, 17 Nov 2025 08:10:09 -0500 (EST) Subject: |FAILURE| pw158854-158855 [PATCH] [2/2] net/mlx5: fix the masked val From: dpdklab@iol.unh.edu To: Test Report Cc: dpdk-test-reports@iol.unh.edu, Stephen Hemminger , Bing Zhao In-Reply-To: <20251117080942.9750-1-bingz@nvidia.com> References: <20251117080942.9750-1-bingz@nvidia.com> Content-Type: text/plain X-BeenThere: test-report@dpdk.org X-Mailman-Version: 2.1.29 Precedence: list List-Id: automatic DPDK test reports List-Unsubscribe: , List-Archive: List-Post: List-Help: List-Subscribe: , Errors-To: test-report-bounces@dpdk.org Test-Label: iol-compile-amd64-testing Test-Status: FAILURE http://dpdk.org/patch/158855 _Testing issues_ Submitter: Bing Zhao Date: Monday, November 17 2025 08:09:42 DPDK git baseline: Repo:dpdk-next-net Branch: master CommitID:18d8a8909b8ed6b0a4bd8f99971da74ebba792e2 158854-158855 --> testing issues Upstream job id: Generic-DPDK-Compile-Meson#445558 Test environment and result as below: +-------------------------------+--------------------+------------------+-------------------+ | Environment | dpdk_meson_compile | dpdk_compile_ovs | dpdk_msvc_compile | +===============================+====================+==================+===================+ | Ubuntu 20.04 | PEND | SKIPPED | SKIPPED | +-------------------------------+--------------------+------------------+-------------------+ | FreeBSD 14.2 | PASS | SKIPPED | SKIPPED | +-------------------------------+--------------------+------------------+-------------------+ | CentOS Stream 9 | FAIL | SKIPPED | SKIPPED | +-------------------------------+--------------------+------------------+-------------------+ | CentOS Stream 10 | FAIL | SKIPPED | SKIPPED | +-------------------------------+--------------------+------------------+-------------------+ | Debian GNU/Linux 12 | FAIL | SKIPPED | SKIPPED | +-------------------------------+--------------------+------------------+-------------------+ | Fedora Linux 42 | FAIL | WARN | SKIPPED | +-------------------------------+--------------------+------------------+-------------------+ | openSUSE Leap 15.6 | PEND | SKIPPED | SKIPPED | +-------------------------------+--------------------+------------------+-------------------+ | Red Hat Enterprise Linux 8.10 | FAIL | SKIPPED | SKIPPED | +-------------------------------+--------------------+------------------+-------------------+ | Red Hat Enterprise Linux 9.5 | PEND | SKIPPED | SKIPPED | +-------------------------------+--------------------+------------------+-------------------+ | Ubuntu 22.04 | PEND | SKIPPED | SKIPPED | +-------------------------------+--------------------+------------------+-------------------+ | Ubuntu 24.04 | PEND | PEND | SKIPPED | +-------------------------------+--------------------+------------------+-------------------+ | Alpine Linux 3.22.0 | PEND | SKIPPED | SKIPPED | +-------------------------------+--------------------+------------------+-------------------+ | Windows Server 2022 | SKIPPED | SKIPPED | PEND | +-------------------------------+--------------------+------------------+-------------------+ ==== 20 line log output for Red Hat Enterprise Linux 8.10 (dpdk_meson_compile): ==== [2061/3651] Compiling C object drivers/libtmp_rte_net_mlx5.a.p/net_mlx5_mlx5_trace.c.o [2062/3651] Compiling C object drivers/libtmp_rte_net_mlx5.a.p/net_mlx5_mlx5_tx_mpw.c.o [2063/3651] Compiling C object drivers/libtmp_rte_net_mlx5.a.p/net_mlx5_mlx5_tx_nompw.c.o [2064/3651] Compiling C object drivers/libtmp_rte_net_mlx5.a.p/net_mlx5_mlx5_tx_empw.c.o [2065/3651] Compiling C object drivers/libtmp_rte_net_mlx5.a.p/net_mlx5_mlx5_txpp.c.o [2066/3651] Compiling C object drivers/libtmp_rte_net_mlx5.a.p/net_mlx5_mlx5_tx_txpp.c.o [2067/3651] Compiling C object drivers/libtmp_rte_net_mlx5.a.p/net_mlx5_mlx5_utils.c.o [2068/3651] Compiling C object drivers/libtmp_rte_net_mlx5.a.p/net_mlx5_mlx5_vlan.c.o [2069/3651] Compiling C object drivers/libtmp_rte_net_mlx5.a.p/net_mlx5_mlx5_txq.c.o [2070/3651] Compiling C object drivers/libtmp_rte_net_mlx5.a.p/net_mlx5_mlx5_flow_quota.c.o [2071/3651] Compiling C object drivers/libtmp_rte_net_mlx5.a.p/net_mlx5_mlx5_flow_verbs.c.o [2072/3651] Compiling C object drivers/libtmp_rte_net_mlx5.a.p/net_mlx5_mlx5_flow_hw.c.o FAILED: drivers/libtmp_rte_net_mlx5.a.p/net_mlx5_mlx5_flow_hw.c.o ccache cc -Idrivers/libtmp_rte_net_mlx5.a.p -Idrivers -I../drivers -Idrivers/net/mlx5 -I../drivers/net/mlx5 -Idrivers/net/mlx5/linux -I../drivers/net/mlx5/linux -Idrivers/net/mlx5/hws -I../drivers/net/mlx5/hws -Ilib/ethdev -I../lib/ethdev -Ilib/eal/common -I../lib/eal/common -I. -I.. -Iconfig -I../config -Ilib/eal/include -I../lib/eal/include -Ilib/eal/linux/include -I../lib/eal/linux/include -Ilib/eal/x86/include -I../lib/eal/x86/include -I../kernel/linux -Ilib/eal -I../lib/eal -Ilib/kvargs -I../lib/kvargs -Ilib/log -I../lib/log -Ilib/metrics -I../lib/metrics -Ilib/telemetry -I../lib/telemetry -Ilib/argparse -I../lib/argparse -Ilib/net -I../lib/net -Ilib/mbuf -I../lib/mbuf -Ilib/mempool -I../lib/mempool -Ilib/ring -I../lib/ring -Ilib/meter -I../lib/meter -Idrivers/bus/pci -I../drivers/bus/pci -I../drivers/bus/pci/linux -Ilib/pci -I../lib/pci -Idrivers/bus/vdev -I../drivers/bus/vdev -Ilib/hash -I../lib/hash -Ilib/rcu -I../lib/rcu -Idrivers/common/mlx5 -I../drivers/common/mlx5 -Idrive rs/common/mlx5/linux -I../drivers/common/mlx5/linux -Idrivers/bus/auxiliary -I../drivers/bus/auxiliary -fdiagnostics-color=always -pipe -D_FILE_OFFSET_BITS=64 -Wall -Winvalid-pch -Wextra -Werror -std=c11 -O3 -include rte_config.h -Wvla -Wcast-qual -Wdeprecated -Wformat -Wformat-nonliteral -Wformat-security -Wmissing-declarations -Wmissing-prototypes -Wnested-externs -Wold-style-definition -Wpointer-arith -Wsign-compare -Wstrict-prototypes -Wundef -Wwrite-strings -Wno-packed-not-aligned -Wno-missing-field-initializers -D_GNU_SOURCE -fPIC -march=native -mrtm -DALLOW_EXPERIMENTAL_API -DALLOW_INTERNAL_API -Wno-format-truncation -std=c11 -Wno-strict-prototypes -D_BSD_SOURCE -D_DEFAULT_SOURCE -D_XOPEN_SOURCE=600 -UPEDANTIC -Wno-vla -DRTE_LOG_DEFAULT_LOGTYPE=pmd.net.mlx5 -MD -MQ drivers/libtmp_rte_net_mlx5.a.p/net_mlx5_mlx5_flow_hw.c.o -MF drivers/libtmp_rte_net_mlx5.a.p/net_mlx5_mlx5_flow_hw.c.o.d -o drivers/libtmp_rte_net_mlx5.a.p/net_mlx5_mlx5_flow_hw.c.o -c ../drivers/net/mlx5/mlx5_flo w_hw.c ../drivers/net/mlx5/mlx5_flow_hw.c: In function 'flow_hw_create_flow': ../drivers/net/mlx5/mlx5_flow_hw.c:14159:6: error: unused variable 'len' [-Werror=unused-variable] int len; ^~~ cc1: all warnings being treated as errors ninja: build stopped: subcommand failed. ==== End log output ==== Ubuntu 20.04 Kernel: 4.19 Compiler: gcc gcc (Ubuntu 9.4.0-1ubuntu1~20.04.2) 9.4.0 FreeBSD 14.2 Kernel: 14.2-RELEASE Compiler: clang 18.1.6 CentOS Stream 9 Kernel: 5.15 Compiler: gcc gcc (GCC) 11.5.0 20240719 (Red Hat 11.5.0-11) CentOS Stream 10 Kernel: 5.15 Compiler: gcc gcc (GCC) 14.2.1 20250110 (Red Hat 14.2.1-8) Debian GNU/Linux 12 Kernel: 5.15 Compiler: gcc gcc (Debian 12.2.0-14+deb12u1) 12.2.0 Fedora Linux 42 Kernel: 5.15 Compiler: clang gcc (GCC) 15.2.1 20250808 (Red Hat 15.2.1-1) openSUSE Leap 15.6 Kernel: 5.15 Compiler: gcc gcc (SUSE Linux) 7.5.0 Red Hat Enterprise Linux 8.10 Kernel: 5.15 Compiler: gcc gcc (GCC) 8.5.0 20210514 (Red Hat 8.5.0-22) Red Hat Enterprise Linux 9.5 Kernel: 5.15 Compiler: gcc gcc (GCC) 11.5.0 20240719 (Red Hat 11.5.0-2) Ubuntu 22.04 Kernel: 5.15 Compiler: gcc gcc (Ubuntu 11.4.0-1ubuntu1~22.04) 11.4.0 Ubuntu 24.04 Kernel: 5.15 Compiler: gcc gcc (Ubuntu 13.3.0-6ubuntu2~24.04) 13.3.0 Alpine Linux 3.22.0 Kernel: 5.15 Compiler: gcc gcc (Alpine 14.2.0) 14.2.0 Windows Server 2022 Kernel: 10.0.20348.2031 Compiler: clang 15.0.7, gcc 14.1.0 (MinGW), and MSVC VS 19.39.33521 To view detailed results, visit: https://lab.dpdk.org/results/dashboard/patchsets/34624/ UNH-IOL DPDK Community Lab To manage your email subscriptions, visit: https://lab.dpdk.org/results/dashboard/preferences/subscriptions/