From mboxrd@z Thu Jan 1 00:00:00 1970 Return-Path: Received: from mails.dpdk.org (mails.dpdk.org [217.70.189.124]) by inbox.dpdk.org (Postfix) with ESMTP id D9C6248B32 for ; Mon, 17 Nov 2025 14:28:00 +0100 (CET) Received: from mails.dpdk.org (localhost [127.0.0.1]) by mails.dpdk.org (Postfix) with ESMTP id C37C74025A; Mon, 17 Nov 2025 14:28:00 +0100 (CET) Received: from mail-il1-f225.google.com (mail-il1-f225.google.com [209.85.166.225]) by mails.dpdk.org (Postfix) with ESMTP id 701AE4025A for ; Mon, 17 Nov 2025 14:27:59 +0100 (CET) Received: by mail-il1-f225.google.com with SMTP id e9e14a558f8ab-4335726d0f2so15522295ab.1 for ; Mon, 17 Nov 2025 05:27:59 -0800 (PST) DKIM-Signature: v=1; a=rsa-sha256; c=relaxed/relaxed; d=iol.unh.edu; s=unh-iol; t=1763386078; x=1763990878; darn=dpdk.org; h=references:in-reply-to:cc:to:from:subject:message-id:date:from:to :cc:subject:date:message-id:reply-to; bh=DcaX++Dfk2VnPOhwKgqPW1Jp0reEB/WC6Iu5PKxlXMw=; b=OJ5RSp9ZsJvoRYV3+tDGxax6lWKhV74fk4kNG1WLrz9oPHG/m/D78m/cNr+itzaY1M 5jikb3qgRoA+DhT3Y4XlnaaGbAndcU3UqXgc8Dlxea3gzVSd8iWVqJzmId4bBFeGqA64 z/4niegohQ72Q3z78pbZJdRHPkHCuBsVO5YoM= X-Google-DKIM-Signature: v=1; a=rsa-sha256; c=relaxed/relaxed; d=1e100.net; s=20230601; t=1763386078; x=1763990878; h=references:in-reply-to:cc:to:from:subject:message-id:date:x-gm-gg :x-gm-message-state:from:to:cc:subject:date:message-id:reply-to; bh=DcaX++Dfk2VnPOhwKgqPW1Jp0reEB/WC6Iu5PKxlXMw=; b=UfnxipoGJBEHyAb1soBaAmRokA95hr41ofsJAYdiWDebEhaUV7BAr2dbGXzgz9xQli Oic4ogz1MmDoQ0jHMCW160XC0Y54pLLoy6Goadtfd10rrwVOIZ6nKYBafbqxwT2u/bVK It7VTJR7FFH/rKA9uNO3ZwaGg0huXOSEIlBaCPnRjfdPpQgCS2GjE7hb5dC9QHusan87 VlVdBv9OarBd82YfFogFlM39kqPWN2bnVRnJ7dXG21nwqLzQ0uI6qKZ0R9kV+ZBs8paI E8pUaGMHWUWBo12zGtvYvD1m6nugLKVgDLskUqHR2yZfIpf5OJxsO3+TWiXo9ge1UfEL 6tuw== X-Gm-Message-State: AOJu0YxPtl5iHjD1EKGOjCu0VEossLI+6Yaur+fjp5RV66Kl607EGe4p HrWQBCE+vAIp+U8WB4QYpG3AGYo5Qz58lWIByykFKgkvN7mDy0GgDyNgcS92eZKWeSZxTj86T7e nmQWogSupa+croRFjm9vf3d7+1MiVpxs6BQZXmOpPPExp X-Gm-Gg: ASbGncvZSX4Avo+g0+6QIhMK2+uyzSoUYQ9e5PYpXG4C4m5akb+Yaws1V1stu0eBtjR iei0Y95+IL9SH+kDFOPvrQTlzo3WDVLrHMHjFfXrNu3ppWHKuxlxsFqsGRNitpCnfRys2aHKKxz rTPc+KXJn+px3RqxhQb5zCjuujugzq/8q1SMGcht8Zkm0IZT89ZNuWFyuy4XhiECRhbpD+m3TS3 HbqXto9V3ER3gIBdTlaKqdkhMCZ2y2Im4Gx2T7l0gEx2nJ/cxKRfallYrLc1wob5qqtU4MnQv5F pb0kYpicKVx5QCae8Su/aA1GwnZz0KsvEiThjvJZdeQ9Z0LvXbzdTKBbaXQPIfB/JaCTGqaqrKt hsC/fn9B6M4nlEUTq5+D5nyZsfmJtkYQ= X-Google-Smtp-Source: AGHT+IFodCCkRLWyAJsYYsb8VdkbN/NCssEZM26o+qn+O5jg98bfTJfQdkNb6Nk+xXqEHmBXCwt6UNBBtXgK X-Received: by 2002:a05:6e02:1561:b0:433:377:ab8 with SMTP id e9e14a558f8ab-4348c942ab5mr144820195ab.23.1763386078677; Mon, 17 Nov 2025 05:27:58 -0800 (PST) Received: from postal.iol.unh.edu (postal.iol.unh.edu. [132.177.123.84]) by smtp-relay.gmail.com with ESMTPS id e9e14a558f8ab-43483992476sm11074165ab.17.2025.11.17.05.27.58 (version=TLS1_2 cipher=ECDHE-ECDSA-AES128-GCM-SHA256 bits=128/128); Mon, 17 Nov 2025 05:27:58 -0800 (PST) X-Relaying-Domain: iol.unh.edu Date: Mon, 17 Nov 2025 05:27:58 -0800 (PST) Message-ID: <691b22de.920a0220.33f9e8.729cSMTPIN_ADDED_MISSING@mx.google.com> Received: from [172.21.0.5] (unknown [172.18.0.240]) by postal.iol.unh.edu (Postfix) with ESMTP id 3FA546051830; Mon, 17 Nov 2025 08:27:58 -0500 (EST) Subject: |FAILURE| pw158854-158855 [PATCH] [2/2] net/mlx5: fix the masked val From: dpdklab@iol.unh.edu To: Test Report Cc: dpdk-test-reports@iol.unh.edu, Stephen Hemminger , Bing Zhao In-Reply-To: <20251117080942.9750-1-bingz@nvidia.com> References: <20251117080942.9750-1-bingz@nvidia.com> Content-Type: text/plain X-BeenThere: test-report@dpdk.org X-Mailman-Version: 2.1.29 Precedence: list List-Id: automatic DPDK test reports List-Unsubscribe: , List-Archive: List-Post: List-Help: List-Subscribe: , Errors-To: test-report-bounces@dpdk.org Test-Label: iol-compile-amd64-testing Test-Status: FAILURE http://dpdk.org/patch/158855 _Testing issues_ Submitter: Bing Zhao Date: Monday, November 17 2025 08:09:42 DPDK git baseline: Repo:dpdk-next-net Branch: master CommitID:18d8a8909b8ed6b0a4bd8f99971da74ebba792e2 158854-158855 --> testing issues Upstream job id: Generic-DPDK-Compile-Meson#445562 Test environment and result as below: +-------------------------------+--------------------+------------------+-------------------+ | Environment | dpdk_meson_compile | dpdk_compile_ovs | dpdk_msvc_compile | +===============================+====================+==================+===================+ | Ubuntu 20.04 | FAIL | SKIPPED | SKIPPED | +-------------------------------+--------------------+------------------+-------------------+ | FreeBSD 14.2 | PASS | SKIPPED | SKIPPED | +-------------------------------+--------------------+------------------+-------------------+ | CentOS Stream 9 | FAIL | SKIPPED | SKIPPED | +-------------------------------+--------------------+------------------+-------------------+ | CentOS Stream 10 | FAIL | SKIPPED | SKIPPED | +-------------------------------+--------------------+------------------+-------------------+ | Debian GNU/Linux 12 | FAIL | SKIPPED | SKIPPED | +-------------------------------+--------------------+------------------+-------------------+ | Fedora Linux 42 | FAIL | WARN | SKIPPED | +-------------------------------+--------------------+------------------+-------------------+ | openSUSE Leap 15.6 | FAIL | SKIPPED | SKIPPED | +-------------------------------+--------------------+------------------+-------------------+ | Red Hat Enterprise Linux 8.10 | FAIL | SKIPPED | SKIPPED | +-------------------------------+--------------------+------------------+-------------------+ | Red Hat Enterprise Linux 9.5 | FAIL | SKIPPED | SKIPPED | +-------------------------------+--------------------+------------------+-------------------+ | Ubuntu 22.04 | FAIL | SKIPPED | SKIPPED | +-------------------------------+--------------------+------------------+-------------------+ | Ubuntu 24.04 | PEND | PEND | SKIPPED | +-------------------------------+--------------------+------------------+-------------------+ | Alpine Linux 3.22.0 | PEND | SKIPPED | SKIPPED | +-------------------------------+--------------------+------------------+-------------------+ | Windows Server 2022 | SKIPPED | SKIPPED | PEND | +-------------------------------+--------------------+------------------+-------------------+ ==== 20 line log output for Ubuntu 22.04 (dpdk_meson_compile): ==== [2044/3637] Compiling C object drivers/libtmp_rte_net_mlx5.a.p/net_mlx5_mlx5_trace.c.o [2045/3637] Compiling C object drivers/libtmp_rte_net_mlx5.a.p/net_mlx5_mlx5_trigger.c.o [2046/3637] Compiling C object drivers/libtmp_rte_net_mlx5.a.p/net_mlx5_mlx5_tx.c.o [2047/3637] Compiling C object drivers/libtmp_rte_net_mlx5.a.p/net_mlx5_mlx5_tx_empw.c.o [2048/3637] Compiling C object drivers/libtmp_rte_net_mlx5.a.p/net_mlx5_mlx5_tx_mpw.c.o [2049/3637] Compiling C object drivers/libtmp_rte_net_mlx5.a.p/net_mlx5_mlx5_tx_nompw.c.o [2050/3637] Compiling C object drivers/libtmp_rte_net_mlx5.a.p/net_mlx5_mlx5_tx_txpp.c.o [2051/3637] Compiling C object drivers/libtmp_rte_net_mlx5.a.p/net_mlx5_mlx5_txpp.c.o [2052/3637] Compiling C object drivers/libtmp_rte_net_mlx5.a.p/net_mlx5_mlx5_txq.c.o [2053/3637] Compiling C object drivers/libtmp_rte_net_mlx5.a.p/net_mlx5_mlx5_utils.c.o [2054/3637] Compiling C object drivers/libtmp_rte_net_mlx5.a.p/net_mlx5_mlx5_vlan.c.o [2055/3637] Compiling C object drivers/libtmp_rte_net_mlx5.a.p/net_mlx5_mlx5_flow_hw.c.o FAILED: drivers/libtmp_rte_net_mlx5.a.p/net_mlx5_mlx5_flow_hw.c.o ccache cc -Idrivers/libtmp_rte_net_mlx5.a.p -Idrivers -I../drivers -Idrivers/net/mlx5 -I../drivers/net/mlx5 -Idrivers/net/mlx5/linux -I../drivers/net/mlx5/linux -Idrivers/net/mlx5/hws -I../drivers/net/mlx5/hws -Ilib/ethdev -I../lib/ethdev -Ilib/eal/common -I../lib/eal/common -I. -I.. -Iconfig -I../config -Ilib/eal/include -I../lib/eal/include -Ilib/eal/linux/include -I../lib/eal/linux/include -Ilib/eal/x86/include -I../lib/eal/x86/include -I../kernel/linux -Ilib/eal -I../lib/eal -Ilib/kvargs -I../lib/kvargs -Ilib/log -I../lib/log -Ilib/metrics -I../lib/metrics -Ilib/telemetry -I../lib/telemetry -Ilib/argparse -I../lib/argparse -Ilib/net -I../lib/net -Ilib/mbuf -I../lib/mbuf -Ilib/mempool -I../lib/mempool -Ilib/ring -I../lib/ring -Ilib/meter -I../lib/meter -Idrivers/bus/pci -I../drivers/bus/pci -I../drivers/bus/pci/linux -Ilib/pci -I../lib/pci -Idrivers/bus/vdev -I../drivers/bus/vdev -Ilib/hash -I../lib/hash -Ilib/rcu -I../lib/rcu -Idrivers/common/mlx5 -I../drivers/common/mlx5 -Idrive rs/common/mlx5/linux -I../drivers/common/mlx5/linux -Idrivers/bus/auxiliary -I../drivers/bus/auxiliary -I/usr/include/libnl3 -fdiagnostics-color=always -pipe -D_FILE_OFFSET_BITS=64 -Wall -Winvalid-pch -Wextra -Werror -std=c11 -O3 -include rte_config.h -Wvla -Wcast-qual -Wdeprecated -Wformat -Wformat-nonliteral -Wformat-security -Wmissing-declarations -Wmissing-prototypes -Wnested-externs -Wold-style-definition -Wpointer-arith -Wsign-compare -Wstrict-prototypes -Wundef -Wwrite-strings -Wno-packed-not-aligned -Wno-missing-field-initializers -D_GNU_SOURCE -fPIC -march=native -mrtm -DALLOW_EXPERIMENTAL_API -DALLOW_INTERNAL_API -Wno-format-truncation -Wno-address-of-packed-member -std=c11 -Wno-strict-prototypes -D_BSD_SOURCE -D_DEFAULT_SOURCE -D_XOPEN_SOURCE=600 -UPEDANTIC -Wno-vla -DRTE_LOG_DEFAULT_LOGTYPE=pmd.net.mlx5 -MD -MQ drivers/libtmp_rte_net_mlx5.a.p/net_mlx5_mlx5_flow_hw.c.o -MF drivers/libtmp_rte_net_mlx5.a.p/net_mlx5_mlx5_flow_hw.c.o.d -o drivers/libtmp_rte_net_mlx5.a.p/net_m lx5_mlx5_flow_hw.c.o -c ../drivers/net/mlx5/mlx5_flow_hw.c ../drivers/net/mlx5/mlx5_flow_hw.c: In function 'flow_hw_create_flow': ../drivers/net/mlx5/mlx5_flow_hw.c:14159:13: error: unused variable 'len' [-Werror=unused-variable] 14159 | int len; | ^~~ cc1: all warnings being treated as errors ninja: build stopped: subcommand failed. ==== End log output ==== Ubuntu 20.04 Kernel: 4.19 Compiler: gcc gcc (Ubuntu 9.4.0-1ubuntu1~20.04.2) 9.4.0 FreeBSD 14.2 Kernel: 14.2-RELEASE Compiler: clang 18.1.6 CentOS Stream 9 Kernel: 5.15 Compiler: gcc gcc (GCC) 11.5.0 20240719 (Red Hat 11.5.0-11) CentOS Stream 10 Kernel: 5.15 Compiler: gcc gcc (GCC) 14.2.1 20250110 (Red Hat 14.2.1-8) Debian GNU/Linux 12 Kernel: 5.15 Compiler: gcc gcc (Debian 12.2.0-14+deb12u1) 12.2.0 Fedora Linux 42 Kernel: 5.15 Compiler: clang gcc (GCC) 15.2.1 20250808 (Red Hat 15.2.1-1) openSUSE Leap 15.6 Kernel: 5.15 Compiler: gcc gcc (SUSE Linux) 7.5.0 Red Hat Enterprise Linux 8.10 Kernel: 5.15 Compiler: gcc gcc (GCC) 8.5.0 20210514 (Red Hat 8.5.0-22) Red Hat Enterprise Linux 9.5 Kernel: 5.15 Compiler: gcc gcc (GCC) 11.5.0 20240719 (Red Hat 11.5.0-2) Ubuntu 22.04 Kernel: 5.15 Compiler: gcc gcc (Ubuntu 11.4.0-1ubuntu1~22.04) 11.4.0 Ubuntu 24.04 Kernel: 5.15 Compiler: gcc gcc (Ubuntu 13.3.0-6ubuntu2~24.04) 13.3.0 Alpine Linux 3.22.0 Kernel: 5.15 Compiler: gcc gcc (Alpine 14.2.0) 14.2.0 Windows Server 2022 Kernel: 10.0.20348.2031 Compiler: clang 15.0.7, gcc 14.1.0 (MinGW), and MSVC VS 19.39.33521 To view detailed results, visit: https://lab.dpdk.org/results/dashboard/patchsets/34624/ UNH-IOL DPDK Community Lab To manage your email subscriptions, visit: https://lab.dpdk.org/results/dashboard/preferences/subscriptions/