From mboxrd@z Thu Jan 1 00:00:00 1970 Return-Path: Received: from mails.dpdk.org (mails.dpdk.org [217.70.189.124]) by inbox.dpdk.org (Postfix) with ESMTP id 902B548B32 for ; Mon, 17 Nov 2025 14:33:46 +0100 (CET) Received: from mails.dpdk.org (localhost [127.0.0.1]) by mails.dpdk.org (Postfix) with ESMTP id 6D1984025A; Mon, 17 Nov 2025 14:33:46 +0100 (CET) Received: from mail-oa1-f99.google.com (mail-oa1-f99.google.com [209.85.160.99]) by mails.dpdk.org (Postfix) with ESMTP id 75FC04025A for ; Mon, 17 Nov 2025 14:33:45 +0100 (CET) Received: by mail-oa1-f99.google.com with SMTP id 586e51a60fabf-3e0e4601faeso1851215fac.1 for ; Mon, 17 Nov 2025 05:33:45 -0800 (PST) DKIM-Signature: v=1; a=rsa-sha256; c=relaxed/relaxed; d=iol.unh.edu; s=unh-iol; t=1763386424; x=1763991224; darn=dpdk.org; h=references:in-reply-to:cc:to:from:subject:message-id:date:from:to :cc:subject:date:message-id:reply-to; bh=l/D/jbwDRocMMSowsuKAdqundiLy22MhN35kOevoPW0=; b=WoPUBM74WGAf4Yg/DN9hWmcCA4bsk87a8kREvENZEeD+SFOse4u/PIA9nbgIELQYPv N6IlIBdHOPl+tLFz+Aky8fzY6BKKmJPb7MeRI2J1r/l5hGDXzJ34lGpfAjn0S6nUt1mp uDr9F3tqypdc20Y+L+6SHs6Q9HdPVdyx3clDM= X-Google-DKIM-Signature: v=1; a=rsa-sha256; c=relaxed/relaxed; d=1e100.net; s=20230601; t=1763386424; x=1763991224; h=references:in-reply-to:cc:to:from:subject:message-id:date:x-gm-gg :x-gm-message-state:from:to:cc:subject:date:message-id:reply-to; bh=l/D/jbwDRocMMSowsuKAdqundiLy22MhN35kOevoPW0=; b=clI+OAuJcgNlOoFpN5xo1Ys/QyLmu2YoXFJVNFdUSulnjHswZ/dVuWxLlGtkNgcE6+ 5fCIv5o8w7DraJ8EYfQOLOrXGyQ75Ez1ZvXNCBNR3z1VozeX8AdK5ckIqQxgKhUPe03r uejHBytgNECgZ9YOIhDj2yk4gZyiF5TBIFQS3800IdHh7Do8ozAtFdMRIFNj7SGxGn6z gg/VzOmNQpgdyjAqCwavriTTN2tzM9nrHqCpFxBt7LvR5ZEYBB0koFmvLXC4nFDET2i3 MTWlBKwkG3iPq3RXiqTZOwSfRHzkhUv3MALPkfuxYRL2wHFurYNSAiI15E8mG+tIygMv jF5Q== X-Gm-Message-State: AOJu0YwY0lfu88o+y/yzpTd5AzP74Ei72hvFUvl0ZeKEyBcFPRD35uuq QeOjQ4DuXOLQ8uW8pFIw5hHVVazuSl1ZyPebPmnlzU+hLp2tDIaFMPPkw5bRYh67b+XnXJQ/qmS XxYSCGChcjBia21mlJuPNIER3jQ2iXHqlj9DnoXnoTPeO X-Gm-Gg: ASbGncsvs0h0sbvHunl4A0H8ztcCxpP2gY5YBhLk53fH607hJ3TiHMTY+UGof2DnX8a ACNLXglptFZ7eO+sLKsC06V2/YVJtIsiwBLpyj6P0czV6MZNM1MdpUxOBLJ5wKtNJJ0mucB3HdU XHGwKwLB6APDdQgH360TQRGcOJbbggjIEf34pkRaGbZvtkjfVVto2GFBPJUm00e0sDeOXKEt4Td LQ34CPCIuQsLhFOsHXczOoWpAgP2czXlkWXfhmEfJRpmqI/BPqLwS9mbCBkHAy8+LoWrtAIyI60 2Diq89Wgr2u9OPORQVehZB6WXhqD89rqpWlvOeoWZv/5augHRnjjBIwf8odMOD/AHkYebfLO7RC yGdYV2uaxq/U1CgUcDRhvhKwpmRuDIIw= X-Google-Smtp-Source: AGHT+IHYrw8gMFwCKGf2jljNlmTdIK5VwPHVvKoGkx3ynSB4GSwxzPuNT+EU/9BMPbxCoBfps0R7BgAhbkU+ X-Received: by 2002:a05:687c:2703:b0:3ea:d0d1:bb06 with SMTP id 586e51a60fabf-3ead0d1dc6amr2577761fac.34.1763386424659; Mon, 17 Nov 2025 05:33:44 -0800 (PST) Received: from postal.iol.unh.edu (postal.iol.unh.edu. [132.177.123.84]) by smtp-relay.gmail.com with ESMTPS id 586e51a60fabf-3e8522c77f1sm1187290fac.19.2025.11.17.05.33.44 (version=TLS1_2 cipher=ECDHE-ECDSA-AES128-GCM-SHA256 bits=128/128); Mon, 17 Nov 2025 05:33:44 -0800 (PST) X-Relaying-Domain: iol.unh.edu Date: Mon, 17 Nov 2025 05:33:44 -0800 (PST) Message-ID: <691b2438.050a0220.167f9f.b41bSMTPIN_ADDED_MISSING@mx.google.com> Received: from [172.21.0.2] (unknown [172.18.0.240]) by postal.iol.unh.edu (Postfix) with ESMTP id 2BB4A604D420; Mon, 17 Nov 2025 08:33:44 -0500 (EST) Subject: |FAILURE| pw158854-158855 [PATCH] [2/2] net/mlx5: fix the masked val From: dpdklab@iol.unh.edu To: Test Report Cc: dpdk-test-reports@iol.unh.edu, Stephen Hemminger , Bing Zhao In-Reply-To: <20251117080942.9750-1-bingz@nvidia.com> References: <20251117080942.9750-1-bingz@nvidia.com> Content-Type: text/plain X-BeenThere: test-report@dpdk.org X-Mailman-Version: 2.1.29 Precedence: list List-Id: automatic DPDK test reports List-Unsubscribe: , List-Archive: List-Post: List-Help: List-Subscribe: , Errors-To: test-report-bounces@dpdk.org Test-Label: iol-compile-amd64-testing Test-Status: FAILURE http://dpdk.org/patch/158855 _Testing issues_ Submitter: Bing Zhao Date: Monday, November 17 2025 08:09:42 DPDK git baseline: Repo:dpdk-next-net Branch: master CommitID:18d8a8909b8ed6b0a4bd8f99971da74ebba792e2 158854-158855 --> testing issues Upstream job id: Generic-DPDK-Compile-Meson#445566 Test environment and result as below: +-------------------------------+--------------------+------------------+-------------------+ | Environment | dpdk_meson_compile | dpdk_compile_ovs | dpdk_msvc_compile | +===============================+====================+==================+===================+ | Ubuntu 20.04 | FAIL | SKIPPED | SKIPPED | +-------------------------------+--------------------+------------------+-------------------+ | FreeBSD 14.2 | PASS | SKIPPED | SKIPPED | +-------------------------------+--------------------+------------------+-------------------+ | CentOS Stream 9 | FAIL | SKIPPED | SKIPPED | +-------------------------------+--------------------+------------------+-------------------+ | CentOS Stream 10 | FAIL | SKIPPED | SKIPPED | +-------------------------------+--------------------+------------------+-------------------+ | Debian GNU/Linux 12 | FAIL | SKIPPED | SKIPPED | +-------------------------------+--------------------+------------------+-------------------+ | Fedora Linux 42 | FAIL | WARN | SKIPPED | +-------------------------------+--------------------+------------------+-------------------+ | openSUSE Leap 15.6 | FAIL | SKIPPED | SKIPPED | +-------------------------------+--------------------+------------------+-------------------+ | Red Hat Enterprise Linux 8.10 | FAIL | SKIPPED | SKIPPED | +-------------------------------+--------------------+------------------+-------------------+ | Red Hat Enterprise Linux 9.5 | FAIL | SKIPPED | SKIPPED | +-------------------------------+--------------------+------------------+-------------------+ | Ubuntu 22.04 | FAIL | SKIPPED | SKIPPED | +-------------------------------+--------------------+------------------+-------------------+ | Ubuntu 24.04 | PEND | WARN | SKIPPED | +-------------------------------+--------------------+------------------+-------------------+ | Alpine Linux 3.22.0 | PEND | SKIPPED | SKIPPED | +-------------------------------+--------------------+------------------+-------------------+ | Windows Server 2022 | SKIPPED | SKIPPED | PEND | +-------------------------------+--------------------+------------------+-------------------+ ==== 20 line log output for Ubuntu 24.04 (dpdk_compile_ovs): ==== --- Failed to get log output --- ==== End log output ==== Ubuntu 20.04 Kernel: 4.19 Compiler: gcc gcc (Ubuntu 9.4.0-1ubuntu1~20.04.2) 9.4.0 FreeBSD 14.2 Kernel: 14.2-RELEASE Compiler: clang 18.1.6 CentOS Stream 9 Kernel: 5.15 Compiler: gcc gcc (GCC) 11.5.0 20240719 (Red Hat 11.5.0-11) CentOS Stream 10 Kernel: 5.15 Compiler: gcc gcc (GCC) 14.2.1 20250110 (Red Hat 14.2.1-8) Debian GNU/Linux 12 Kernel: 5.15 Compiler: gcc gcc (Debian 12.2.0-14+deb12u1) 12.2.0 Fedora Linux 42 Kernel: 5.15 Compiler: clang gcc (GCC) 15.2.1 20250808 (Red Hat 15.2.1-1) openSUSE Leap 15.6 Kernel: 5.15 Compiler: gcc gcc (SUSE Linux) 7.5.0 Red Hat Enterprise Linux 8.10 Kernel: 5.15 Compiler: gcc gcc (GCC) 8.5.0 20210514 (Red Hat 8.5.0-22) Red Hat Enterprise Linux 9.5 Kernel: 5.15 Compiler: gcc gcc (GCC) 11.5.0 20240719 (Red Hat 11.5.0-2) Ubuntu 22.04 Kernel: 5.15 Compiler: gcc gcc (Ubuntu 11.4.0-1ubuntu1~22.04) 11.4.0 Ubuntu 24.04 Kernel: 5.15 Compiler: gcc gcc (Ubuntu 13.3.0-6ubuntu2~24.04) 13.3.0 Alpine Linux 3.22.0 Kernel: 5.15 Compiler: gcc gcc (Alpine 14.2.0) 14.2.0 Windows Server 2022 Kernel: 10.0.20348.2031 Compiler: clang 15.0.7, gcc 14.1.0 (MinGW), and MSVC VS 19.39.33521 To view detailed results, visit: https://lab.dpdk.org/results/dashboard/patchsets/34624/ UNH-IOL DPDK Community Lab To manage your email subscriptions, visit: https://lab.dpdk.org/results/dashboard/preferences/subscriptions/