From mboxrd@z Thu Jan 1 00:00:00 1970 Return-Path: Received: from mails.dpdk.org (mails.dpdk.org [217.70.189.124]) by inbox.dpdk.org (Postfix) with ESMTP id 386C248B32 for ; Mon, 17 Nov 2025 15:14:03 +0100 (CET) Received: from mails.dpdk.org (localhost [127.0.0.1]) by mails.dpdk.org (Postfix) with ESMTP id 142F14025A; Mon, 17 Nov 2025 15:14:03 +0100 (CET) Received: from mail-vs1-f99.google.com (mail-vs1-f99.google.com [209.85.217.99]) by mails.dpdk.org (Postfix) with ESMTP id 4F5184025A for ; Mon, 17 Nov 2025 15:14:02 +0100 (CET) Received: by mail-vs1-f99.google.com with SMTP id ada2fe7eead31-5dd6fbe5091so1732857137.1 for ; Mon, 17 Nov 2025 06:14:02 -0800 (PST) DKIM-Signature: v=1; a=rsa-sha256; c=relaxed/relaxed; d=iol.unh.edu; s=unh-iol; t=1763388841; x=1763993641; darn=dpdk.org; h=references:in-reply-to:cc:to:from:subject:message-id:date:from:to :cc:subject:date:message-id:reply-to; bh=hhd1Sk+7oK11F+kQ/u4SystMLtzZLraBNA0BC6XfKGA=; b=K42H5u8IeizCrfwEssRgFPjdgRSLqDUMRPYkZhFlghQP88JUVZBNggjPMBFqfqsreL bike9IXhyIEN2k4hUcCSfTRQw+OFeU/Lg7LiZORgYYgH817y01I1g9ceiM3QNdFuaiq0 wp+urLUwRkjtevDuP3jRm5a1WJO6Ula/+XWf8= X-Google-DKIM-Signature: v=1; a=rsa-sha256; c=relaxed/relaxed; d=1e100.net; s=20230601; t=1763388841; x=1763993641; h=references:in-reply-to:cc:to:from:subject:message-id:date:x-gm-gg :x-gm-message-state:from:to:cc:subject:date:message-id:reply-to; bh=hhd1Sk+7oK11F+kQ/u4SystMLtzZLraBNA0BC6XfKGA=; b=uCE/HCwuYDgVxRn/PwKod9lCRzCq4yisYDr1A8S0h5Z6lXyvJi5jW+7OoXpx3JNLBp 1U8wED9LMHPVAlwjHIYud3mqTvOzshgIoL6g9hl+H8M188o4osSMqG6g9dDNd+zypTVt l7DldPB3H0HlQMGBC+6IUq3IAzROUCCF/lNF9QheSP1FqyVr2AspYRYkKpLE6YIbh7rn kct8VOmpYf62y4w1ZbCzxzQFtD8GW9a1CxRCbC2VyiqnGpyiUeffjTnNgYeJz8zg9YEo iBsNSME14uSYJoZxNrqbCh5mFathQrclsms5rhHBs0HKCBbX1nqmpehDydARyAfzLalt ZB6g== X-Gm-Message-State: AOJu0Yyil96B9HY7nGyTN4vIJESl0h/26KP1egHsbHDT6ENoNj7/G8Fr IFXsGoP3jJ8I9BhKsEB6erxeE4nF3rnuzqNN94LG1+vXLCSYKxvy9CJKusrzTRfGxSA2kKHvc1C nZ8ZU3N/UI83r6A938S9NBspnoaxkiG32q64fVBBDSKbel0UupyEhV0dJFdLt X-Gm-Gg: ASbGncuY33btand4kUknoaflVWUmfGQ1/HiaEtEpd2C0WvgxMo/muEnGXESJohCQF4C G5BDd3Xn8rxx+wH+v3cQ7FPJ7RsigQiKKikVoK2+ho4eNevHbuwobGW/svzGeydRD1o0I4A6Tda x0kYg9GzHtURr5w0x6HnE12lk0YsNmkkz91mY+smxczygQOwSU7vaHrgt9VEGBOgutHnefEAZ25 ldYWzK7iuX2jud0VQ83YO27STllLOGc3yMm0V6zPGUv4bjjhKrik6f7mnzP5QdCQmv9YzwX3mV8 8v3FW5vg43NSZDmlQLjGi3VoTAiVjJdF9+yehj9M/dSONKcFkdc2XvKw7iWAipMWO2aPt1cjuaH MLta/7/WT X-Google-Smtp-Source: AGHT+IHJxlKt4/A8ZomlSskdptzrWyns4MPRfUfuinvULBSTuFGvvQLhS5IxZzwNKztjRn7lVoiauYNR6F+/ X-Received: by 2002:a05:6102:4487:b0:5df:b1f4:77dc with SMTP id ada2fe7eead31-5dfc5b69189mr3369508137.31.1763388841472; Mon, 17 Nov 2025 06:14:01 -0800 (PST) Received: from postal.iol.unh.edu (postal.iol.unh.edu. [2606:4100:3880:1234::84]) by smtp-relay.gmail.com with ESMTPS id a1e0cc1a2514c-937610ae498sm152290241.1.2025.11.17.06.14.01 (version=TLS1_2 cipher=ECDHE-ECDSA-AES128-GCM-SHA256 bits=128/128); Mon, 17 Nov 2025 06:14:01 -0800 (PST) X-Relaying-Domain: iol.unh.edu Date: Mon, 17 Nov 2025 06:14:01 -0800 (PST) Message-ID: <691b2da9.050a0220.d6fd9.6dacSMTPIN_ADDED_MISSING@mx.google.com> Received: from [172.21.0.7] (unknown [172.18.0.240]) by postal.iol.unh.edu (Postfix) with ESMTP id 183CA604D420; Mon, 17 Nov 2025 09:14:01 -0500 (EST) Subject: |FAILURE| pw158854-158855 [PATCH] [2/2] net/mlx5: fix the masked val From: dpdklab@iol.unh.edu To: Test Report Cc: dpdk-test-reports@iol.unh.edu, Stephen Hemminger , Bing Zhao In-Reply-To: <20251117080942.9750-1-bingz@nvidia.com> References: <20251117080942.9750-1-bingz@nvidia.com> Content-Type: text/plain X-BeenThere: test-report@dpdk.org X-Mailman-Version: 2.1.29 Precedence: list List-Id: automatic DPDK test reports List-Unsubscribe: , List-Archive: List-Post: List-Help: List-Subscribe: , Errors-To: test-report-bounces@dpdk.org Test-Label: iol-compile-amd64-testing Test-Status: FAILURE http://dpdk.org/patch/158855 _Testing issues_ Submitter: Bing Zhao Date: Monday, November 17 2025 08:09:42 DPDK git baseline: Repo:dpdk-next-net Branch: master CommitID:18d8a8909b8ed6b0a4bd8f99971da74ebba792e2 158854-158855 --> testing issues Upstream job id: Generic-DPDK-Compile-Meson#445568 Test environment and result as below: +-------------------------------+--------------------+------------------+-------------------+ | Environment | dpdk_meson_compile | dpdk_compile_ovs | dpdk_msvc_compile | +===============================+====================+==================+===================+ | Ubuntu 20.04 | FAIL | SKIPPED | SKIPPED | +-------------------------------+--------------------+------------------+-------------------+ | FreeBSD 14.2 | PASS | SKIPPED | SKIPPED | +-------------------------------+--------------------+------------------+-------------------+ | CentOS Stream 9 | FAIL | SKIPPED | SKIPPED | +-------------------------------+--------------------+------------------+-------------------+ | CentOS Stream 10 | FAIL | SKIPPED | SKIPPED | +-------------------------------+--------------------+------------------+-------------------+ | Debian GNU/Linux 12 | FAIL | SKIPPED | SKIPPED | +-------------------------------+--------------------+------------------+-------------------+ | Fedora Linux 42 | FAIL | WARN | SKIPPED | +-------------------------------+--------------------+------------------+-------------------+ | openSUSE Leap 15.6 | FAIL | SKIPPED | SKIPPED | +-------------------------------+--------------------+------------------+-------------------+ | Red Hat Enterprise Linux 8.10 | FAIL | SKIPPED | SKIPPED | +-------------------------------+--------------------+------------------+-------------------+ | Red Hat Enterprise Linux 9.5 | FAIL | SKIPPED | SKIPPED | +-------------------------------+--------------------+------------------+-------------------+ | Ubuntu 22.04 | FAIL | SKIPPED | SKIPPED | +-------------------------------+--------------------+------------------+-------------------+ | Ubuntu 24.04 | PASS | WARN | SKIPPED | +-------------------------------+--------------------+------------------+-------------------+ | Alpine Linux 3.22.0 | PASS | SKIPPED | SKIPPED | +-------------------------------+--------------------+------------------+-------------------+ | Windows Server 2022 | SKIPPED | SKIPPED | PASS | +-------------------------------+--------------------+------------------+-------------------+ ==== 20 line log output for Ubuntu 24.04 (dpdk_compile_ovs): ==== --- Failed to get log output --- ==== End log output ==== Ubuntu 20.04 Kernel: 4.19 Compiler: gcc gcc (Ubuntu 9.4.0-1ubuntu1~20.04.2) 9.4.0 FreeBSD 14.2 Kernel: 14.2-RELEASE Compiler: clang 18.1.6 CentOS Stream 9 Kernel: 5.15 Compiler: gcc gcc (GCC) 11.5.0 20240719 (Red Hat 11.5.0-11) CentOS Stream 10 Kernel: 5.15 Compiler: gcc gcc (GCC) 14.2.1 20250110 (Red Hat 14.2.1-8) Debian GNU/Linux 12 Kernel: 5.15 Compiler: gcc gcc (Debian 12.2.0-14+deb12u1) 12.2.0 Fedora Linux 42 Kernel: 5.15 Compiler: clang gcc (GCC) 15.2.1 20250808 (Red Hat 15.2.1-1) openSUSE Leap 15.6 Kernel: 5.15 Compiler: gcc gcc (SUSE Linux) 7.5.0 Red Hat Enterprise Linux 8.10 Kernel: 5.15 Compiler: gcc gcc (GCC) 8.5.0 20210514 (Red Hat 8.5.0-22) Red Hat Enterprise Linux 9.5 Kernel: 5.15 Compiler: gcc gcc (GCC) 11.5.0 20240719 (Red Hat 11.5.0-2) Ubuntu 22.04 Kernel: 5.15 Compiler: gcc gcc (Ubuntu 11.4.0-1ubuntu1~22.04) 11.4.0 Ubuntu 24.04 Kernel: 5.15 Compiler: gcc gcc (Ubuntu 13.3.0-6ubuntu2~24.04) 13.3.0 Alpine Linux 3.22.0 Kernel: 5.15 Compiler: gcc gcc (Alpine 14.2.0) 14.2.0 Windows Server 2022 Kernel: 10.0.20348.2031 Compiler: clang 15.0.7, gcc 14.1.0 (MinGW), and MSVC VS 19.39.33521 To view detailed results, visit: https://lab.dpdk.org/results/dashboard/patchsets/34624/ UNH-IOL DPDK Community Lab To manage your email subscriptions, visit: https://lab.dpdk.org/results/dashboard/preferences/subscriptions/