From mboxrd@z Thu Jan 1 00:00:00 1970 Return-Path: Received: from mails.dpdk.org (mails.dpdk.org [217.70.189.124]) by inbox.dpdk.org (Postfix) with ESMTP id 1252348B33 for ; Mon, 17 Nov 2025 17:12:21 +0100 (CET) Received: from mails.dpdk.org (localhost [127.0.0.1]) by mails.dpdk.org (Postfix) with ESMTP id 0E6B54025A; Mon, 17 Nov 2025 17:12:21 +0100 (CET) Received: from mail-yw1-f228.google.com (mail-yw1-f228.google.com [209.85.128.228]) by mails.dpdk.org (Postfix) with ESMTP id D535C4025A for ; Mon, 17 Nov 2025 17:12:19 +0100 (CET) Received: by mail-yw1-f228.google.com with SMTP id 00721157ae682-787ff3f462bso52356177b3.0 for ; Mon, 17 Nov 2025 08:12:19 -0800 (PST) DKIM-Signature: v=1; a=rsa-sha256; c=relaxed/relaxed; d=iol.unh.edu; s=unh-iol; t=1763395939; x=1764000739; darn=dpdk.org; h=references:in-reply-to:cc:to:from:subject:message-id:date:from:to :cc:subject:date:message-id:reply-to; bh=LVwtX8Uv85aNxDWyN7u5yrA+u0kR39M9aX0VgLCWDvY=; b=aErK7uhh1+yIDR/DJULy5p7x49YIt89T0T5OXN0s9cmGbqvWMk5R+xW73L8zkCLBnI U+HLga9O3HkTCQHFOV0HdfATHkhGxC5hFJJJVIGlOA94+xcP2wEQuqiWW+RXZeZmGg19 WIhN1pew0axeYXGMEkvIlG6ywMKNxi+NAuGvY= X-Google-DKIM-Signature: v=1; a=rsa-sha256; c=relaxed/relaxed; d=1e100.net; s=20230601; t=1763395939; x=1764000739; h=references:in-reply-to:cc:to:from:subject:message-id:date:x-gm-gg :x-gm-message-state:from:to:cc:subject:date:message-id:reply-to; bh=LVwtX8Uv85aNxDWyN7u5yrA+u0kR39M9aX0VgLCWDvY=; b=Hv7wjC/vu3JBfIoNAyJaF8c3DgxG901QPGKzEUV67qQI2sYOw7GQrAGmIKUHZgkqvh GdHV/0GDea+KOgrAieYfYNkTd4NZN3svMLF4/mV6aKS3KkZsB7SXQ+uW8eqGM0vGMJ59 orZiwmu+4FzX7L6LB5Fb+sHhdcbkYybtgSDiOvSeaTKgsMXqHTqLZokai5eZVuM2MsM2 43MrhQZY/Zo5zoKGdvKm6XFUwaJZbx7O3kTDacZOenv785zoGDQwd1flcCNnE9Xr8/fx RIDkLjiiWT+0JFh5+VyCQk5d3xyKnybl/+Kn+4MSH3UvNzAKwskcYD8Y5PPcP1orVVQZ z3Ig== X-Gm-Message-State: AOJu0YzLFzBgwTvFyr0OK8+eU2xj0Tf/ZbVVO9jzSLgdWjIXJ4QOQGQO tAHIaNLwVDy8F1HunQHjMWMt3zHtaxhBN96vudbXf2PkBQTZwrOrMrkPMQsyRTf3dNayRYJxsdR OwuBP4goDnMJTyTmHGxfTrEBLvdI+nmjzz+Q2uv4SeQ0kZg2RxbtbczLz7W1g X-Gm-Gg: ASbGncvcv7Bin5U6ptAeydYbRpcyfaDRNTmhaSeQcilIcz8GAXXbf4IFsM/87PmouWA yfoNtmX8eXS1IRmqcFgXzyTVzJxDIMiiKuLk2HWkUlG/Brb2qsJPpG/10HHMk6ge9/WykgrJPPo /ZZo91KKFwrYMwvoWV7GdXTVe9un/eC5RL6fALF5JlTXx+uKxIJr6TJ5GoQnNerehuG0Bxvvm6Y anaj1rwhH5Leuo2h4QW8glyXHdQ2VCMHTPMJxuS/zxR1OfHokgZj6A0CoBxGGU2ZUTqg366sU+O Gsj83uRPIM05+VdpTMwKI531GAqT/KaTI9WZBbnquMDHfqGjGo8nt0wy7JzSz4bWcgx/1v3pN5T 8OuB4ZWDz X-Google-Smtp-Source: AGHT+IGi4IQGn1DVT77BBQfobz/ffBcthynz+XeDcFhSnKoTWzd8bPz43tTRLaCEwYgvr57wSTDrk6jBhKTR X-Received: by 2002:a53:accd:0:10b0:63f:af94:79d2 with SMTP id 956f58d0204a3-6410d1b833emr11987436d50.34.1763395939210; Mon, 17 Nov 2025 08:12:19 -0800 (PST) Received: from postal.iol.unh.edu (postal.iol.unh.edu. [2606:4100:3880:1234::84]) by smtp-relay.gmail.com with ESMTPS id 956f58d0204a3-6410e9eb4cfsm585824d50.2.2025.11.17.08.12.19 (version=TLS1_2 cipher=ECDHE-ECDSA-AES128-GCM-SHA256 bits=128/128); Mon, 17 Nov 2025 08:12:19 -0800 (PST) X-Relaying-Domain: iol.unh.edu Date: Mon, 17 Nov 2025 08:12:19 -0800 (PST) Message-ID: <691b4963.050a0220.7c00a.c9bfSMTPIN_ADDED_MISSING@mx.google.com> Received: from [172.21.0.3] (unknown [172.18.0.240]) by postal.iol.unh.edu (Postfix) with ESMTP id DC4606050A61; Mon, 17 Nov 2025 11:12:18 -0500 (EST) Subject: |FAILURE| pw158859 [PATCH] [v2,1/1] net/mlx5: fix set port down if d From: dpdklab@iol.unh.edu To: Test Report Cc: dpdk-test-reports@iol.unh.edu, Yang Xu In-Reply-To: <20251117091201.2261526-1-xu.yang3@zte.com.cn> References: <20251117091201.2261526-1-xu.yang3@zte.com.cn> Content-Type: text/plain X-BeenThere: test-report@dpdk.org X-Mailman-Version: 2.1.29 Precedence: list List-Id: automatic DPDK test reports List-Unsubscribe: , List-Archive: List-Post: List-Help: List-Subscribe: , Errors-To: test-report-bounces@dpdk.org Test-Label: iol-compile-arm64-testing Test-Status: FAILURE http://dpdk.org/patch/158859 _Testing issues_ Submitter: Yang Xu Date: Monday, November 17 2025 09:12:01 DPDK git baseline: Repo:dpdk-next-net-mlx Branch: master CommitID:6c8ab18883d4a51ac512a969d36b47272a63b61b 158859 --> testing issues Upstream job id: Generic-DPDK-Compile-Meson#445638 Test environment and result as below: +------------------------------+--------------------+ | Environment | dpdk_meson_compile | +==============================+====================+ | Red Hat Enterprise Linux 9.5 | FAIL | +------------------------------+--------------------+ | Ubuntu 20.04 | PASS | +------------------------------+--------------------+ | Debian GNU/Linux 12 | FAIL | +------------------------------+--------------------+ | Fedora Linux 42 | FAIL | +------------------------------+--------------------+ | Ubuntu 22.04 | FAIL | +------------------------------+--------------------+ | Ubuntu 24.04 | FAIL | +------------------------------+--------------------+ | CentOS Stream 9 | FAIL | +------------------------------+--------------------+ | CentOS Stream 10 | FAIL | +------------------------------+--------------------+ ==== 20 line log output for CentOS Stream 10 (dpdk_meson_compile): ==== [2198/3847] Compiling C object drivers/libtmp_rte_net_mlx5.a.p/net_mlx5_mlx5_txq.c.o [2199/3847] Compiling C object drivers/libtmp_rte_net_mlx5.a.p/net_mlx5_mlx5_utils.c.o [2200/3847] Compiling C object drivers/libtmp_rte_net_mlx5.a.p/net_mlx5_mlx5_vlan.c.o [2201/3847] Compiling C object drivers/libtmp_rte_net_mlx5.a.p/net_mlx5_mlx5_flow_hw.c.o [2202/3847] Compiling C object drivers/libtmp_rte_net_mlx5.a.p/net_mlx5_mlx5_flow_quota.c.o [2203/3847] Compiling C object drivers/libtmp_rte_net_mlx5.a.p/net_mlx5_mlx5_flow_verbs.c.o [2204/3847] Compiling C object drivers/libtmp_rte_net_mlx5.a.p/net_mlx5_mlx5_hws_cnt.c.o [2205/3847] Compiling C object drivers/libtmp_rte_net_mlx5.a.p/net_mlx5_mlx5_nta_split.c.o [2206/3847] Compiling C object drivers/libtmp_rte_net_mlx5.a.p/net_mlx5_mlx5_nta_sample.c.o [2207/3847] Compiling C object drivers/libtmp_rte_net_mlx5.a.p/net_mlx5_mlx5_rxtx_vec.c.o [2208/3847] Compiling C object drivers/libtmp_rte_net_mlx5.a.p/net_mlx5_linux_mlx5_socket.c.o [2209/3847] Compiling C object drivers/libtmp_rte_net_mlx5.a.p/net_mlx5_linux_mlx5_os.c.o [2210/3847] Compiling C object drivers/libtmp_rte_net_mlx5.a.p/net_mlx5_linux_mlx5_ethdev_os.c.o FAILED: drivers/libtmp_rte_net_mlx5.a.p/net_mlx5_linux_mlx5_ethdev_os.c.o ccache cc -Idrivers/libtmp_rte_net_mlx5.a.p -Idrivers -I../drivers -Idrivers/net/mlx5 -I../drivers/net/mlx5 -Idrivers/net/mlx5/linux -I../drivers/net/mlx5/linux -Idrivers/net/mlx5/hws -I../drivers/net/mlx5/hws -Ilib/ethdev -I../lib/ethdev -Ilib/eal/common -I../lib/eal/common -I. -I.. -Iconfig -I../config -Ilib/eal/include -I../lib/eal/include -Ilib/eal/linux/include -I../lib/eal/linux/include -Ilib/eal/arm/include -I../lib/eal/arm/include -I../kernel/linux -Ilib/eal -I../lib/eal -Ilib/kvargs -I../lib/kvargs -Ilib/log -I../lib/log -Ilib/metrics -I../lib/metrics -Ilib/telemetry -I../lib/telemetry -Ilib/argparse -I../lib/argparse -Ilib/net -I../lib/net -Ilib/mbuf -I../lib/mbuf -Ilib/mempool -I../lib/mempool -Ilib/ring -I../lib/ring -Ilib/meter -I../lib/meter -Idrivers/bus/pci -I../drivers/bus/pci -I../drivers/bus/pci/linux -Ilib/pci -I../lib/pci -Idrivers/bus/vdev -I../drivers/bus/vdev -Ilib/hash -I../lib/hash -Ilib/rcu -I../lib/rcu -Idrivers/common/mlx5 -I../drivers/common/mlx5 -Idrive rs/common/mlx5/linux -I../drivers/common/mlx5/linux -Idrivers/bus/auxiliary -I../drivers/bus/auxiliary -fdiagnostics-color=always -pipe -D_FILE_OFFSET_BITS=64 -Wall -Winvalid-pch -Wextra -Werror -std=c11 -O3 -include rte_config.h -Wvla -Wcast-qual -Wdeprecated -Wformat -Wformat-nonliteral -Wformat-security -Wmissing-declarations -Wmissing-prototypes -Wnested-externs -Wold-style-definition -Wpointer-arith -Wsign-compare -Wstrict-prototypes -Wundef -Wwrite-strings -Wno-packed-not-aligned -Wno-missing-field-initializers -D_GNU_SOURCE -fPIC -march=armv8.1-a+crc+crypto -DALLOW_EXPERIMENTAL_API -DALLOW_INTERNAL_API -Wno-format-truncation -Wno-address-of-packed-member -std=c11 -Wno-strict-prototypes -D_BSD_SOURCE -D_DEFAULT_SOURCE -D_XOPEN_SOURCE=600 -UPEDANTIC -Wno-vla -DRTE_LOG_DEFAULT_LOGTYPE=pmd.net.mlx5 -MD -MQ drivers/libtmp_rte_net_mlx5.a.p/net_mlx5_linux_mlx5_ethdev_os.c.o -MF drivers/libtmp_rte_net_mlx5.a.p/net_mlx5_linux_mlx5_ethdev_os.c.o.d -o drivers/libtmp_rte_net_mlx5.a.p/net _mlx5_linux_mlx5_ethdev_os.c.o -c ../drivers/net/mlx5/linux/mlx5_ethdev_os.c ../drivers/net/mlx5/linux/mlx5_ethdev_os.c: In function 'mlx5_link_update': ../drivers/net/mlx5/linux/mlx5_ethdev_os.c:536:47: error: expected expression before '{' token 536 | dev->data->dev_link = {0}; | ^ ninja: build stopped: subcommand failed. ==== End log output ==== Red Hat Enterprise Linux 9.5 Kernel: 5.4 Compiler: gcc gcc (GCC) 11.5.0 20240719 (Red Hat 11.5.0-2) Ubuntu 20.04 Kernel: 5.15 Compiler: aarch64-linux-gnu-gcc gcc (Ubuntu 9.4.0-1ubuntu1~20.04.2) 9.4.0 Debian GNU/Linux 12 Kernel: 5.4 Compiler: gcc gcc (Debian 12.2.0-14+deb12u1) 12.2.0 Fedora Linux 42 Kernel: 5.4 Compiler: gcc gcc (GCC) 15.2.1 20250808 (Red Hat 15.2.1-1) Ubuntu 22.04 Kernel: 5.4 Compiler: gcc gcc (Ubuntu 11.4.0-1ubuntu1~22.04) 11.4.0 Ubuntu 24.04 Kernel: 5.4 Compiler: gcc gcc (Ubuntu 13.3.0-6ubuntu2~24.04) 13.3.0 CentOS Stream 9 Kernel: 5.4 Compiler: gcc gcc (GCC) 11.5.0 20240719 (Red Hat 11.5.0-11) CentOS Stream 10 Kernel: 5.4 Compiler: gcc gcc (GCC) 14.2.1 20250110 (Red Hat 14.2.1-8) To view detailed results, visit: https://lab.dpdk.org/results/dashboard/patchsets/34627/ UNH-IOL DPDK Community Lab To manage your email subscriptions, visit: https://lab.dpdk.org/results/dashboard/preferences/subscriptions/