From mboxrd@z Thu Jan 1 00:00:00 1970 Return-Path: Received: from mails.dpdk.org (mails.dpdk.org [217.70.189.124]) by inbox.dpdk.org (Postfix) with ESMTP id 4741648B33 for ; Mon, 17 Nov 2025 17:14:16 +0100 (CET) Received: from mails.dpdk.org (localhost [127.0.0.1]) by mails.dpdk.org (Postfix) with ESMTP id 41EE24025A; Mon, 17 Nov 2025 17:14:16 +0100 (CET) Received: from mail-pl1-f226.google.com (mail-pl1-f226.google.com [209.85.214.226]) by mails.dpdk.org (Postfix) with ESMTP id 7760B4025A for ; Mon, 17 Nov 2025 17:14:15 +0100 (CET) Received: by mail-pl1-f226.google.com with SMTP id d9443c01a7336-297d4a56f97so48862445ad.1 for ; Mon, 17 Nov 2025 08:14:15 -0800 (PST) DKIM-Signature: v=1; a=rsa-sha256; c=relaxed/relaxed; d=iol.unh.edu; s=unh-iol; t=1763396054; x=1764000854; darn=dpdk.org; h=references:in-reply-to:cc:to:from:subject:message-id:date:from:to :cc:subject:date:message-id:reply-to; bh=cYu4zhBVzAyBLgio5fc06bZ8ol5Zh1sLH3UBp9O1QYQ=; b=AkUnV3Bm9IcNKGl6uIBphhXlZxUC7VSehzMcKoT7+IfQJ0Wy5OpDE548hLZ5cKORm4 tApnT8qcAS5mVXeZC/PzbzBfMx3rfLbCFEf2b3gzhrUldwB2w5u85TcJcUCmEH6dYyG6 uXV0+Yt7ttZtOQ59mWvsi7iIeE3tqQzWbmDrA= X-Google-DKIM-Signature: v=1; a=rsa-sha256; c=relaxed/relaxed; d=1e100.net; s=20230601; t=1763396054; x=1764000854; h=references:in-reply-to:cc:to:from:subject:message-id:date:x-gm-gg :x-gm-message-state:from:to:cc:subject:date:message-id:reply-to; bh=cYu4zhBVzAyBLgio5fc06bZ8ol5Zh1sLH3UBp9O1QYQ=; b=esoWlldqhejKlwgckxMSizv/fuZuDcsfdX79uDCK16nLDmFmE9/jsh8l5y3T+imz05 Zd6/KvHJr0f9bmtGvYKe3Y7z2iX5jPEVyhjwyr9bbcOCgK7HQ6wN2xvq4Gu3LbvDVHWg dJ2DSeU5pG8Oc25zmha4+qJ09/nMmh4OiNYaq8ewRXdnNA6KiDoTcBMS10Q/efaSe6JO j80Wr360f8VFVsevI6WMcNBjv1NMh/PrM/+5U1k8JSu2HEpxGnuiME/G8vM8nFDdYnEm RQ0baKikuQUDUfYWFZNXJOPSRdXW9pQXbyuwlBrMq7vAdLKj+44zSsNAlgEIpZixweZm cDZQ== X-Gm-Message-State: AOJu0Yyn0dR3Yh0RN/flR0kXpRMYkP9ZflN93hQdz3L7qaqRZHv2UDxf 9jZi+l3GYVp6xydmvNDI/x/aESSRyqUfbKCyJj9xfLZWgIkYrf1ik1SrIq5FjG+2FT+d+5keED3 HEt80UHiTPHOwWjLHEtEunXi/b1Q/lkFdubVy/grOs3hC X-Gm-Gg: ASbGnctLkjclVYXklfT+1/O+/ezvkwj6iiflTa9VbsqcMkbJs3Gscr+dxWU8i3k7szD h00hBSP9YxGslVjEU36pPs7+OocCY0pkuLE9SGH0PmNsepQLJGJtERVVL8GBRGswEywdIhol1pl kYAvWTpONvTbT3YIcoX+fL4lAZ+bQ2ps0Ob+3cvAIqM0Mi/M+9L+fKO2dl30nwxdFilPnhFx/66 RXQmBIoBg/LKHZkW5scckvLOKrcKMAgIhsOpWBvqk8LZaaSivGoW6PZXxbpHZG+KqjWNkwSp6eR 2bOH4AQY06XHbFGu7iHt+tQXt9sJJEI4JiM+05EvMY+XqgPlZRBEfyq3mvTwkY6o46MERB1x2Dr 8n7/3DG9Edpe27BbfAskp4PbdSCsNgGs= X-Google-Smtp-Source: AGHT+IFQJ9JIm1Th/cTDP6SL8ZX123+iSU6UUihGJ8GaSHhBJue1QHsqUDu/iv57hsQj19VvHdsTWdnO1dFl X-Received: by 2002:a17:903:190d:b0:299:dea1:e795 with SMTP id d9443c01a7336-299dea1e93amr53920755ad.44.1763396054620; Mon, 17 Nov 2025 08:14:14 -0800 (PST) Received: from postal.iol.unh.edu (postal.iol.unh.edu. [132.177.123.84]) by smtp-relay.gmail.com with ESMTPS id d9443c01a7336-2985c234650sm15328295ad.3.2025.11.17.08.14.14 (version=TLS1_2 cipher=ECDHE-ECDSA-AES128-GCM-SHA256 bits=128/128); Mon, 17 Nov 2025 08:14:14 -0800 (PST) X-Relaying-Domain: iol.unh.edu Date: Mon, 17 Nov 2025 08:14:14 -0800 (PST) Message-ID: <691b49d6.170a0220.3293e6.cc76SMTPIN_ADDED_MISSING@mx.google.com> Received: from [172.21.0.2] (unknown [172.18.0.240]) by postal.iol.unh.edu (Postfix) with ESMTP id D835E6050A61; Mon, 17 Nov 2025 11:14:13 -0500 (EST) Subject: |FAILURE| pw158859 [PATCH] [v2,1/1] net/mlx5: fix set port down if d From: dpdklab@iol.unh.edu To: Test Report Cc: dpdk-test-reports@iol.unh.edu, Yang Xu In-Reply-To: <20251117091201.2261526-1-xu.yang3@zte.com.cn> References: <20251117091201.2261526-1-xu.yang3@zte.com.cn> Content-Type: text/plain X-BeenThere: test-report@dpdk.org X-Mailman-Version: 2.1.29 Precedence: list List-Id: automatic DPDK test reports List-Unsubscribe: , List-Archive: List-Post: List-Help: List-Subscribe: , Errors-To: test-report-bounces@dpdk.org Test-Label: iol-unit-amd64-testing Test-Status: FAILURE http://dpdk.org/patch/158859 _Testing issues_ Submitter: Yang Xu Date: Monday, November 17 2025 09:12:01 DPDK git baseline: Repo:dpdk-next-net-mlx Branch: master CommitID:6c8ab18883d4a51ac512a969d36b47272a63b61b 158859 --> testing issues Upstream job id: Generic-Unit-Test-DPDK#393940 Test environment and result as below: +-------------------------------+----------------+ | Environment | dpdk_unit_test | +===============================+================+ | CentOS Stream 9 | WARN | +-------------------------------+----------------+ | Debian GNU/Linux 12 | PEND | +-------------------------------+----------------+ | CentOS Stream 10 | PEND | +-------------------------------+----------------+ | Fedora Linux 40 | PEND | +-------------------------------+----------------+ | Fedora Linux 41 | PEND | +-------------------------------+----------------+ | Red Hat Enterprise Linux 8.10 | PEND | +-------------------------------+----------------+ | Fedora Linux 42 | PEND | +-------------------------------+----------------+ | Red Hat Enterprise Linux 9.5 | PEND | +-------------------------------+----------------+ | Ubuntu 20.04 | FAIL | +-------------------------------+----------------+ | Ubuntu 24.04 | PEND | +-------------------------------+----------------+ | Ubuntu 22.04 | PEND | +-------------------------------+----------------+ | Windows Server 2022 | PASS | +-------------------------------+----------------+ ==== Unit test summary for Ubuntu 20.04 (dpdk_unit_test): ==== Failed to get the unit test results. Displaying the unit test results is not supported for some environments, such as our aarch32 testing, where meson is not used to run the tests. Download the logs available on our CI site. ==== End log output ==== CentOS Stream 9 Kernel: 5.15 Compiler: gcc gcc (GCC) 11.5.0 20240719 (Red Hat 11.5.0-11) Debian GNU/Linux 12 Kernel: 5.15 Compiler: gcc gcc (Debian 12.2.0-14+deb12u1) 12.2.0 CentOS Stream 10 Kernel: 5.15 Compiler: gcc gcc (GCC) 14.2.1 20250110 (Red Hat 14.2.1-8) Fedora Linux 40 Kernel: 5.15 Compiler: gcc gcc (GCC) 14.2.1 20240912 (Red Hat 14.2.1-3) Fedora Linux 41 Kernel: 5.15 Compiler: gcc gcc (GCC) 14.3.1 20250523 (Red Hat 14.3.1-1) Red Hat Enterprise Linux 8.10 Kernel: 5.15 Compiler: gcc gcc (GCC) 8.5.0 20210514 (Red Hat 8.5.0-22) Fedora Linux 42 Kernel: 5.15 Compiler: clang gcc (GCC) 15.2.1 20250808 (Red Hat 15.2.1-1) Red Hat Enterprise Linux 9.5 Kernel: 5.15 Compiler: gcc gcc (GCC) 11.5.0 20240719 (Red Hat 11.5.0-2) Ubuntu 20.04 Kernel: 5.15 Compiler: gcc gcc (Ubuntu 9.4.0-1ubuntu1~20.04.2) 9.4.0 Ubuntu 24.04 Kernel: 5.15 Compiler: gcc gcc (Ubuntu 13.3.0-6ubuntu2~24.04) 13.3.0 Ubuntu 22.04 Kernel: 5.15 Compiler: gcc gcc (Ubuntu 11.4.0-1ubuntu1~22.04) 11.4.0 Windows Server 2022 Kernel: 10.0.20348.2031 Compiler: clang 15.0.7, gcc 14.1.0 (MinGW), and MSVC VS 19.39.33521 To view detailed results, visit: https://lab.dpdk.org/results/dashboard/patchsets/34627/ UNH-IOL DPDK Community Lab To manage your email subscriptions, visit: https://lab.dpdk.org/results/dashboard/preferences/subscriptions/