From mboxrd@z Thu Jan 1 00:00:00 1970 Return-Path: Received: from mails.dpdk.org (mails.dpdk.org [217.70.189.124]) by inbox.dpdk.org (Postfix) with ESMTP id 705E348B33 for ; Mon, 17 Nov 2025 17:15:20 +0100 (CET) Received: from mails.dpdk.org (localhost [127.0.0.1]) by mails.dpdk.org (Postfix) with ESMTP id 6AAAC4025A; Mon, 17 Nov 2025 17:15:20 +0100 (CET) Received: from mail-yw1-f226.google.com (mail-yw1-f226.google.com [209.85.128.226]) by mails.dpdk.org (Postfix) with ESMTP id EE59D4025A for ; Mon, 17 Nov 2025 17:15:18 +0100 (CET) Received: by mail-yw1-f226.google.com with SMTP id 00721157ae682-787ff3f462bso52404987b3.0 for ; Mon, 17 Nov 2025 08:15:18 -0800 (PST) DKIM-Signature: v=1; a=rsa-sha256; c=relaxed/relaxed; d=iol.unh.edu; s=unh-iol; t=1763396118; x=1764000918; darn=dpdk.org; h=references:in-reply-to:cc:to:from:subject:message-id:date:from:to :cc:subject:date:message-id:reply-to; bh=Z9Z9SV1NB6UM+94Cy8IZBW4OfCwWQfzkaZBrcFUzTt8=; b=Xorp/QUkJqsNG4uLrQMMyorXaT10iKZcJEHJAOuDaMIznJ20K2eueyjcaXjr4OHmuk 2+oN+D7Q/tonmdWlCgTqmjqm0t2ftQI/ulWxy/01+LN/lGsrk5C+j4S/CEzuFOp8bchW tqsvx8PGNF854buWHjRwlSAW8JIxconybTJ2w= X-Google-DKIM-Signature: v=1; a=rsa-sha256; c=relaxed/relaxed; d=1e100.net; s=20230601; t=1763396118; x=1764000918; h=references:in-reply-to:cc:to:from:subject:message-id:date:x-gm-gg :x-gm-message-state:from:to:cc:subject:date:message-id:reply-to; bh=Z9Z9SV1NB6UM+94Cy8IZBW4OfCwWQfzkaZBrcFUzTt8=; b=qPBCOAOb0rIluaKaHg6obY6qkRMBDqnWhRt7EG3VbqFAsXsCTsmxQOfmbbjUwC+dMc vGx+RQSuGi55Nz9PumC8sxKOb43/0eMFq5QYkCRMn0z9kt1V/uh1VwPcTwhvOgeGo9sh SS8skZn9q3xAGTWXOIeFXT0p6BuAEIGxBjDQwChiUZedl4B8OHeLy8UyohkKTJPjgUbh I9T8PArFNO5rdGlscLXcspO4vmTEA3PvAjA3ECuNBnnVtzzGR2yIkjKzqASgNLMVtsql 4pHp3Hz0khg3KRT35kwWJ72pb8ZSEYp8yWvs0vjUKW1JU4K3SoamkNrWOgNRAVl1lkm6 RpxA== X-Gm-Message-State: AOJu0YxOirxhjMHGaHHot+sLAL0PGcyuvTupTEXmk6LI6hAHijEUnUiU wz//xXXZAGaIVZvFlB3SEAzHJuMLkqLciOV+lAOtB0PLheGfCLjYv5bUwHIBqUc5o8t+mxU5F4+ CuSJyRyzaUvMyJXXlUcquYdBctrdfpWehF8A4KjcUMe7C X-Gm-Gg: ASbGnctv4GpTph9/GwLv9HW+C0TT6pG7APMJOoQF5ZB3Mlt3aYzs5ATe6JQ5CDm22Rq 5bc1Lj9OnvQhoD6kqDiXwbzqPZD5zlCdb9KZ1/vaLGZIkTDSf1kMPtlmKlvOH5HCv2+FN+1Ovz5 kdsdaeJaE/A1jbBwknlm2qBx1V3hixmWRUkRN/9nCYoRq0eTEzuPkSdPLHYb9c4uoHvVMYs/N8c 3aItkQx5bXXX9/wYNtInB2fU++gCoQvPbeVsARNNb339I7Wtu2eqgmA8BBia+rzNPUud7z0Qian 7XplhPKTNgRCaR5IZ0ke3eErOxhh9BredhOQETKfPStqRhc2Uttpp9g7Z+/T9+4M0ChqV1vXy2H D5ZlUUH8/J1fkiin9uKftfE38gkiECtQ= X-Google-Smtp-Source: AGHT+IFOWa3PBYocSSXs472uwK6JQjacKGi7m11QdgTOngEnJdEGz1bkhc6eg8DK4KOHvkflD2r7j3Sc6Rqn X-Received: by 2002:a53:c05c:0:20b0:63f:b49c:6116 with SMTP id 956f58d0204a3-6410d138757mr11427254d50.23.1763396118271; Mon, 17 Nov 2025 08:15:18 -0800 (PST) Received: from postal.iol.unh.edu (postal.iol.unh.edu. [132.177.123.84]) by smtp-relay.gmail.com with ESMTPS id 956f58d0204a3-6410ea0d940sm660327d50.6.2025.11.17.08.15.18 (version=TLS1_2 cipher=ECDHE-ECDSA-AES128-GCM-SHA256 bits=128/128); Mon, 17 Nov 2025 08:15:18 -0800 (PST) X-Relaying-Domain: iol.unh.edu Date: Mon, 17 Nov 2025 08:15:18 -0800 (PST) Message-ID: <691b4a16.530a0220.3411c8.0f55SMTPIN_ADDED_MISSING@mx.google.com> Received: from [172.21.0.2] (unknown [172.18.0.240]) by postal.iol.unh.edu (Postfix) with ESMTP id DEE246050A61; Mon, 17 Nov 2025 11:15:17 -0500 (EST) Subject: |FAILURE| pw158859 [PATCH] [v2,1/1] net/mlx5: fix set port down if d From: dpdklab@iol.unh.edu To: Test Report Cc: dpdk-test-reports@iol.unh.edu, Yang Xu In-Reply-To: <20251117091201.2261526-1-xu.yang3@zte.com.cn> References: <20251117091201.2261526-1-xu.yang3@zte.com.cn> Content-Type: text/plain X-BeenThere: test-report@dpdk.org X-Mailman-Version: 2.1.29 Precedence: list List-Id: automatic DPDK test reports List-Unsubscribe: , List-Archive: List-Post: List-Help: List-Subscribe: , Errors-To: test-report-bounces@dpdk.org Test-Label: iol-unit-amd64-testing Test-Status: FAILURE http://dpdk.org/patch/158859 _Testing issues_ Submitter: Yang Xu Date: Monday, November 17 2025 09:12:01 DPDK git baseline: Repo:dpdk-next-net-mlx Branch: master CommitID:6c8ab18883d4a51ac512a969d36b47272a63b61b 158859 --> testing issues Upstream job id: Generic-Unit-Test-DPDK#393947 Test environment and result as below: +-------------------------------+----------------+ | Environment | dpdk_unit_test | +===============================+================+ | CentOS Stream 9 | WARN | +-------------------------------+----------------+ | Debian GNU/Linux 12 | WARN | +-------------------------------+----------------+ | CentOS Stream 10 | PEND | +-------------------------------+----------------+ | Fedora Linux 40 | PEND | +-------------------------------+----------------+ | Fedora Linux 41 | PEND | +-------------------------------+----------------+ | Red Hat Enterprise Linux 8.10 | PEND | +-------------------------------+----------------+ | Fedora Linux 42 | PEND | +-------------------------------+----------------+ | Red Hat Enterprise Linux 9.5 | PEND | +-------------------------------+----------------+ | Ubuntu 20.04 | FAIL | +-------------------------------+----------------+ | Ubuntu 24.04 | PEND | +-------------------------------+----------------+ | Ubuntu 22.04 | PEND | +-------------------------------+----------------+ | Windows Server 2022 | PASS | +-------------------------------+----------------+ ==== Unit test summary for Ubuntu 20.04 (dpdk_unit_test): ==== Failed to get the unit test results. Displaying the unit test results is not supported for some environments, such as our aarch32 testing, where meson is not used to run the tests. Download the logs available on our CI site. ==== End log output ==== CentOS Stream 9 Kernel: 5.15 Compiler: gcc gcc (GCC) 11.5.0 20240719 (Red Hat 11.5.0-11) Debian GNU/Linux 12 Kernel: 5.15 Compiler: gcc gcc (Debian 12.2.0-14+deb12u1) 12.2.0 CentOS Stream 10 Kernel: 5.15 Compiler: gcc gcc (GCC) 14.2.1 20250110 (Red Hat 14.2.1-8) Fedora Linux 40 Kernel: 5.15 Compiler: gcc gcc (GCC) 14.2.1 20240912 (Red Hat 14.2.1-3) Fedora Linux 41 Kernel: 5.15 Compiler: gcc gcc (GCC) 14.3.1 20250523 (Red Hat 14.3.1-1) Red Hat Enterprise Linux 8.10 Kernel: 5.15 Compiler: gcc gcc (GCC) 8.5.0 20210514 (Red Hat 8.5.0-22) Fedora Linux 42 Kernel: 5.15 Compiler: clang gcc (GCC) 15.2.1 20250808 (Red Hat 15.2.1-1) Red Hat Enterprise Linux 9.5 Kernel: 5.15 Compiler: gcc gcc (GCC) 11.5.0 20240719 (Red Hat 11.5.0-2) Ubuntu 20.04 Kernel: 5.15 Compiler: gcc gcc (Ubuntu 9.4.0-1ubuntu1~20.04.2) 9.4.0 Ubuntu 24.04 Kernel: 5.15 Compiler: gcc gcc (Ubuntu 13.3.0-6ubuntu2~24.04) 13.3.0 Ubuntu 22.04 Kernel: 5.15 Compiler: gcc gcc (Ubuntu 11.4.0-1ubuntu1~22.04) 11.4.0 Windows Server 2022 Kernel: 10.0.20348.2031 Compiler: clang 15.0.7, gcc 14.1.0 (MinGW), and MSVC VS 19.39.33521 To view detailed results, visit: https://lab.dpdk.org/results/dashboard/patchsets/34627/ UNH-IOL DPDK Community Lab To manage your email subscriptions, visit: https://lab.dpdk.org/results/dashboard/preferences/subscriptions/