From mboxrd@z Thu Jan 1 00:00:00 1970 Return-Path: Received: from mails.dpdk.org (mails.dpdk.org [217.70.189.124]) by inbox.dpdk.org (Postfix) with ESMTP id 99AD548B33 for ; Mon, 17 Nov 2025 17:16:26 +0100 (CET) Received: from mails.dpdk.org (localhost [127.0.0.1]) by mails.dpdk.org (Postfix) with ESMTP id 95B784025A; Mon, 17 Nov 2025 17:16:26 +0100 (CET) Received: from mail-pf1-f225.google.com (mail-pf1-f225.google.com [209.85.210.225]) by mails.dpdk.org (Postfix) with ESMTP id EC5404025A for ; Mon, 17 Nov 2025 17:16:25 +0100 (CET) Received: by mail-pf1-f225.google.com with SMTP id d2e1a72fcca58-7a9cdf62d31so5467359b3a.3 for ; Mon, 17 Nov 2025 08:16:25 -0800 (PST) DKIM-Signature: v=1; a=rsa-sha256; c=relaxed/relaxed; d=iol.unh.edu; s=unh-iol; t=1763396185; x=1764000985; darn=dpdk.org; h=references:in-reply-to:cc:to:from:subject:message-id:date:from:to :cc:subject:date:message-id:reply-to; bh=lleQAYswwXJ7ekjiTmN5BOaNBy+cAMqunyPRWtlIl0g=; b=Fa81RD3JSzZQNohP0pTmaXuWnaT0oyOu2EreiTLrriGrSshNj2f812hfm8O7k0wPHB 4Jquqs4zJLVMv1WTTzCL3aNdEoKnujzvlDAbvInq4anoU3bwFvaZeW+XD1dF0Phr9Jsv xHI44no1RZuL3dYIhSOlnKBqJenKAKBOiUawk= X-Google-DKIM-Signature: v=1; a=rsa-sha256; c=relaxed/relaxed; d=1e100.net; s=20230601; t=1763396185; x=1764000985; h=references:in-reply-to:cc:to:from:subject:message-id:date:x-gm-gg :x-gm-message-state:from:to:cc:subject:date:message-id:reply-to; bh=lleQAYswwXJ7ekjiTmN5BOaNBy+cAMqunyPRWtlIl0g=; b=v6LkGQmKnjxQm+0ZICyyU5pc3KEhApkYUGtuxx7yCDzfG20V/Q1TmDWYVJoZG0EQUZ 3ijYbNlKoNLTvrE5q3tZlqZQ5OYdkjmL4cnb7Ewf3u8pL1eagZA5LsZmP5ZoFwNJg5g1 qiKL7THs+vRFi2eZe7fMzP8pRSkDJC7pgahA21i0TY6X6oNFCsWDGXyn65B7+v6L4fdk 3p9XtGNDX9b4MoIWNoPlI2pqFBC402ATD0EhKUhSQcsWf/y8IIp3mVfihBI/kqAZHwOs CupS8ayqw3vmd1Dp0UqYxmysx0W/fIbzYRoecJLGU/u14ZjUCNDNrDJID90wvw/oCr0L hWWQ== X-Gm-Message-State: AOJu0YzaLM3z+pvx+ydp9iV34G1szV9zhaG3fr7Wuc5rIrOmfPAQY9gb vmgxFOz1w3t/B7oFFBwpmqzFh91bUJWrf9wNzgTWG2I9hQD2KZAzsgB7b1D+C3tW18EFIZCgd9W Sk/X/gecEfFZ4mFKoI6k1hdq+c9ESuM26rbOf9Kjcwn3L X-Gm-Gg: ASbGncuBnpL3qPtgrYU2CSfqCBlpHUD77OK9pL0ezLDtMyDY9gv4EhDZSIyB4d3/WrT F0UU0YzdMDcgQpRu0mTEtD4fK1EA0OGyBrZaa/wvEU2Nu6q+tDyeUp4GYHiTsRHD9eY8nsW0gPz oUhKkba7rp4L3sQBheCAji4Wg470JCncya2BmoiOE+Cjpk45vC39BQesHP/pqYAI80S5w+zSdjc BiRIlbQK7jTJtJGfpR5+nhqd6LYHZIfcfEgH+M9T2bOXsfCEc20qCCMMdICRPfzn3ccP3stSs7k SMkPdciVkcybXkQ1d2OygwoJNLp+3aLs4H+/M6hs864PDcXkLBICdEnHyVF1vvKgiKrquHm6aho 9L2c4lXCQzEiJxUR+qh8linlwBYHfP3M= X-Google-Smtp-Source: AGHT+IG01DW0eA8aaNzwA2GTRnClBR/R/b/pjQZEay8vWhwkcDRP79lj3Fwsx4vvq9GFuiHAQvC85/IXxUo3 X-Received: by 2002:a05:6a20:e210:b0:35f:c643:105e with SMTP id adf61e73a8af0-35fc64311famr4013970637.34.1763396185000; Mon, 17 Nov 2025 08:16:25 -0800 (PST) Received: from postal.iol.unh.edu (postal.iol.unh.edu. [132.177.123.84]) by smtp-relay.gmail.com with ESMTPS id 41be03b00d2f7-bc374da19e3sm788704a12.10.2025.11.17.08.16.24 (version=TLS1_2 cipher=ECDHE-ECDSA-AES128-GCM-SHA256 bits=128/128); Mon, 17 Nov 2025 08:16:24 -0800 (PST) X-Relaying-Domain: iol.unh.edu Date: Mon, 17 Nov 2025 08:16:24 -0800 (PST) Message-ID: <691b4a58.050a0220.293b26.7536SMTPIN_ADDED_MISSING@mx.google.com> Received: from [172.21.0.5] (unknown [172.18.0.240]) by postal.iol.unh.edu (Postfix) with ESMTP id 449C46050A61; Mon, 17 Nov 2025 11:16:24 -0500 (EST) Subject: |FAILURE| pw158859 [PATCH] [v2,1/1] net/mlx5: fix set port down if d From: dpdklab@iol.unh.edu To: Test Report Cc: dpdk-test-reports@iol.unh.edu, Yang Xu In-Reply-To: <20251117091201.2261526-1-xu.yang3@zte.com.cn> References: <20251117091201.2261526-1-xu.yang3@zte.com.cn> Content-Type: text/plain X-BeenThere: test-report@dpdk.org X-Mailman-Version: 2.1.29 Precedence: list List-Id: automatic DPDK test reports List-Unsubscribe: , List-Archive: List-Post: List-Help: List-Subscribe: , Errors-To: test-report-bounces@dpdk.org Test-Label: iol-compile-amd64-testing Test-Status: FAILURE http://dpdk.org/patch/158859 _Testing issues_ Submitter: Yang Xu Date: Monday, November 17 2025 09:12:01 DPDK git baseline: Repo:dpdk-next-net-mlx Branch: master CommitID:6c8ab18883d4a51ac512a969d36b47272a63b61b 158859 --> testing issues Upstream job id: Windows-Compile-DPDK-Native#32488 Test environment and result as below: +-------------------------------+--------------------+------------------+-------------------+-------------------------+ | Environment | dpdk_meson_compile | dpdk_compile_ovs | dpdk_msvc_compile | dpdk_llvm_clang_compile | +===============================+====================+==================+===================+=========================+ | FreeBSD 14.2 | PASS | SKIPPED | SKIPPED | SKIPPED | +-------------------------------+--------------------+------------------+-------------------+-------------------------+ | Ubuntu 20.04 | FAIL | SKIPPED | SKIPPED | SKIPPED | +-------------------------------+--------------------+------------------+-------------------+-------------------------+ | CentOS Stream 9 | FAIL | SKIPPED | SKIPPED | SKIPPED | +-------------------------------+--------------------+------------------+-------------------+-------------------------+ | CentOS Stream 10 | FAIL | SKIPPED | SKIPPED | SKIPPED | +-------------------------------+--------------------+------------------+-------------------+-------------------------+ | Debian GNU/Linux 12 | FAIL | SKIPPED | SKIPPED | SKIPPED | +-------------------------------+--------------------+------------------+-------------------+-------------------------+ | Fedora Linux 42 | FAIL | WARN | SKIPPED | SKIPPED | +-------------------------------+--------------------+------------------+-------------------+-------------------------+ | openSUSE Leap 15.6 | FAIL | SKIPPED | SKIPPED | SKIPPED | +-------------------------------+--------------------+------------------+-------------------+-------------------------+ | Red Hat Enterprise Linux 8.10 | FAIL | SKIPPED | SKIPPED | SKIPPED | +-------------------------------+--------------------+------------------+-------------------+-------------------------+ | Red Hat Enterprise Linux 9.5 | FAIL | SKIPPED | SKIPPED | SKIPPED | +-------------------------------+--------------------+------------------+-------------------+-------------------------+ | Ubuntu 22.04 | FAIL | SKIPPED | SKIPPED | SKIPPED | +-------------------------------+--------------------+------------------+-------------------+-------------------------+ | Ubuntu 24.04 | PASS | WARN | SKIPPED | SKIPPED | +-------------------------------+--------------------+------------------+-------------------+-------------------------+ | Alpine Linux 3.22.0 | PASS | SKIPPED | SKIPPED | SKIPPED | +-------------------------------+--------------------+------------------+-------------------+-------------------------+ | Windows Server 2022 | SKIPPED | SKIPPED | PASS | PASS | +-------------------------------+--------------------+------------------+-------------------+-------------------------+ ==== 20 line log output for Ubuntu 24.04 (dpdk_compile_ovs): ==== --- Failed to get log output --- ==== End log output ==== FreeBSD 14.2 Kernel: 14.2-RELEASE Compiler: clang 18.1.6 Ubuntu 20.04 Kernel: 4.19 Compiler: gcc gcc (Ubuntu 9.4.0-1ubuntu1~20.04.2) 9.4.0 CentOS Stream 9 Kernel: 5.15 Compiler: gcc gcc (GCC) 11.5.0 20240719 (Red Hat 11.5.0-11) CentOS Stream 10 Kernel: 5.15 Compiler: gcc gcc (GCC) 14.2.1 20250110 (Red Hat 14.2.1-8) Debian GNU/Linux 12 Kernel: 5.15 Compiler: gcc gcc (Debian 12.2.0-14+deb12u1) 12.2.0 Fedora Linux 42 Kernel: 5.15 Compiler: clang gcc (GCC) 15.2.1 20250808 (Red Hat 15.2.1-1) openSUSE Leap 15.6 Kernel: 5.15 Compiler: gcc gcc (SUSE Linux) 7.5.0 Red Hat Enterprise Linux 8.10 Kernel: 5.15 Compiler: gcc gcc (GCC) 8.5.0 20210514 (Red Hat 8.5.0-22) Red Hat Enterprise Linux 9.5 Kernel: 5.15 Compiler: gcc gcc (GCC) 11.5.0 20240719 (Red Hat 11.5.0-2) Ubuntu 22.04 Kernel: 5.15 Compiler: gcc gcc (Ubuntu 11.4.0-1ubuntu1~22.04) 11.4.0 Ubuntu 24.04 Kernel: 5.15 Compiler: gcc gcc (Ubuntu 13.3.0-6ubuntu2~24.04) 13.3.0 Alpine Linux 3.22.0 Kernel: 5.15 Compiler: gcc gcc (Alpine 14.2.0) 14.2.0 Windows Server 2022 Kernel: 10.0.20348.2031 Compiler: clang 15.0.7, gcc 14.1.0 (MinGW), and MSVC VS 19.39.33521 To view detailed results, visit: https://lab.dpdk.org/results/dashboard/patchsets/34627/ UNH-IOL DPDK Community Lab To manage your email subscriptions, visit: https://lab.dpdk.org/results/dashboard/preferences/subscriptions/