From mboxrd@z Thu Jan 1 00:00:00 1970 Return-Path: Received: from mails.dpdk.org (mails.dpdk.org [217.70.189.124]) by inbox.dpdk.org (Postfix) with ESMTP id 0763A48B33 for ; Mon, 17 Nov 2025 17:27:52 +0100 (CET) Received: from mails.dpdk.org (localhost [127.0.0.1]) by mails.dpdk.org (Postfix) with ESMTP id F350240262; Mon, 17 Nov 2025 17:27:51 +0100 (CET) Received: from mail-yx1-f97.google.com (mail-yx1-f97.google.com [74.125.224.97]) by mails.dpdk.org (Postfix) with ESMTP id 4769240262 for ; Mon, 17 Nov 2025 17:27:50 +0100 (CET) Received: by mail-yx1-f97.google.com with SMTP id 956f58d0204a3-640e065991dso3979341d50.3 for ; Mon, 17 Nov 2025 08:27:50 -0800 (PST) DKIM-Signature: v=1; a=rsa-sha256; c=relaxed/relaxed; d=iol.unh.edu; s=unh-iol; t=1763396869; x=1764001669; darn=dpdk.org; h=references:in-reply-to:cc:to:from:subject:message-id:date:from:to :cc:subject:date:message-id:reply-to; bh=J+Z5ir7waVI4ILpL1yaOy8hck45yX13yZfQ76BVVn+o=; b=akcMRtT9Ndtmxa3L4ZJi2Yw2o+kcEAdaJmTEdJixH2eDc8zkXCFtgboPce6OzLS7ZP Bt5uTuL9aeU32b2BSbZGr9yVmgTAj64svmmU4WGzlMLvU9xJZXC3pCGhS/sjFrDNWv3Y rlWUMzpkV7tZMTtetNRA/QWy10aO5FPLTgUsw= X-Google-DKIM-Signature: v=1; a=rsa-sha256; c=relaxed/relaxed; d=1e100.net; s=20230601; t=1763396869; x=1764001669; h=references:in-reply-to:cc:to:from:subject:message-id:date:x-gm-gg :x-gm-message-state:from:to:cc:subject:date:message-id:reply-to; bh=J+Z5ir7waVI4ILpL1yaOy8hck45yX13yZfQ76BVVn+o=; b=X95OM0uslZhJFspxJ736gbJp2okbWdyIcQ9TMePMkjuIf2aReWaItv4ZFkc3VxT/gt eDKcO/Q9aYMBXni8bQn0Ft27eom0Ftr3jP6tcVPRnxTtTlh2zDg64j7FgzT3muK6IV2N iwXEH4g0mDP9TRTRTT0p3RT4f8T4SpJUxLyYX/oq/bfdnEOhSWovneOnvsKf4u0znxPP 9PtEDB6bBAsthBqX1st3YyOji66kmoHdth+pn9BMtVGLKJXQyEpAo+znYCDo5BQQe9Td ZXMuVAkqRXepc09SrqEp0D4CDYQL1VpHXd8PJvhL4J4BFwJCqtSW0fD6nVvzRXVZbn3v tczg== X-Gm-Message-State: AOJu0YxZEaQYtBvP9KH9hBnPPaV5IkMeYsth+Kjz2MZ6S5YAsDe9WjSM tz9s7SBQLsCfZYlqi3W8HDKjlPzNl1O5GZGHfWLtqW8VOWHAEQ2DALh0BdxWbqsfoGNwLE6Gayb zdp0iUt5HuB0ZPBtuLkW6Yb8ypgXCfZ5BHyZYcrkBVfeg X-Gm-Gg: ASbGnctP8cu5sn/1lnRWq8PapKGm9OiF946MciP89Z76CqoIpP4ZiyATgYEHmTUVehZ mNhy7DGwrVRosvGpKdX5UlRAXkIEkNYjUGv4IUhE2yjTrIM1xbSAqJzdLQuOA0LRJogjXb+TSJu EuSbGNE2nk1CN1y53ooJQrN8deJEciW1F8teq3iZ2/rHUsUEkETi772J8NSmL1sZ9HID9mQa0jr 3RLFyQTqy+RLSqV/YgHbyUKgCIBgP8SYtXDMPh2e44jpfgi4D9LBDGLNxaCga1EtmKje5gnrs2c BHBGVnziL+fH/ljaGkDF7uOa+1v66PKCC/X5TEAxm9iJvMjgHQQYb5QYsreG9VkwI5ofUhSAAmt QliR48Kc8R0z1MlTOlgmR+BdUFaovBA8= X-Google-Smtp-Source: AGHT+IERvFxXIAI/Kzimxod17dGz7WR03bW6KXuxraHOXCoqD5Djok4TyuXw1lm5VaHO/GyZ+e7q3Lj8QNtq X-Received: by 2002:a05:690e:d03:b0:63c:e853:669d with SMTP id 956f58d0204a3-641e76d255cmr9183249d50.50.1763396869582; Mon, 17 Nov 2025 08:27:49 -0800 (PST) Received: from postal.iol.unh.edu (postal.iol.unh.edu. [132.177.123.84]) by smtp-relay.gmail.com with ESMTPS id 956f58d0204a3-6410e8f60c7sm603484d50.0.2025.11.17.08.27.49 (version=TLS1_2 cipher=ECDHE-ECDSA-AES128-GCM-SHA256 bits=128/128); Mon, 17 Nov 2025 08:27:49 -0800 (PST) X-Relaying-Domain: iol.unh.edu Date: Mon, 17 Nov 2025 08:27:49 -0800 (PST) Message-ID: <691b4d05.050a0220.179ce0.e029SMTPIN_ADDED_MISSING@mx.google.com> Received: from [172.21.0.3] (unknown [172.18.0.240]) by postal.iol.unh.edu (Postfix) with ESMTP id 49C1A6050A61; Mon, 17 Nov 2025 11:27:49 -0500 (EST) Subject: |FAILURE| pw158859 [PATCH] [v2,1/1] net/mlx5: fix set port down if d From: dpdklab@iol.unh.edu To: Test Report Cc: dpdk-test-reports@iol.unh.edu, Yang Xu In-Reply-To: <20251117091201.2261526-1-xu.yang3@zte.com.cn> References: <20251117091201.2261526-1-xu.yang3@zte.com.cn> Content-Type: text/plain X-BeenThere: test-report@dpdk.org X-Mailman-Version: 2.1.29 Precedence: list List-Id: automatic DPDK test reports List-Unsubscribe: , List-Archive: List-Post: List-Help: List-Subscribe: , Errors-To: test-report-bounces@dpdk.org Test-Label: iol-unit-amd64-testing Test-Status: FAILURE http://dpdk.org/patch/158859 _Testing issues_ Submitter: Yang Xu Date: Monday, November 17 2025 09:12:01 DPDK git baseline: Repo:dpdk-next-net-mlx Branch: master CommitID:6c8ab18883d4a51ac512a969d36b47272a63b61b 158859 --> testing issues Upstream job id: Generic-Unit-Test-DPDK#393962 Test environment and result as below: +-------------------------------+----------------+ | Environment | dpdk_unit_test | +===============================+================+ | CentOS Stream 9 | WARN | +-------------------------------+----------------+ | Debian GNU/Linux 12 | WARN | +-------------------------------+----------------+ | CentOS Stream 10 | WARN | +-------------------------------+----------------+ | Fedora Linux 40 | WARN | +-------------------------------+----------------+ | Fedora Linux 41 | PEND | +-------------------------------+----------------+ | Red Hat Enterprise Linux 8.10 | WARN | +-------------------------------+----------------+ | Fedora Linux 42 | PEND | +-------------------------------+----------------+ | Red Hat Enterprise Linux 9.5 | WARN | +-------------------------------+----------------+ | Ubuntu 20.04 | FAIL | +-------------------------------+----------------+ | Ubuntu 24.04 | PEND | +-------------------------------+----------------+ | Ubuntu 22.04 | PEND | +-------------------------------+----------------+ | Windows Server 2022 | PASS | +-------------------------------+----------------+ ==== Unit test summary for Ubuntu 20.04 (dpdk_unit_test): ==== Failed to get the unit test results. Displaying the unit test results is not supported for some environments, such as our aarch32 testing, where meson is not used to run the tests. Download the logs available on our CI site. ==== End log output ==== CentOS Stream 9 Kernel: 5.15 Compiler: gcc gcc (GCC) 11.5.0 20240719 (Red Hat 11.5.0-11) Debian GNU/Linux 12 Kernel: 5.15 Compiler: gcc gcc (Debian 12.2.0-14+deb12u1) 12.2.0 CentOS Stream 10 Kernel: 5.15 Compiler: gcc gcc (GCC) 14.2.1 20250110 (Red Hat 14.2.1-8) Fedora Linux 40 Kernel: 5.15 Compiler: gcc gcc (GCC) 14.2.1 20240912 (Red Hat 14.2.1-3) Fedora Linux 41 Kernel: 5.15 Compiler: gcc gcc (GCC) 14.3.1 20250523 (Red Hat 14.3.1-1) Red Hat Enterprise Linux 8.10 Kernel: 5.15 Compiler: gcc gcc (GCC) 8.5.0 20210514 (Red Hat 8.5.0-22) Fedora Linux 42 Kernel: 5.15 Compiler: clang gcc (GCC) 15.2.1 20250808 (Red Hat 15.2.1-1) Red Hat Enterprise Linux 9.5 Kernel: 5.15 Compiler: gcc gcc (GCC) 11.5.0 20240719 (Red Hat 11.5.0-2) Ubuntu 20.04 Kernel: 5.15 Compiler: gcc gcc (Ubuntu 9.4.0-1ubuntu1~20.04.2) 9.4.0 Ubuntu 24.04 Kernel: 5.15 Compiler: gcc gcc (Ubuntu 13.3.0-6ubuntu2~24.04) 13.3.0 Ubuntu 22.04 Kernel: 5.15 Compiler: gcc gcc (Ubuntu 11.4.0-1ubuntu1~22.04) 11.4.0 Windows Server 2022 Kernel: 10.0.20348.2031 Compiler: clang 15.0.7, gcc 14.1.0 (MinGW), and MSVC VS 19.39.33521 To view detailed results, visit: https://lab.dpdk.org/results/dashboard/patchsets/34627/ UNH-IOL DPDK Community Lab To manage your email subscriptions, visit: https://lab.dpdk.org/results/dashboard/preferences/subscriptions/