From mboxrd@z Thu Jan 1 00:00:00 1970 Return-Path: Received: from mails.dpdk.org (mails.dpdk.org [217.70.189.124]) by inbox.dpdk.org (Postfix) with ESMTP id 5DFBC48B33 for ; Mon, 17 Nov 2025 17:30:13 +0100 (CET) Received: from mails.dpdk.org (localhost [127.0.0.1]) by mails.dpdk.org (Postfix) with ESMTP id 5A0C040262; Mon, 17 Nov 2025 17:30:13 +0100 (CET) Received: from mail-pl1-f225.google.com (mail-pl1-f225.google.com [209.85.214.225]) by mails.dpdk.org (Postfix) with ESMTP id E0BB240262 for ; Mon, 17 Nov 2025 17:30:11 +0100 (CET) Received: by mail-pl1-f225.google.com with SMTP id d9443c01a7336-297ec50477aso32497905ad.1 for ; Mon, 17 Nov 2025 08:30:11 -0800 (PST) DKIM-Signature: v=1; a=rsa-sha256; c=relaxed/relaxed; d=iol.unh.edu; s=unh-iol; t=1763397011; x=1764001811; darn=dpdk.org; h=references:in-reply-to:cc:to:from:subject:message-id:date:from:to :cc:subject:date:message-id:reply-to; bh=YGDIgQRn4gJ21N1aq2bZYD6992k+kn8De7lmLcOS9yY=; b=WI03NTmznA0fPQ5ViwVJYJOyfLd9k7FgBwMKnA858RqqH6+LQa0y6H5lT+QDxd2qzI QPFHkAQa8S1X4kgqCZLwFWenvcASZsWkbfOSMVhgjCi570z+joSWNtdc2z8hQ32QsUSI RGUlKDNkpT4yY2oAC2K2gYdwXFj3A8xjE8wEU= X-Google-DKIM-Signature: v=1; a=rsa-sha256; c=relaxed/relaxed; d=1e100.net; s=20230601; t=1763397011; x=1764001811; h=references:in-reply-to:cc:to:from:subject:message-id:date:x-gm-gg :x-gm-message-state:from:to:cc:subject:date:message-id:reply-to; bh=YGDIgQRn4gJ21N1aq2bZYD6992k+kn8De7lmLcOS9yY=; b=rVPcIaTzpUhLt6rhdub/0w1OB8+YuBjqd2ISTBaisx4VFpPECfczuww0bwmfTdlcne i0bqUMzTCkFLclvbICroEUwifASwOAxol753jm6cpn59Ac/m27oz6hpLorEw3E82mKFi EFPC0ixc7s/HKEo7Rhzem8XSoY+qPBz9juxQmcn2exxvr4GJixbAPnM+Y3Zup43PqFF/ cIzeILch/91WCWCtu5Fj+Bds9rnqmifOST9jxwBOM/GmXmZNtOdxsCr6YE+kHELFJdZI mvi+Po5LdAYjfTgQuphE5NYHXiomVEpLz5UZ5itV7iqee+DbQK2HUr3jrEsYGs/mCer2 oj6w== X-Gm-Message-State: AOJu0YxnBWxsDNDZmlCdFBqdjGK9roc6lwn5pI3Fu1Fu53VzQ3Bm+0Gb NBMd/UFf8EEYuvc1nduhPVwyvbSaNjLv9kiB4GZOQhLGyQKCMHV7tXAs2NjTPBETfaWpa3l+hd2 BQVgHeJr6yE26KZ09xPgm/0Tr4nbW8NNZaotaORHLMNdC X-Gm-Gg: ASbGncvBVVtqFfjiGKNv40ee+E1HGGCxNLq97fDLOei9+cS0M/i+k7qjtm29fTidWeH sZIgOvZYajm0ripWjt5UXJqBRVITsGdIxy9XifdWgJTDbNcNsnbsv621Whbqu8B+gcwAjd/q+1X thIlFhsF3FsiAGJAvTKj4bn3lb/DIx93dpuT2oWfrmIWElwNTZqbiD3JABMaRY76+XHyiRRN25r BiqQ9O/ysjyoIy/FKirSnQvlCwar8CYLpubaHyGKf1S6lAIBNg8emLytHys6Nb+MfTVTZjCLNhz Vb2m9Ifxh0Di+16w/GnTNVDgnXzwBnqGMo7bY3IeymvYJ5leLnFRlGEKe1Fgl+QMdvCJhvVMjjn e8Lr5bjJC5MhOgdqrM5gSnHHQAi/tgxE= X-Google-Smtp-Source: AGHT+IFZTv6Uw4z53YzSFPa6WyFl/8IIL4U/arMpOdnfy6cqKMqdDcr9FKIAhq5lHSykx8uuY/YE0VoTtQwq X-Received: by 2002:a17:902:d4c3:b0:299:daf0:e044 with SMTP id d9443c01a7336-299daf0e486mr73518175ad.18.1763397010448; Mon, 17 Nov 2025 08:30:10 -0800 (PST) Received: from postal.iol.unh.edu (postal.iol.unh.edu. [132.177.123.84]) by smtp-relay.gmail.com with ESMTPS id d9443c01a7336-2986181be8dsm13954465ad.13.2025.11.17.08.30.10 (version=TLS1_2 cipher=ECDHE-ECDSA-AES128-GCM-SHA256 bits=128/128); Mon, 17 Nov 2025 08:30:10 -0800 (PST) X-Relaying-Domain: iol.unh.edu Date: Mon, 17 Nov 2025 08:30:10 -0800 (PST) Message-ID: <691b4d92.170a0220.d5672.5d88SMTPIN_ADDED_MISSING@mx.google.com> Received: from [172.21.0.2] (unknown [172.18.0.240]) by postal.iol.unh.edu (Postfix) with ESMTP id 9C34D6050A61; Mon, 17 Nov 2025 11:30:09 -0500 (EST) Subject: |FAILURE| pw158859 [PATCH] [v2,1/1] net/mlx5: fix set port down if d From: dpdklab@iol.unh.edu To: Test Report Cc: dpdk-test-reports@iol.unh.edu, Yang Xu In-Reply-To: <20251117091201.2261526-1-xu.yang3@zte.com.cn> References: <20251117091201.2261526-1-xu.yang3@zte.com.cn> Content-Type: text/plain X-BeenThere: test-report@dpdk.org X-Mailman-Version: 2.1.29 Precedence: list List-Id: automatic DPDK test reports List-Unsubscribe: , List-Archive: List-Post: List-Help: List-Subscribe: , Errors-To: test-report-bounces@dpdk.org Test-Label: iol-unit-amd64-testing Test-Status: FAILURE http://dpdk.org/patch/158859 _Testing issues_ Submitter: Yang Xu Date: Monday, November 17 2025 09:12:01 DPDK git baseline: Repo:dpdk-next-net-mlx Branch: master CommitID:6c8ab18883d4a51ac512a969d36b47272a63b61b 158859 --> testing issues Upstream job id: Generic-Unit-Test-DPDK#393953 Test environment and result as below: +-------------------------------+----------------+ | Environment | dpdk_unit_test | +===============================+================+ | CentOS Stream 9 | WARN | +-------------------------------+----------------+ | Debian GNU/Linux 12 | WARN | +-------------------------------+----------------+ | CentOS Stream 10 | WARN | +-------------------------------+----------------+ | Fedora Linux 40 | WARN | +-------------------------------+----------------+ | Fedora Linux 41 | WARN | +-------------------------------+----------------+ | Red Hat Enterprise Linux 8.10 | WARN | +-------------------------------+----------------+ | Fedora Linux 42 | WARN | +-------------------------------+----------------+ | Red Hat Enterprise Linux 9.5 | WARN | +-------------------------------+----------------+ | Ubuntu 20.04 | FAIL | +-------------------------------+----------------+ | Ubuntu 24.04 | PEND | +-------------------------------+----------------+ | Ubuntu 22.04 | PEND | +-------------------------------+----------------+ | Windows Server 2022 | PASS | +-------------------------------+----------------+ ==== Unit test summary for Ubuntu 20.04 (dpdk_unit_test): ==== Failed to get the unit test results. Displaying the unit test results is not supported for some environments, such as our aarch32 testing, where meson is not used to run the tests. Download the logs available on our CI site. ==== End log output ==== CentOS Stream 9 Kernel: 5.15 Compiler: gcc gcc (GCC) 11.5.0 20240719 (Red Hat 11.5.0-11) Debian GNU/Linux 12 Kernel: 5.15 Compiler: gcc gcc (Debian 12.2.0-14+deb12u1) 12.2.0 CentOS Stream 10 Kernel: 5.15 Compiler: gcc gcc (GCC) 14.2.1 20250110 (Red Hat 14.2.1-8) Fedora Linux 40 Kernel: 5.15 Compiler: gcc gcc (GCC) 14.2.1 20240912 (Red Hat 14.2.1-3) Fedora Linux 41 Kernel: 5.15 Compiler: gcc gcc (GCC) 14.3.1 20250523 (Red Hat 14.3.1-1) Red Hat Enterprise Linux 8.10 Kernel: 5.15 Compiler: gcc gcc (GCC) 8.5.0 20210514 (Red Hat 8.5.0-22) Fedora Linux 42 Kernel: 5.15 Compiler: clang gcc (GCC) 15.2.1 20250808 (Red Hat 15.2.1-1) Red Hat Enterprise Linux 9.5 Kernel: 5.15 Compiler: gcc gcc (GCC) 11.5.0 20240719 (Red Hat 11.5.0-2) Ubuntu 20.04 Kernel: 5.15 Compiler: gcc gcc (Ubuntu 9.4.0-1ubuntu1~20.04.2) 9.4.0 Ubuntu 24.04 Kernel: 5.15 Compiler: gcc gcc (Ubuntu 13.3.0-6ubuntu2~24.04) 13.3.0 Ubuntu 22.04 Kernel: 5.15 Compiler: gcc gcc (Ubuntu 11.4.0-1ubuntu1~22.04) 11.4.0 Windows Server 2022 Kernel: 10.0.20348.2031 Compiler: clang 15.0.7, gcc 14.1.0 (MinGW), and MSVC VS 19.39.33521 To view detailed results, visit: https://lab.dpdk.org/results/dashboard/patchsets/34627/ UNH-IOL DPDK Community Lab To manage your email subscriptions, visit: https://lab.dpdk.org/results/dashboard/preferences/subscriptions/