From mboxrd@z Thu Jan 1 00:00:00 1970 Return-Path: Received: from mails.dpdk.org (mails.dpdk.org [217.70.189.124]) by inbox.dpdk.org (Postfix) with ESMTP id 81DCA48B36 for ; Mon, 17 Nov 2025 23:30:04 +0100 (CET) Received: from mails.dpdk.org (localhost [127.0.0.1]) by mails.dpdk.org (Postfix) with ESMTP id 7C68D4027D; Mon, 17 Nov 2025 23:30:04 +0100 (CET) Received: from mail-yw1-f227.google.com (mail-yw1-f227.google.com [209.85.128.227]) by mails.dpdk.org (Postfix) with ESMTP id 7393D4027D for ; Mon, 17 Nov 2025 23:30:03 +0100 (CET) Received: by mail-yw1-f227.google.com with SMTP id 00721157ae682-786635a8ce4so40206347b3.2 for ; Mon, 17 Nov 2025 14:30:03 -0800 (PST) DKIM-Signature: v=1; a=rsa-sha256; c=relaxed/relaxed; d=iol.unh.edu; s=unh-iol; t=1763418603; x=1764023403; darn=dpdk.org; h=references:in-reply-to:cc:to:from:subject:message-id:date:from:to :cc:subject:date:message-id:reply-to; bh=X5nl49zY/oo5jHONdjPBK6WuyMWRojRRoe+CTpblEts=; b=dz6ZbBxsOW01/KxjL68EDjM3YNqKiyIlfXANoAk01j+bRa3m9WmsHX7rf4zTLOo+MV UldYd1Vd84bCeaaxiKQsvLU0PjCcxhMTMC3m0hEqlGJx1FnPOj+BcdIKBx+/2TWiLGeA I6XmroEK6bAec/+cFDOdMcx3nHh07rcma+gEI= X-Google-DKIM-Signature: v=1; a=rsa-sha256; c=relaxed/relaxed; d=1e100.net; s=20230601; t=1763418603; x=1764023403; h=references:in-reply-to:cc:to:from:subject:message-id:date:x-gm-gg :x-gm-message-state:from:to:cc:subject:date:message-id:reply-to; bh=X5nl49zY/oo5jHONdjPBK6WuyMWRojRRoe+CTpblEts=; b=up/vOPzU6BMvcVd9iS7pDy6w6aTPVWghF7iwxBKMzL9kh0GjEL2UO/o5etp3ygRyxH +4/cXe7/Xja2bVID0aU/F5H+LnrSrMlDCY84Ed+mKCfbHPN5ZBATPhexWo2SWAeTvS6b xQZGpRk+JMxGXfPxoGZ28tmNrkjXu8e4fafPMgJPbIosQdRVGusMFJYkPuSV48RgVr1G 3/680izdP3Tdq+cFVuN131+qI8kzauUdg1ZNZCMTB0p0/NtQEkpHFcjjVpZW3G9q++nQ QlJceDDD5diQpwpgfnu9Wm55zO+E8NwIifDIdGXY1Cc8LONErlYnHrYNAwehJEVUt0wK 2vCQ== X-Gm-Message-State: AOJu0YyDe0dCpt35dhglzIorkr8S74w9IYY/e5XukFPvZxINisJaidQX sxTJNaCRwfhkgZ8yjiWTXjd7TvjpvT598wUBzRJDJ7YqwetbON59c1XVB6v+9AwLeOirXMdL8kR 3ufX4YUd9jpv4LVlWLX2V2xKk+au3FJ3j/wNspKnuQ0RH X-Gm-Gg: ASbGnctWXRoeSfRbYpgXP3qg7AzdeEjuJ7cDToKc959ruWTAeM1/U2BJ8Sbm631sNNQ CI6ELUmqsDw27Rzm2eXbmLwvLnlo38QIpS7TS/yQ6w7MDEXZsCBhANdpc1e7zS9n7cESXplk1S1 yXDL8Clc1sPzKGrSnbUdHBdgYT9sNl0RCPBHO9JoZyL2U3tpQdauOfAwO3siyjw/knAZqXfb7Uj Ku1R0qALjC7TyacSfChzWFyJR7UIREWv7uU2fTj+LMucP3G3V7crYHvoAIfjWd13EFzCi1GAk5D +K/44oui6+JoZTpCLCDdYi/XVgfrIei3JVM3wAAcz8Eidvov9lqrGRHZ6TtodBXnhfSk6HmO2TB J0d6qi6vjO+BGOxS5Jrm/DfzlXpZ3q7H1WkcKW5J1kg== X-Google-Smtp-Source: AGHT+IHpYRAjoxUnjuJIFvSJib5DluBAEPBwv3OGXZGc62hk+EhqJ3+La0qwlsO8Q8IBQZxUlqm4lRt1a9ZA X-Received: by 2002:a05:690c:e4c8:b0:789:26a0:7f5a with SMTP id 00721157ae682-78929e43b9bmr103379487b3.2.1763418602722; Mon, 17 Nov 2025 14:30:02 -0800 (PST) Received: from postal.iol.unh.edu (postal.iol.unh.edu. [132.177.123.84]) by smtp-relay.gmail.com with ESMTPS id 00721157ae682-78821f6a36csm7640977b3.21.2025.11.17.14.30.02 (version=TLS1_2 cipher=ECDHE-ECDSA-AES128-GCM-SHA256 bits=128/128); Mon, 17 Nov 2025 14:30:02 -0800 (PST) X-Relaying-Domain: iol.unh.edu Date: Mon, 17 Nov 2025 14:30:02 -0800 (PST) Message-ID: <691ba1ea.050a0220.ed296.7777SMTPIN_ADDED_MISSING@mx.google.com> Received: from [172.21.0.2] (unknown [172.18.0.240]) by postal.iol.unh.edu (Postfix) with ESMTP id 60B666050A61; Mon, 17 Nov 2025 17:30:02 -0500 (EST) Subject: |FAILURE| pw158858 [PATCH] [v2] examples/ipsec-secgw: add support fo From: dpdklab@iol.unh.edu To: Test Report Cc: dpdk-test-reports@iol.unh.edu, Sunyang Wu In-Reply-To: <20251117090851.54748-1-sunyang.wu@jaguarmicro.com> References: <20251117090851.54748-1-sunyang.wu@jaguarmicro.com> Content-Type: text/plain X-BeenThere: test-report@dpdk.org X-Mailman-Version: 2.1.29 Precedence: list List-Id: automatic DPDK test reports List-Unsubscribe: , List-Archive: List-Post: List-Help: List-Subscribe: , Errors-To: test-report-bounces@dpdk.org Test-Label: iol-unit-arm64-testing Test-Status: FAILURE http://dpdk.org/patch/158858 _Testing issues_ Submitter: Sunyang Wu Date: Monday, November 17 2025 09:08:51 DPDK git baseline: Repo:dpdk Branch: master CommitID:be0112878b4fc3a1b918370ed2fe615c52039d77 158858 --> testing issues Upstream job id: Generic-Unit-Test-DPDK#393885 Test environment and result as below: +------------------------------+----------------+------------------------------+--------------+---------------------------+ | Environment | dpdk_unit_test | cryptodev_sw_snow3g_autotest | lpm_autotest | cryptodev_sw_zuc_autotest | +==============================+================+==============================+==============+===========================+ | CentOS Stream 9 | PASS | SKIPPED | SKIPPED | SKIPPED | +------------------------------+----------------+------------------------------+--------------+---------------------------+ | Fedora Linux 41 | PEND | SKIPPED | SKIPPED | SKIPPED | +------------------------------+----------------+------------------------------+--------------+---------------------------+ | CentOS Stream 10 | PASS | SKIPPED | SKIPPED | SKIPPED | +------------------------------+----------------+------------------------------+--------------+---------------------------+ | Fedora Linux 40 | PEND | SKIPPED | SKIPPED | SKIPPED | +------------------------------+----------------+------------------------------+--------------+---------------------------+ | Debian GNU/Linux 12 | FAIL | SKIPPED | SKIPPED | SKIPPED | +------------------------------+----------------+------------------------------+--------------+---------------------------+ | Red Hat Enterprise Linux 9.5 | PEND | SKIPPED | SKIPPED | SKIPPED | +------------------------------+----------------+------------------------------+--------------+---------------------------+ | Fedora Linux 42 | PEND | SKIPPED | SKIPPED | SKIPPED | +------------------------------+----------------+------------------------------+--------------+---------------------------+ | Ubuntu 22.04 | PEND | SKIPPED | SKIPPED | SKIPPED | +------------------------------+----------------+------------------------------+--------------+---------------------------+ | Ubuntu 20.04 | PEND | SKIPPED | PASS | SKIPPED | +------------------------------+----------------+------------------------------+--------------+---------------------------+ | Ubuntu 24.04 | PEND | SKIPPED | SKIPPED | SKIPPED | +------------------------------+----------------+------------------------------+--------------+---------------------------+ | Debian 12 (arm) | SKIPPED | PEND | SKIPPED | PEND | +------------------------------+----------------+------------------------------+--------------+---------------------------+ ==== Unit test summary for Debian GNU/Linux 12 (dpdk_unit_test): ==== ninja: Entering directory `/home-local/jenkins-local/jenkins-agent/workspace/Generic-Unit-Test-DPDK@10/dpdk/build' ninja: no work to do. 1/120 DPDK:fast-tests / acl_autotest OK 8.99s 2/120 DPDK:fast-tests / alarm_autotest OK 1.34s 3/120 DPDK:fast-tests / argparse_autotest OK 0.33s 4/120 DPDK:fast-tests / atomic_autotest OK 10.07s 5/120 DPDK:fast-tests / bitcount_autotest OK 0.37s 6/120 DPDK:fast-tests / bitmap_autotest OK 0.33s 7/120 DPDK:fast-tests / bitops_autotest OK 1.82s 8/120 DPDK:fast-tests / bitratestats_autotest OK 0.34s 9/120 DPDK:fast-tests / bitset_autotest OK 5.48s 10/120 DPDK:fast-tests / bpf_autotest OK 0.32s 11/120 DPDK:fast-tests / bpf_convert_autotest OK 0.34s 12/120 DPDK:fast-tests / byteorder_autotest OK 0.32s 13/120 DPDK:fast-tests / cfgfile_autotest OK 0.32s 14/120 DPDK:fast-tests / cksum_autotest OK 0.32s 15/120 DPDK:fast-tests / cmdline_autotest OK 0.32s 16/120 DPDK:fast-tests / common_autotest OK 2.11s 17/120 DPDK:fast-tests / compressdev_autotest SKIP 0.18s exit status 77 18/120 DPDK:fast-tests / cpuflags_autotest OK 0.36s 19/120 DPDK:fast-tests / crc_autotest OK 0.32s 20/120 DPDK:fast-tests / user_delay_us OK 0.32s 21/120 DPDK:fast-tests / debug_autotest OK 3.02s 22/120 DPDK:fast-tests / devargs_autotest OK 0.32s 23/120 DPDK:fast-tests / dispatcher_autotest FAIL 4.70s (exit status 255 or signal 127 SIGinvalid) >>> MALLOC_PERTURB_=239 DPDK_TEST=dispatcher_autotest /home-local/jenkins-local/jenkins-agent/workspace/Generic-Unit-Test-DPDK@10/dpdk/build/app/dpdk-test 24/120 DPDK:fast-tests / distributor_autotest OK 1.11s 25/120 DPDK:fast-tests / eal_flags_c_opt_autotest OK 3.53s 26/120 DPDK:fast-tests / eal_flags_main_opt_autotest OK 0.91s 27/120 DPDK:fast-tests / eal_flags_n_opt_autotest OK 0.81s 28/120 DPDK:fast-tests / eal_flags_hpet_autotest OK 0.48s 29/120 DPDK:fast-tests / eal_flags_no_huge_autotest OK 0.87s 30/120 DPDK:fast-tests / eal_flags_a_opt_autotest OK 1.40s 31/120 DPDK:fast-tests / eal_flags_b_opt_autotest OK 1.09s 32/120 DPDK:fast-tests / eal_flags_vdev_opt_autotest OK 0.79s 33/120 DPDK:fast-tests / eal_flags_r_opt_autotest OK 0.77s 34/120 DPDK:fast-tests / eal_flags_mem_autotest OK 1.16s 35/120 DPDK:fast-tests / eal_flags_file_prefix_autotest OK 3.24s 36/120 DPDK:fast-tests / eal_flags_misc_autotest OK 4.27s 37/120 DPDK:fast-tests / eal_fs_autotest OK 0.36s 38/120 DPDK:fast-tests / errno_autotest OK 0.32s 39/120 DPDK:fast-tests / ethdev_link_status OK 0.32s 40/120 DPDK:fast-tests / event_eth_tx_adapter_autotest OK 1.72s 41/120 DPDK:fast-tests / event_ring_autotest OK 0.36s 42/120 DPDK:fast-tests / eventdev_common_autotest OK 0.46s 43/120 DPDK:fast-tests / eventdev_selftest_sw OK 21.03s 44/120 DPDK:fast-tests / fbarray_autotest OK 0.32s 45/120 DPDK:fast-tests / fib_autotest OK 1.81s 46/120 DPDK:fast-tests / fib6_autotest OK 1.85s 47/120 DPDK:fast-tests / func_reentrancy_autotest OK 1.47s 48/120 DPDK:fast-tests / graph_autotest OK 0.36s 49/120 DPDK:fast-tests / node_list_dump OK 0.32s 50/120 DPDK:fast-tests / graph_feature_arc_autotest OK 0.32s 51/120 DPDK:fast-tests / hash_autotest OK 1.04s 52/120 DPDK:fast-tests / hash_readwrite_func_autotest OK 0.19s 53/120 DPDK:fast-tests / interrupt_autotest OK 1.38s 54/120 DPDK:fast-tests / ipfrag_autotest OK 0.20s 55/120 DPDK:fast-tests / ipsec_autotest SKIP 0.36s exit status 77 56/120 DPDK:fast-tests / kvargs_autotest OK 0.32s 57/120 DPDK:fast-tests / latencystats_autotest OK 0.34s 58/120 DPDK:fast-tests / lcore_var_autotest OK 1.32s 59/120 DPDK:fast-tests / lcores_autotest OK 6.07s 60/120 DPDK:fast-tests / logs_autotest OK 0.32s 61/120 DPDK:fast-tests / lpm_autotest OK 3.23s 62/120 DPDK:fast-tests / lpm6_autotest OK 9.40s 63/120 DPDK:fast-tests / malloc_autotest OK 0.88s 64/120 DPDK:fast-tests / mbuf_autotest OK 5.03s 65/120 DPDK:fast-tests / mcslock_autotest OK 1.64s 66/120 DPDK:fast-tests / member_autotest OK 2.83s 67/120 DPDK:fast-tests / memcpy_autotest OK 12.47s 68/120 DPDK:fast-tests / memory_autotest OK 0.19s 69/120 DPDK:fast-tests / mempool_autotest OK 0.65s 70/120 DPDK:fast-tests / memzone_autotest OK 0.21s 71/120 DPDK:fast-tests / meter_autotest OK 0.36s 72/120 DPDK:fast-tests / metrics_autotest OK 0.32s 73/120 DPDK:fast-tests / multiprocess_autotest OK 0.73s 74/120 DPDK:fast-tests / net_ether_autotest OK 1.93s 75/120 DPDK:fast-tests / net_ipv6_autotest OK 0.32s 76/120 DPDK:fast-tests / pcapng_autotest OK 5.96s 77/120 DPDK:fast-tests / pdcp_autotest SKIP 0.19s exit status 77 78/120 DPDK:fast-tests / pdump_autotest OK 0.92s 79/120 DPDK:fast-tests / per_lcore_autotest OK 0.42s 80/120 DPDK:fast-tests / pflock_autotest OK 0.67s 81/120 DPDK:fast-tests / pie_autotest OK 0.32s 82/120 DPDK:fast-tests / ring_pmd_autotest OK 0.34s 83/120 DPDK:fast-tests / power_autotest OK 0.32s 84/120 DPDK:fast-tests / power_cpufreq_autotest SKIP 0.18s exit status 77 85/120 DPDK:fast-tests / power_intel_uncore_autotest SKIP 0.36s exit status 77 86/120 DPDK:fast-tests / power_kvm_vm_autotest SKIP 0.18s exit status 77 87/120 DPDK:fast-tests / prefetch_autotest OK 0.36s 88/120 DPDK:fast-tests / ptr_compress_autotest OK 0.33s 89/120 DPDK:fast-tests / rawdev_autotest OK 0.32s 90/120 DPDK:fast-tests / rcu_qsbr_autotest OK 1.30s 91/120 DPDK:fast-tests / reorder_autotest OK 0.85s 92/120 DPDK:fast-tests / rib_autotest OK 8.14s 93/120 DPDK:fast-tests / rib6_autotest OK 8.01s 94/120 DPDK:fast-tests / ring_autotest OK 0.38s 95/120 DPDK:fast-tests / rwlock_test1_autotest OK 0.66s 96/120 DPDK:fast-tests / rwlock_rda_autotest OK 5.41s 97/120 DPDK:fast-tests / rwlock_rds_wrm_autotest OK 5.33s 98/120 DPDK:fast-tests / rwlock_rde_wro_autotest OK 5.33s 99/120 DPDK:fast-tests / sched_autotest OK 0.34s 100/120 DPDK:fast-tests / security_autotest OK 0.19s 101/120 DPDK:fast-tests / seqlock_autotest OK 2.44s 102/120 DPDK:fast-tests / service_autotest OK 3.03s 103/120 DPDK:fast-tests / soring_autotest OK 0.33s 104/120 DPDK:fast-tests / spinlock_autotest OK 0.36s 105/120 DPDK:fast-tests / stack_autotest OK 0.70s 106/120 DPDK:fast-tests / stack_lf_autotest OK 0.66s 107/120 DPDK:fast-tests / string_autotest OK 0.36s 108/120 DPDK:fast-tests / table_autotest OK 13.54s 109/120 DPDK:fast-tests / tailq_autotest OK 0.33s 110/120 DPDK:fast-tests / telemetry_data_autotest OK 0.32s 111/120 DPDK:fast-tests / telemetry_json_autotest OK 0.32s 112/120 DPDK:fast-tests / thash_autotest OK 0.35s 113/120 DPDK:fast-tests / threads_autotest OK 0.50s 114/120 DPDK:fast-tests / ticketlock_autotest OK 0.37s 115/120 DPDK:fast-tests / timer_autotest OK 3.47s 116/120 DPDK:fast-tests / trace_autotest OK 0.45s 117/120 DPDK:fast-tests / trace_autotest_with_traces OK 0.35s 118/120 DPDK:fast-tests / vdev_autotest OK 0.32s 119/120 DPDK:fast-tests / version_autotest OK 0.32s 120/120 DPDK:fast-tests / telemetry_all SKIP 0.05s exit status 77 Ok: 112 Expected Fail: 0 Fail: 1 Unexpected Pass: 0 Skipped: 7 Timeout: 0 Full log written to /home-local/jenkins-local/jenkins-agent/workspace/Generic-Unit-Test-DPDK@10/dpdk/build/meson-logs/testlog.txt Test log output from the failed test dispatcher_autotest: Sorry, we were not able to find the logs for this test. Download the log output from the CI site for this test run. ==== End log output ==== CentOS Stream 9 Kernel: 5.4 Compiler: gcc gcc (GCC) 11.5.0 20240719 (Red Hat 11.5.0-11) Fedora Linux 41 Kernel: 5.4 Compiler: gcc gcc (GCC) 14.3.1 20250523 (Red Hat 14.3.1-1) CentOS Stream 10 Kernel: 5.4 Compiler: gcc gcc (GCC) 14.2.1 20250110 (Red Hat 14.2.1-8) Fedora Linux 40 Kernel: 5.4 Compiler: gcc gcc (GCC) 14.2.1 20240912 (Red Hat 14.2.1-3) Debian GNU/Linux 12 Kernel: 5.4 Compiler: gcc gcc (Debian 12.2.0-14+deb12u1) 12.2.0 Red Hat Enterprise Linux 9.5 Kernel: 5.4 Compiler: gcc gcc (GCC) 11.5.0 20240719 (Red Hat 11.5.0-2) Fedora Linux 42 Kernel: 5.4 Compiler: gcc gcc (GCC) 15.2.1 20250808 (Red Hat 15.2.1-1) Ubuntu 22.04 Kernel: 5.4 Compiler: gcc gcc (Ubuntu 11.4.0-1ubuntu1~22.04) 11.4.0 Ubuntu 20.04 Kernel: 5.4 Compiler: gcc gcc (Ubuntu 9.4.0-1ubuntu1~20.04.2) 9.4.0 Ubuntu 24.04 Kernel: 5.4 Compiler: gcc gcc (Ubuntu 13.3.0-6ubuntu2~24.04) 13.3.0 Debian 12 (arm) Kernel: Depends on container host Compiler: gcc (Debian 12.2.0-14) 12.2.0 To view detailed results, visit: https://lab.dpdk.org/results/dashboard/patchsets/34625/ UNH-IOL DPDK Community Lab To manage your email subscriptions, visit: https://lab.dpdk.org/results/dashboard/preferences/subscriptions/