From mboxrd@z Thu Jan 1 00:00:00 1970 Return-Path: Received: from mails.dpdk.org (mails.dpdk.org [217.70.189.124]) by inbox.dpdk.org (Postfix) with ESMTP id 89CBC48B37 for ; Tue, 18 Nov 2025 02:03:48 +0100 (CET) Received: from mails.dpdk.org (localhost [127.0.0.1]) by mails.dpdk.org (Postfix) with ESMTP id 7FB434027D; Tue, 18 Nov 2025 02:03:48 +0100 (CET) Received: from mail-pj1-f97.google.com (mail-pj1-f97.google.com [209.85.216.97]) by mails.dpdk.org (Postfix) with ESMTP id 5480D4027D for ; Tue, 18 Nov 2025 02:03:47 +0100 (CET) Received: by mail-pj1-f97.google.com with SMTP id 98e67ed59e1d1-3418ad69672so3420149a91.3 for ; Mon, 17 Nov 2025 17:03:47 -0800 (PST) DKIM-Signature: v=1; a=rsa-sha256; c=relaxed/relaxed; d=iol.unh.edu; s=unh-iol; t=1763427826; x=1764032626; darn=dpdk.org; h=references:in-reply-to:cc:to:from:subject:message-id:date:from:to :cc:subject:date:message-id:reply-to; bh=JpK6VqnPPFn4Vy17+SkK+wTRWpcdnM6Tl1DDjmVXBt4=; b=C0yEOOz1kyecZVHVw2RVGImh6zGp1Y+CXiMdHabKpqhuQ5NYzadE7kAoG1x+sDtSsh pCDBpp07KGJy3MHK1RVa2i91sUQiV9Ngs3s4M5hSfKGuW3RL5cXi8Lm8jv6g17xRpQwl 519tUBJ8dALFQD8WwTc4bKGOzWp5Yntz/CS8k= X-Google-DKIM-Signature: v=1; a=rsa-sha256; c=relaxed/relaxed; d=1e100.net; s=20230601; t=1763427826; x=1764032626; h=references:in-reply-to:cc:to:from:subject:message-id:date:x-gm-gg :x-gm-message-state:from:to:cc:subject:date:message-id:reply-to; bh=JpK6VqnPPFn4Vy17+SkK+wTRWpcdnM6Tl1DDjmVXBt4=; b=L86DdZwTAzEHCrQl0lJSdhj6T1/T8g1zsKXO+VMCPIi6ZCPPmUENExmwcDw3kKnAwG vnYEyO19++a1YofZYWA14ZAyaAYoFzLCcZF37y6CwtJaiAHN2v0CPbTGmE51mWsnavIN wp7uma2XrKgtlDwTkYOAZDmeixUO5WLzMS86TBcb1abY/ryP2/FiXbWcKbjoLa2HFatk yEGvGIXSsFwI/mFWcLupkq2SIPcxoh+r/wD38Z2mBxf50Q8LP4Zoc+MCqZBzLVyqyTKJ CLjzi5Z684X+tqvgBYM7gySPo6fzi7rPKaDVhAymKSFBO5t8OgK6mJk+Ypd0u8yRMrTe NBHQ== X-Gm-Message-State: AOJu0YyQaRsWjpSb2sFvfpUDksN+dnshJagAnTzoOGacWm8pa+v/oj7b bN5l6DPVUQO3S57xP2cdvQE8VmDxmacBN33vgPJSEPffmtl/7h3WeGL27DZPgV8/PIPjO1ZNRWW iweRL8Oaa/lh2PN3spYbtHJ4/YQXRfgsVhsFIXP0So8IdRcro/7SRWUiZJFPP X-Gm-Gg: ASbGncurvMrJe2Eo6ojX306UkXH+NV9F2rsx5JTQ5NgQUhdi70Nvdphbcwc9XDFikqu hIOfz2lNDCMfws2T/Rk1pHuNfzaG/JZt5XXOKvr39PFseaGpHwZ0o9OfksoxdZFhYUvadeJEAR+ T4/BU+zgmz0vrOvIA73FaLhiTPKxnRMxeTmBkUg1hFCz75dEtSfa/0W44wer2/nl5FN3kD3KPOg 2SD4MFSHB9PBEFVzAk3Rux501tnWdXlPM9fJkfBkMB3agXbnByK4i6YxGos9/P13oxl12NLidBy nv1XYmoDZjJo114idOr10yUt1BsOuXYB93yP1rF5ulSTlZGIQZeuEQ2Kn38PRLK6zkBkL7hLTgA hnAg2KVqsP4eP03Ux2ws= X-Google-Smtp-Source: AGHT+IEwclhvdN3dsYlRGGszsW2ra71sTtorXgWehDGCCLyGbZ5E7r9VLeypXc6tPz8T5IxRMMAliMx7HjIZ X-Received: by 2002:a17:90b:4c51:b0:341:c964:125b with SMTP id 98e67ed59e1d1-343fa7326bbmr14527156a91.31.1763427826395; Mon, 17 Nov 2025 17:03:46 -0800 (PST) Received: from postal.iol.unh.edu (postal.iol.unh.edu. [2606:4100:3880:1234::84]) by smtp-relay.gmail.com with ESMTPS id 98e67ed59e1d1-345af0f0b11sm52711a91.0.2025.11.17.17.03.46 (version=TLS1_2 cipher=ECDHE-ECDSA-AES128-GCM-SHA256 bits=128/128); Mon, 17 Nov 2025 17:03:46 -0800 (PST) X-Relaying-Domain: iol.unh.edu Date: Mon, 17 Nov 2025 17:03:46 -0800 (PST) Message-ID: <691bc5f2.170a0220.2d347d.9261SMTPIN_ADDED_MISSING@mx.google.com> Received: from [172.21.0.2] (unknown [172.18.0.240]) by postal.iol.unh.edu (Postfix) with ESMTP id 902696051830; Mon, 17 Nov 2025 20:03:45 -0500 (EST) Subject: |WARNING| pw158859 [PATCH] [v2,1/1] net/mlx5: fix set port down if d From: dpdklab@iol.unh.edu To: Test Report Cc: dpdk-test-reports@iol.unh.edu In-Reply-To: <20251117091201.2261526-1-xu.yang3@zte.com.cn> References: <20251117091201.2261526-1-xu.yang3@zte.com.cn> Content-Type: text/plain X-BeenThere: test-report@dpdk.org X-Mailman-Version: 2.1.29 Precedence: list List-Id: automatic DPDK test reports List-Unsubscribe: , List-Archive: List-Post: List-Help: List-Subscribe: , Errors-To: test-report-bounces@dpdk.org Test-Label: iol-unit-arm64-testing Test-Status: WARNING http://dpdk.org/patch/158859 _Testing issues_ Submitter: Yang Xu Date: Monday, November 17 2025 09:12:01 DPDK git baseline: Repo:dpdk-next-net-mlx Branch: master CommitID:6c8ab18883d4a51ac512a969d36b47272a63b61b 158859 --> testing issues Upstream job id: Generic-Unit-Test-DPDK#393969 Test environment and result as below: +------------------------------+--------------+----------------+---------------------------+------------------------------+ | Environment | lpm_autotest | dpdk_unit_test | cryptodev_sw_zuc_autotest | cryptodev_sw_snow3g_autotest | +==============================+==============+================+===========================+==============================+ | Ubuntu 20.04 | PASS | WARN | SKIPPED | SKIPPED | +------------------------------+--------------+----------------+---------------------------+------------------------------+ | CentOS Stream 9 | SKIPPED | WARN | SKIPPED | SKIPPED | +------------------------------+--------------+----------------+---------------------------+------------------------------+ | CentOS Stream 10 | SKIPPED | WARN | SKIPPED | SKIPPED | +------------------------------+--------------+----------------+---------------------------+------------------------------+ | Fedora Linux 40 | SKIPPED | WARN | SKIPPED | SKIPPED | +------------------------------+--------------+----------------+---------------------------+------------------------------+ | Debian GNU/Linux 12 | SKIPPED | WARN | SKIPPED | SKIPPED | +------------------------------+--------------+----------------+---------------------------+------------------------------+ | Fedora Linux 41 | SKIPPED | WARN | SKIPPED | SKIPPED | +------------------------------+--------------+----------------+---------------------------+------------------------------+ | Ubuntu 22.04 | SKIPPED | WARN | SKIPPED | SKIPPED | +------------------------------+--------------+----------------+---------------------------+------------------------------+ | Fedora Linux 42 | SKIPPED | WARN | SKIPPED | SKIPPED | +------------------------------+--------------+----------------+---------------------------+------------------------------+ | Red Hat Enterprise Linux 9.5 | SKIPPED | WARN | SKIPPED | SKIPPED | +------------------------------+--------------+----------------+---------------------------+------------------------------+ | Ubuntu 24.04 | SKIPPED | WARN | SKIPPED | SKIPPED | +------------------------------+--------------+----------------+---------------------------+------------------------------+ | Debian 12 (arm) | SKIPPED | SKIPPED | WARN | WARN | +------------------------------+--------------+----------------+---------------------------+------------------------------+ ==== 20 line log output for Debian 12 (arm) (cryptodev_sw_snow3g_autotest): ==== [2253/3829] Compiling C object drivers/libtmp_rte_net_nfp.a.p/net_nfp_nfpcore_nfp_nsp.c.o [2254/3829] Compiling C object drivers/libtmp_rte_net_nfp.a.p/net_nfp_nfpcore_nfp_nsp_cmds.c.o [2255/3829] Compiling C object drivers/libtmp_rte_net_nfp.a.p/net_nfp_nfpcore_nfp_nsp_eth.c.o [2256/3829] Compiling C object drivers/libtmp_rte_net_nfp.a.p/net_nfp_nfpcore_nfp_resource.c.o [2257/3829] Compiling C object drivers/libtmp_rte_net_nfp.a.p/net_nfp_nfpcore_nfp_rtsym.c.o [2258/3829] Compiling C object drivers/libtmp_rte_net_nfp.a.p/net_nfp_nfpcore_nfp_sync.c.o [2259/3829] Generating rte_net_nbl.sym_chk with a custom command (wrapped by meson to capture output) [2260/3829] Generating rte_net_netvsc.sym_chk with a custom command (wrapped by meson to capture output) [2261/3829] Compiling C object drivers/libtmp_rte_net_nfp.a.p/net_nfp_nfpcore_nfp_target.c.o [2262/3829] Compiling C object drivers/libtmp_rte_net_mlx5.a.p/net_mlx5_linux_mlx5_ethdev_os.c.o FAILED: drivers/libtmp_rte_net_mlx5.a.p/net_mlx5_linux_mlx5_ethdev_os.c.o ccache cc -Idrivers/libtmp_rte_net_mlx5.a.p -Idrivers -I../drivers -Idrivers/net/mlx5 -I../drivers/net/mlx5 -Idrivers/net/mlx5/linux -I../drivers/net/mlx5/linux -Idrivers/net/mlx5/hws -I../drivers/net/mlx5/hws -Ilib/ethdev -I../lib/ethdev -Ilib/eal/common -I../lib/eal/common -I. -I.. -Iconfig -I../config -Ilib/eal/include -I../lib/eal/include -Ilib/eal/linux/include -I../lib/eal/linux/include -Ilib/eal/arm/include -I../lib/eal/arm/include -I../kernel/linux -Ilib/eal -I../lib/eal -Ilib/kvargs -I../lib/kvargs -Ilib/log -I../lib/log -Ilib/metrics -I../lib/metrics -Ilib/telemetry -I../lib/telemetry -Ilib/argparse -I../lib/argparse -Ilib/net -I../lib/net -Ilib/mbuf -I../lib/mbuf -Ilib/mempool -I../lib/mempool -Ilib/ring -I../lib/ring -Ilib/meter -I../lib/meter -Idrivers/bus/pci -I../drivers/bus/pci -I../drivers/bus/pci/linux -Ilib/pci -I../lib/pci -Idrivers/bus/vdev -I../drivers/bus/vdev -Ilib/hash -I../lib/hash -Ilib/rcu -I../lib/rcu -Idrivers/common/mlx5 -I../drivers/common/mlx5 -Idrive rs/common/mlx5/linux -I../drivers/common/mlx5/linux -Idrivers/bus/auxiliary -I../drivers/bus/auxiliary -I/usr/include/libnl3 -fdiagnostics-color=always -pipe -D_FILE_OFFSET_BITS=64 -Wall -Winvalid-pch -Wextra -Werror -std=c11 -O3 -include rte_config.h -Wvla -Wcast-qual -Wdeprecated -Wformat -Wformat-nonliteral -Wformat-security -Wmissing-declarations -Wmissing-prototypes -Wnested-externs -Wold-style-definition -Wpointer-arith -Wsign-compare -Wstrict-prototypes -Wundef -Wwrite-strings -Wno-packed-not-aligned -Wno-missing-field-initializers -D_GNU_SOURCE -march=armv8-a+crc+crypto -fPIC -march=armv8-a+crc -moutline-atomics -DALLOW_EXPERIMENTAL_API -DALLOW_INTERNAL_API -Wno-format-truncation -Wno-address-of-packed-member -std=c11 -Wno-strict-prototypes -D_BSD_SOURCE -D_DEFAULT_SOURCE -D_XOPEN_SOURCE=600 -UPEDANTIC -Wno-vla -DRTE_LOG_DEFAULT_LOGTYPE=pmd.net.mlx5 -MD -MQ drivers/libtmp_rte_net_mlx5.a.p/net_mlx5_linux_mlx5_ethdev_os.c.o -MF drivers/libtmp_rte_net_mlx5.a.p/net_mlx5_linux_ml x5_ethdev_os.c.o.d -o drivers/libtmp_rte_net_mlx5.a.p/net_mlx5_linux_mlx5_ethdev_os.c.o -c ../drivers/net/mlx5/linux/mlx5_ethdev_os.c ../drivers/net/mlx5/linux/mlx5_ethdev_os.c: In function 'mlx5_link_update': ../drivers/net/mlx5/linux/mlx5_ethdev_os.c:536:47: error: expected expression before '{' token 536 | dev->data->dev_link = {0}; | ^ [2263/3829] Compiling C object drivers/libtmp_rte_net_nfp.a.p/net_nfp_nfpcore_nfp6000_pcie.c.o [2264/3829] Linking target drivers/librte_net_nbl.so.26.0 [2265/3829] Linking target drivers/librte_net_netvsc.so.26.0 ninja: build stopped: subcommand failed. ==== End log output ==== Ubuntu 20.04 Kernel: 5.4 Compiler: gcc gcc (Ubuntu 9.4.0-1ubuntu1~20.04.2) 9.4.0 CentOS Stream 9 Kernel: 5.4 Compiler: gcc gcc (GCC) 11.5.0 20240719 (Red Hat 11.5.0-11) CentOS Stream 10 Kernel: 5.4 Compiler: gcc gcc (GCC) 14.2.1 20250110 (Red Hat 14.2.1-8) Fedora Linux 40 Kernel: 5.4 Compiler: gcc gcc (GCC) 14.2.1 20240912 (Red Hat 14.2.1-3) Debian GNU/Linux 12 Kernel: 5.4 Compiler: gcc gcc (Debian 12.2.0-14+deb12u1) 12.2.0 Fedora Linux 41 Kernel: 5.4 Compiler: gcc gcc (GCC) 14.3.1 20250523 (Red Hat 14.3.1-1) Ubuntu 22.04 Kernel: 5.15 Compiler: gcc gcc (Ubuntu 11.4.0-1ubuntu1~22.04.2) 11.4.0 Fedora Linux 42 Kernel: 5.4 Compiler: clang gcc (GCC) 15.2.1 20250808 (Red Hat 15.2.1-1) Red Hat Enterprise Linux 9.5 Kernel: 5.4 Compiler: gcc gcc (GCC) 11.5.0 20240719 (Red Hat 11.5.0-2) Ubuntu 24.04 Kernel: 5.4 Compiler: gcc gcc (Ubuntu 13.3.0-6ubuntu2~24.04) 13.3.0 Debian 12 (arm) Kernel: Depends on container host Compiler: gcc (Debian 12.2.0-14) 12.2.0 To view detailed results, visit: https://lab.dpdk.org/results/dashboard/patchsets/34627/ UNH-IOL DPDK Community Lab To manage your email subscriptions, visit: https://lab.dpdk.org/results/dashboard/preferences/subscriptions/