From mboxrd@z Thu Jan 1 00:00:00 1970 Return-Path: Received: from mails.dpdk.org (mails.dpdk.org [217.70.189.124]) by inbox.dpdk.org (Postfix) with ESMTP id 2622F48B39 for ; Tue, 18 Nov 2025 06:53:28 +0100 (CET) Received: from mails.dpdk.org (localhost [127.0.0.1]) by mails.dpdk.org (Postfix) with ESMTP id 20C4B40150; Tue, 18 Nov 2025 06:53:28 +0100 (CET) Received: from mail-io1-f100.google.com (mail-io1-f100.google.com [209.85.166.100]) by mails.dpdk.org (Postfix) with ESMTP id 8CD7640150 for ; Tue, 18 Nov 2025 06:53:19 +0100 (CET) Received: by mail-io1-f100.google.com with SMTP id ca18e2360f4ac-949033fb2a9so85367939f.2 for ; Mon, 17 Nov 2025 21:53:19 -0800 (PST) DKIM-Signature: v=1; a=rsa-sha256; c=relaxed/relaxed; d=iol.unh.edu; s=unh-iol; t=1763445199; x=1764049999; darn=dpdk.org; h=cc:to:from:subject:message-id:date:from:to:cc:subject:date :message-id:reply-to; bh=J64OmibpZ0KMCW3R5CeZRKlLEPuzshDacSEE770yGGs=; b=Y+ku60hO8s46q+9BOknKy4QmMZwPJFpKRI5Ax54dd+2PIsJrsK1KJvlgPEuopBcfQF l2oSagzliOsDuGgKFzA3xTZIit8hMuddGyuhwO4hODfI/0YdBJoOa6YDeMKPOmN1gGAq pEq0BOGUxhGsscRxn4+bKxEBPj/YCHDtxwGNU= X-Google-DKIM-Signature: v=1; a=rsa-sha256; c=relaxed/relaxed; d=1e100.net; s=20230601; t=1763445199; x=1764049999; h=cc:to:from:subject:message-id:date:x-gm-gg:x-gm-message-state:from :to:cc:subject:date:message-id:reply-to; bh=J64OmibpZ0KMCW3R5CeZRKlLEPuzshDacSEE770yGGs=; b=Ofkt6chpoqobsisQZ9mr5eHI36SBxhuUWgLlzVTZvHuhfI++AUdv+2MA7k6j3ldl+G pGuIOLaCQE+f5KfJ4XfNq5AudusNSTvjud2rtQohwWVPk5uOvhO4dZri3fshN065AZkm zCAKNzoYflQHd9ndZyvwP1on69KQnsWkR5ao4hCXFsnD+K4K+fURSPMy+bK4ejeKBYJq nXaVEYhMaxKzeFhp8ZZzPyzTGZRKS5MQaJYup7YZdEygdUyIKVI0g6cR5IIkBRQ00Iaq bRsn7Uh+5XTs0cCq+7NsE8ymadSYdsfx2k6rhXOHvR10NxNApWFpJNpeSw4mnVkPG2fq l/mw== X-Gm-Message-State: AOJu0YxjhxIWehKvcAW1gBnSI7Qu32IFqtVuAuOgQa332AdXQPsxVqhp 2+xQjBhczAUVYANH+vA7wxw4ozPFebVLR7JPIuSVcJ6UdJnsxRJo/Az/1fFoWcIkSo4cdfiUfbf mZTmgRV2kd8oBmIY/1xJufsH7bAnkRElbNIwdipI201CgwF2o6Xni X-Gm-Gg: ASbGncvlFrvKqiJe/Cq9keTNvtAvSKUaYm9ARM69QI2B5DOhGB+49x2iQ2/bJEHiv+l F2WUxPoYSiWcm9/UU/Av9BnwIuzbLwrcmW8or2K7VJ8bdo4antEt+7TbJugJa0eRGhFocqCnzCE Zfr/5SHflJzNGMOPzu1ZyHJ/ePrwvtJ0485y1+QhfSC18N1PH21HuLxyoTLGPAwC59jLqikXTsV 9Xg8HZMyVHiPTIBAq3M2fXjH0rfP1soRlUsSIUxps0Eq3UMpcEUYFq6wQZb3OvPPi1lDQEMy78A mMAdhmwDu24Dsw7QF1pSoal3U1P69hc/x5QLiimL3Ywie1VVkiYm+yxglj1mBBC3jGUxGm4id3D /qZjdxO3b0+VoGl6OciM= X-Google-Smtp-Source: AGHT+IFf2TyZXdHHXKIV/Zr9/LFNWcVq9H2Tx1zvLL/UgbSvZuo3WHziAy+bC2ehoHCiWTu+OqMDFLEU+vf+ X-Received: by 2002:a05:6638:a5b:b0:5b7:30eb:2366 with SMTP id 8926c6da1cb9f-5b7c9c4a547mr11895814173.4.1763445198876; Mon, 17 Nov 2025 21:53:18 -0800 (PST) Received: from postal.iol.unh.edu (postal.iol.unh.edu. [2606:4100:3880:1234::84]) by smtp-relay.gmail.com with ESMTPS id 8926c6da1cb9f-5b7bd246a41sm1045791173.4.2025.11.17.21.53.18 (version=TLS1_2 cipher=ECDHE-ECDSA-AES128-GCM-SHA256 bits=128/128); Mon, 17 Nov 2025 21:53:18 -0800 (PST) X-Relaying-Domain: iol.unh.edu Date: Mon, 17 Nov 2025 21:53:18 -0800 (PST) Message-ID: <691c09ce.050a0220.38e609.46afSMTPIN_ADDED_MISSING@mx.google.com> Received: from [172.21.0.5] (unknown [172.18.0.240]) by postal.iol.unh.edu (Postfix) with ESMTP id 75E4F6051830; Tue, 18 Nov 2025 00:53:18 -0500 (EST) Subject: |FAILURE| [GIT MASTER] 9784db2c5af1eecd02fc21132b59b5b266039b87 From: dpdklab@iol.unh.edu To: Test Report Cc: dpdk-test-reports@iol.unh.edu, Xueming Li , Christian Ehrhardt , Kevin Traynor , Luca Boccassi Content-Type: text/plain X-BeenThere: test-report@dpdk.org X-Mailman-Version: 2.1.29 Precedence: list List-Id: automatic DPDK test reports List-Unsubscribe: , List-Archive: List-Post: List-Help: List-Subscribe: , Errors-To: test-report-bounces@dpdk.org _Testing issues_ Branch: tags/v22.11 9784db2c5af1eecd02fc21132b59b5b266039b87 --> testing issues Upstream job id: Aarch32-Unit-Test#8275 Test environment and result as below: +-----------------+------------------------------+--------------+---------------------------+----------------+ | Environment | cryptodev_sw_snow3g_autotest | lpm_autotest | cryptodev_sw_zuc_autotest | dpdk_unit_test | +=================+==============================+==============+===========================+================+ | Debian 12 (arm) | PASS | SKIPPED | PEND | SKIPPED | +-----------------+------------------------------+--------------+---------------------------+----------------+ | Ubuntu 20.04 | SKIPPED | FAIL | SKIPPED | SKIPPED | +-----------------+------------------------------+--------------+---------------------------+----------------+ | Ubuntu 22.04 | SKIPPED | SKIPPED | SKIPPED | PASS | +-----------------+------------------------------+--------------+---------------------------+----------------+ ==== 20 line log output for Ubuntu 20.04 (lpm_autotest): ==== [671/690] Compiling C object 'app/test/3062f5d@@dpdk-test@exe/test_threads.c.o'. [672/690] Compiling C object 'app/test/3062f5d@@dpdk-test@exe/test_thash_perf.c.o'. [673/690] Compiling C object 'app/test/3062f5d@@dpdk-test@exe/test_thash.c.o'. [674/690] Compiling C object 'app/test/3062f5d@@dpdk-test@exe/test_timer.c.o'. [675/690] Compiling C object 'app/test/3062f5d@@dpdk-test@exe/test_timer_perf.c.o'. [676/690] Compiling C object 'app/test/3062f5d@@dpdk-test@exe/test_timer_racecond.c.o'. [677/690] Compiling C object 'app/test/3062f5d@@dpdk-test@exe/test_timer_secondary.c.o'. [678/690] Compiling C object 'app/test/3062f5d@@dpdk-test@exe/test_ticketlock.c.o'. [679/690] Compiling C object 'app/test/3062f5d@@dpdk-test@exe/test_trace.c.o'. [680/690] Compiling C object 'app/test/3062f5d@@dpdk-test@exe/test_trace_register.c.o'. [681/690] Compiling C object 'app/test/3062f5d@@dpdk-test@exe/test_version.c.o'. [682/690] Compiling C object 'app/test/3062f5d@@dpdk-test@exe/test_telemetry_json.c.o'. [683/690] Compiling C object 'app/test/3062f5d@@dpdk-test@exe/test_ring.c.o'. [684/690] Compiling C object 'app/test/3062f5d@@dpdk-test@exe/test_telemetry_data.c.o'. [685/690] Compiling C object 'app/test/3062f5d@@dpdk-test@exe/test_pcapng.c.o'. [686/690] Compiling C object 'app/test/3062f5d@@dpdk-test@exe/virtual_pmd.c.o'. [687/690] Compiling C object 'app/test/3062f5d@@dpdk-test@exe/test_bpf.c.o'. [688/690] Compiling C object 'app/test/3062f5d@@dpdk-test@exe/test_compressdev.c.o'. [689/690] Compiling C object 'app/test/3062f5d@@dpdk-test@exe/test_trace_perf.c.o'. [690/690] Linking target app/test/dpdk-test. ==== End log output ==== Debian 12 (arm) Kernel: Depends on container host Compiler: gcc (Debian 12.2.0-14) 12.2.0 Ubuntu 20.04 Kernel: 5.4 Compiler: gcc gcc (Ubuntu 9.4.0-1ubuntu1~20.04.2) 9.4.0 Ubuntu 22.04 Kernel: 5.15 Compiler: gcc gcc (Ubuntu 11.4.0-1ubuntu1~22.04.2) 11.4.0 To view detailed results, visit: https://lab.dpdk.org/results/dashboard/tarballs/35642/ UNH-IOL DPDK Community Lab To manage your email subscriptions, visit: https://lab.dpdk.org/results/dashboard/preferences/subscriptions/