From mboxrd@z Thu Jan 1 00:00:00 1970 Return-Path: Received: from mails.dpdk.org (mails.dpdk.org [217.70.189.124]) by inbox.dpdk.org (Postfix) with ESMTP id F0CC548B39 for ; Tue, 18 Nov 2025 07:13:02 +0100 (CET) Received: from mails.dpdk.org (localhost [127.0.0.1]) by mails.dpdk.org (Postfix) with ESMTP id EAF4B40150; Tue, 18 Nov 2025 07:13:02 +0100 (CET) Received: from mail-pl1-f228.google.com (mail-pl1-f228.google.com [209.85.214.228]) by mails.dpdk.org (Postfix) with ESMTP id DE30340150 for ; Tue, 18 Nov 2025 07:13:01 +0100 (CET) Received: by mail-pl1-f228.google.com with SMTP id d9443c01a7336-298250d7769so34363345ad.0 for ; Mon, 17 Nov 2025 22:13:01 -0800 (PST) DKIM-Signature: v=1; a=rsa-sha256; c=relaxed/relaxed; d=iol.unh.edu; s=unh-iol; t=1763446381; x=1764051181; darn=dpdk.org; h=cc:to:from:subject:message-id:date:from:to:cc:subject:date :message-id:reply-to; bh=6UMKeQnELeM0xmq5ORo2NOzdKakSkv/rVHmtnbMCHx4=; b=DAmqHTp+5puuw/ZQSrAcBlP12H6WOKO6hLN+e0BU6799r1lFYVnIF35OhHRwGrm7/o VFIzO+jXhwmdu6NNbBJFwFRQjT/RNQ8r5X9hjTSUjRvaQU3csEBM7Q+S4Nba+sFz2PEp rKw5uLGED6p7SJAOlhmT8iabeJgk2Hh/7kw0M= X-Google-DKIM-Signature: v=1; a=rsa-sha256; c=relaxed/relaxed; d=1e100.net; s=20230601; t=1763446381; x=1764051181; h=cc:to:from:subject:message-id:date:x-gm-gg:x-gm-message-state:from :to:cc:subject:date:message-id:reply-to; bh=6UMKeQnELeM0xmq5ORo2NOzdKakSkv/rVHmtnbMCHx4=; b=W/V6smNYfWupner9H7VpT/sr3QUek1zvPG7V64n4NXgxiqBspvOY4z6yUp43/J5MXp VD2HU2Bs/BhU78dOM0clDwhIomt/GJPBhUnP2muj02c6e0CCZoY9rVUBNh+bf3alIg00 o7avaZ9YskbllQ4Fi9Gg9hEjqjxMfObjvE2N9HYrAWts2GcHZ/DMgThLZaFuxYZ3dYqw BU5MBOYNEwTmBTEZIc3qMlUL4XyN9sxZmdO6MfrSsXPJXd1WAnU77t9VlwD5OZtE1eTA 8JKi1zOICY5RxYS/+puNd5cPIRVh0Q0b6jhxhNXSzbrU7TZprQ7qSM9nOvU96yPGAIXl tPMA== X-Gm-Message-State: AOJu0YyClAUHRuvZrc1eDOHQ/fOsweBI3B/8w+WlrAQzGCofEsgloYu4 XRV9U7L+LgNxJUEAWRUzv3YitgGitYHiRCePPsUnhscfk0joeI+ye2ha7ukVJWs8szdcX5jvL0L 1i4QMbofT5lzoFqjO0g/H1cKuwrYuuhWXjn2K X-Gm-Gg: ASbGncuoMsz/JoN8nYUm6Di54BjYpHIZlWD3wjmBdXd7jByKqJTV5Fu3S1aXcghXl+f VqnzfCp4JFB4UmLWXwIXuRbojUavrY8I8mxdFefbYWuaI2z5/nigQkYvP4xa0jYfGT/RXuEMY/K 1mKgsrfSinJMmBtihUDYEoDckgCCeDY2q8DOtUYXhDWBXIuwf8tzPuEa1KEBnLR6aWzS2vCsA7k C/dv/BoqZamY0K/4V7B8wDttvBEkuv0ATdhEzoFGasqBSydIQnCaMZqUzPdVcnK9s1Ty+XvxyeD nCOdou3SpFDvj7Mbp27qyODpimj9CgYPYKdsHs0FER1CUNd21KscYxtKNVNmiNF1W5k2X4936Nx h7B6tgHQDFpNR3Sk8CjYl3Jzbf3rW9aELD0NSTqcd4g== X-Google-Smtp-Source: AGHT+IF302oTrMtZdcl1VjF86b05qJ3e7XkZzs89OFoX7qWp3s9ftRdtMiwgReu2Uit7SIeecSnGyYKeNFzo X-Received: by 2002:a17:903:3c47:b0:295:6d30:e268 with SMTP id d9443c01a7336-2986a755dfemr175747195ad.59.1763446381115; Mon, 17 Nov 2025 22:13:01 -0800 (PST) Received: from postal.iol.unh.edu (postal.iol.unh.edu. [132.177.123.84]) by smtp-relay.gmail.com with ESMTPS id d9443c01a7336-2985c23458csm17383785ad.4.2025.11.17.22.13.01 (version=TLS1_2 cipher=ECDHE-ECDSA-AES128-GCM-SHA256 bits=128/128); Mon, 17 Nov 2025 22:13:01 -0800 (PST) X-Relaying-Domain: iol.unh.edu Date: Mon, 17 Nov 2025 22:13:01 -0800 (PST) Message-ID: <691c0e6d.170a0220.2d505b.7ee0SMTPIN_ADDED_MISSING@mx.google.com> Received: from [172.21.0.5] (unknown [172.18.0.240]) by postal.iol.unh.edu (Postfix) with ESMTP id 5B2CA6051830; Tue, 18 Nov 2025 01:13:00 -0500 (EST) Subject: |FAILURE| [GIT MASTER] 9784db2c5af1eecd02fc21132b59b5b266039b87 From: dpdklab@iol.unh.edu To: Test Report Cc: dpdk-test-reports@iol.unh.edu, Xueming Li , Christian Ehrhardt , Kevin Traynor , Luca Boccassi Content-Type: text/plain X-BeenThere: test-report@dpdk.org X-Mailman-Version: 2.1.29 Precedence: list List-Id: automatic DPDK test reports List-Unsubscribe: , List-Archive: List-Post: List-Help: List-Subscribe: , Errors-To: test-report-bounces@dpdk.org _Testing issues_ Branch: tags/v22.11 9784db2c5af1eecd02fc21132b59b5b266039b87 --> testing issues Upstream job id: Generic-Unit-Test-DPDK#394032 Test environment and result as below: +-----------------+------------------------------+--------------+---------------------------+----------------+ | Environment | cryptodev_sw_snow3g_autotest | lpm_autotest | cryptodev_sw_zuc_autotest | dpdk_unit_test | +=================+==============================+==============+===========================+================+ | Debian 12 (arm) | PASS | SKIPPED | PASS | SKIPPED | +-----------------+------------------------------+--------------+---------------------------+----------------+ | Ubuntu 20.04 | SKIPPED | FAIL | SKIPPED | SKIPPED | +-----------------+------------------------------+--------------+---------------------------+----------------+ | Ubuntu 22.04 | SKIPPED | SKIPPED | SKIPPED | PASS | +-----------------+------------------------------+--------------+---------------------------+----------------+ ==== 20 line log output for Ubuntu 20.04 (lpm_autotest): ==== [671/690] Compiling C object 'app/test/3062f5d@@dpdk-test@exe/test_threads.c.o'. [672/690] Compiling C object 'app/test/3062f5d@@dpdk-test@exe/test_thash_perf.c.o'. [673/690] Compiling C object 'app/test/3062f5d@@dpdk-test@exe/test_thash.c.o'. [674/690] Compiling C object 'app/test/3062f5d@@dpdk-test@exe/test_timer.c.o'. [675/690] Compiling C object 'app/test/3062f5d@@dpdk-test@exe/test_timer_perf.c.o'. [676/690] Compiling C object 'app/test/3062f5d@@dpdk-test@exe/test_timer_racecond.c.o'. [677/690] Compiling C object 'app/test/3062f5d@@dpdk-test@exe/test_timer_secondary.c.o'. [678/690] Compiling C object 'app/test/3062f5d@@dpdk-test@exe/test_ticketlock.c.o'. [679/690] Compiling C object 'app/test/3062f5d@@dpdk-test@exe/test_trace.c.o'. [680/690] Compiling C object 'app/test/3062f5d@@dpdk-test@exe/test_trace_register.c.o'. [681/690] Compiling C object 'app/test/3062f5d@@dpdk-test@exe/test_version.c.o'. [682/690] Compiling C object 'app/test/3062f5d@@dpdk-test@exe/test_telemetry_json.c.o'. [683/690] Compiling C object 'app/test/3062f5d@@dpdk-test@exe/test_ring.c.o'. [684/690] Compiling C object 'app/test/3062f5d@@dpdk-test@exe/test_telemetry_data.c.o'. [685/690] Compiling C object 'app/test/3062f5d@@dpdk-test@exe/test_pcapng.c.o'. [686/690] Compiling C object 'app/test/3062f5d@@dpdk-test@exe/virtual_pmd.c.o'. [687/690] Compiling C object 'app/test/3062f5d@@dpdk-test@exe/test_bpf.c.o'. [688/690] Compiling C object 'app/test/3062f5d@@dpdk-test@exe/test_compressdev.c.o'. [689/690] Compiling C object 'app/test/3062f5d@@dpdk-test@exe/test_trace_perf.c.o'. [690/690] Linking target app/test/dpdk-test. ==== End log output ==== Debian 12 (arm) Kernel: Depends on container host Compiler: gcc (Debian 12.2.0-14) 12.2.0 Ubuntu 20.04 Kernel: 5.4 Compiler: gcc gcc (Ubuntu 9.4.0-1ubuntu1~20.04.2) 9.4.0 Ubuntu 22.04 Kernel: 5.15 Compiler: gcc gcc (Ubuntu 11.4.0-1ubuntu1~22.04.2) 11.4.0 To view detailed results, visit: https://lab.dpdk.org/results/dashboard/tarballs/35642/ UNH-IOL DPDK Community Lab To manage your email subscriptions, visit: https://lab.dpdk.org/results/dashboard/preferences/subscriptions/