From mboxrd@z Thu Jan 1 00:00:00 1970 Return-Path: Received: from mails.dpdk.org (mails.dpdk.org [217.70.189.124]) by inbox.dpdk.org (Postfix) with ESMTP id 1C0A548B39 for ; Tue, 18 Nov 2025 07:24:38 +0100 (CET) Received: from mails.dpdk.org (localhost [127.0.0.1]) by mails.dpdk.org (Postfix) with ESMTP id EDE5840150; Tue, 18 Nov 2025 07:24:37 +0100 (CET) Received: from mail-qv1-f99.google.com (mail-qv1-f99.google.com [209.85.219.99]) by mails.dpdk.org (Postfix) with ESMTP id 9D49E40150 for ; Tue, 18 Nov 2025 07:24:36 +0100 (CET) Received: by mail-qv1-f99.google.com with SMTP id 6a1803df08f44-88249766055so64597726d6.1 for ; Mon, 17 Nov 2025 22:24:36 -0800 (PST) DKIM-Signature: v=1; a=rsa-sha256; c=relaxed/relaxed; d=iol.unh.edu; s=unh-iol; t=1763447076; x=1764051876; darn=dpdk.org; h=cc:to:from:subject:message-id:date:from:to:cc:subject:date :message-id:reply-to; bh=8eyH3LKqyuiajCTJvpFJyGvfqPAd01JXFdMtucQ3tqQ=; b=izrDMbGDdZ+qipd8CoTdcqoVlIVE2CxkcT2siQ8RR74YoVcn3nOc27Fxw9Qay8S7h8 VgIUFTrZn+AfKTPYD1qpzdVHOYyL8fOhQZlJ5EBL3ex6TszMY78fMn3VYrYg/4xUxvwQ FQjli0evJKpF2WUyscBU8KX+5LPsFhy+QZ6C4= X-Google-DKIM-Signature: v=1; a=rsa-sha256; c=relaxed/relaxed; d=1e100.net; s=20230601; t=1763447076; x=1764051876; h=cc:to:from:subject:message-id:date:x-gm-gg:x-gm-message-state:from :to:cc:subject:date:message-id:reply-to; bh=8eyH3LKqyuiajCTJvpFJyGvfqPAd01JXFdMtucQ3tqQ=; b=mGIPawxMUJ/UqQLpu/P5uF+zAQRmjc5o+dP9lqew3ouVWi5iniF5T6W0zGfSh298wQ 1389baRBJfVZcEXK31SbAR5CrYLGoCas/AijDCJyS2YzC1Qj9gezCECwZXO9i1kt9NeY 9wee8Z3mpRK9qrRnDjCxmTb7Wf6PKcTLipomsT3Bb7UTXdrqfV7jeCJbYL45GnybmHPy vcu2YixhNEtU7PdNUAEtJFX706ETrNy+OcPd/o6+yLF4T1GnI+NVdfJeZhyCEEMd8ohP LC+8iuQRr+mhTlvUnbKWYYZqvfAYFoDajzGi8DpwJttY+H6Dm9tDq7LIyMjHa5JVx57p LpGQ== X-Gm-Message-State: AOJu0Yy/ZswPGnUFayAsc2pkcIHFPabO3Sm3DfPv1Vdwzbl2PpI+6DeT AOaMjeTMh9OvoEl5KTEgprzLb7ejhO93IqBf1BL3ZjqEylX3soG3/spu4mrP85ONPmxvWQkrwNx 6G1Wb3n441AgDyyYytogbg+XEhqVEERVY3eMxbWTNjxDnaL39d984 X-Gm-Gg: ASbGncu7ym1SodzlQViayCr7ljuIwOrsWopjiiPmjy7sHPfnmoRiLYg+FwWc3CEP7Sm U8/H+ZNn5Yu9QdkQkN7/ujyNw00bSSuv47/EYj9/WRk38oDdYgW/Q102Cdr1srNwJMw8XGyEugT xqVD5iPUXb6LC75orPpfX3wmvP35q5chfPUEywGr+ebro6+zLq1/NVS35dqm01N/jj9N8okLj/7 waVqXyt+P5wk1cVaFCDiCpwnFYSX2rOazob385QQ3GnjvYja49Leblk3C3M4PVWPOX8OQ5Q+phl Nm8z6I9wmgqMxpXGNaWlSxhm/q8+rwSFxZcBYVfseTRrX/rWWHfT28BvFehNPd51paxk78cK+Sm OY6gABnGF4j27tBSAfis= X-Google-Smtp-Source: AGHT+IHx//74p4BNjh5tP/cvmLli5FvXeXxVUJtGrDGxj+SnQRngV2FhUZibo2rglVJ7yuyXZ9zZVgsPKeYB X-Received: by 2002:a05:6214:1d2d:b0:882:4572:19b4 with SMTP id 6a1803df08f44-88292721eeamr209268706d6.58.1763447075915; Mon, 17 Nov 2025 22:24:35 -0800 (PST) Received: from postal.iol.unh.edu (postal.iol.unh.edu. [2606:4100:3880:1234::84]) by smtp-relay.gmail.com with ESMTPS id 6a1803df08f44-882865a59besm18527276d6.29.2025.11.17.22.24.35 (version=TLS1_2 cipher=ECDHE-ECDSA-AES128-GCM-SHA256 bits=128/128); Mon, 17 Nov 2025 22:24:35 -0800 (PST) X-Relaying-Domain: iol.unh.edu Date: Mon, 17 Nov 2025 22:24:35 -0800 (PST) Message-ID: <691c1123.050a0220.a869c.c756SMTPIN_ADDED_MISSING@mx.google.com> Received: from [172.21.0.4] (unknown [172.18.0.240]) by postal.iol.unh.edu (Postfix) with ESMTP id 8473C6051830; Tue, 18 Nov 2025 01:24:35 -0500 (EST) Subject: |FAILURE| [GIT MASTER] 62f583c49bf67dd4d6733ece14e55fe6839e66d1 From: dpdklab@iol.unh.edu To: Test Report Cc: dpdk-test-reports@iol.unh.edu, Xueming Li , Christian Ehrhardt , Kevin Traynor , Luca Boccassi Content-Type: text/plain X-BeenThere: test-report@dpdk.org X-Mailman-Version: 2.1.29 Precedence: list List-Id: automatic DPDK test reports List-Unsubscribe: , List-Archive: List-Post: List-Help: List-Subscribe: , Errors-To: test-report-bounces@dpdk.org _Testing issues_ Branch: tags/v23.11 62f583c49bf67dd4d6733ece14e55fe6839e66d1 --> testing issues Upstream job id: Generic-Unit-Test-DPDK#394055 Test environment and result as below: +-------------------------------+----------------+ | Environment | dpdk_unit_test | +===============================+================+ | Fedora Linux 40 | PASS | +-------------------------------+----------------+ | Fedora Linux 41 | PASS | +-------------------------------+----------------+ | Red Hat Enterprise Linux 8.10 | PASS | +-------------------------------+----------------+ | Red Hat Enterprise Linux 9.5 | PASS | +-------------------------------+----------------+ | Debian GNU/Linux 12 | PASS | +-------------------------------+----------------+ | CentOS Stream 9 | PASS | +-------------------------------+----------------+ | Fedora Linux 42 | PASS | +-------------------------------+----------------+ | CentOS Stream 10 | PASS | +-------------------------------+----------------+ | Ubuntu 22.04 | PASS | +-------------------------------+----------------+ | Ubuntu 24.04 | PASS | +-------------------------------+----------------+ | Ubuntu 20.04 | PASS | +-------------------------------+----------------+ | Windows Server 2022 | FAIL | +-------------------------------+----------------+ ==== Unit test summary for Windows Server 2022 (dpdk_unit_test): ==== Failed to get the unit test results. Displaying the unit test results is not supported for some environments, such as our aarch32 testing, where meson is not used to run the tests. Download the logs available on our CI site. ==== End log output ==== Fedora Linux 40 Kernel: 5.15 Compiler: gcc gcc (GCC) 14.2.1 20240912 (Red Hat 14.2.1-3) Fedora Linux 41 Kernel: 5.15 Compiler: gcc gcc (GCC) 14.3.1 20250523 (Red Hat 14.3.1-1) Red Hat Enterprise Linux 8.10 Kernel: 5.15 Compiler: gcc gcc (GCC) 8.5.0 20210514 (Red Hat 8.5.0-22) Red Hat Enterprise Linux 9.5 Kernel: 5.15 Compiler: gcc gcc (GCC) 11.5.0 20240719 (Red Hat 11.5.0-2) Debian GNU/Linux 12 Kernel: 5.15 Compiler: gcc gcc (Debian 12.2.0-14+deb12u1) 12.2.0 CentOS Stream 9 Kernel: 5.15 Compiler: gcc gcc (GCC) 11.5.0 20240719 (Red Hat 11.5.0-11) Fedora Linux 42 Kernel: 5.15 Compiler: gcc gcc (GCC) 15.2.1 20250808 (Red Hat 15.2.1-1) CentOS Stream 10 Kernel: 5.15 Compiler: gcc gcc (GCC) 14.2.1 20250110 (Red Hat 14.2.1-8) Ubuntu 22.04 Kernel: 5.15 Compiler: gcc gcc (Ubuntu 11.4.0-1ubuntu1~22.04) 11.4.0 Ubuntu 24.04 Kernel: 5.15 Compiler: gcc gcc (Ubuntu 13.3.0-6ubuntu2~24.04) 13.3.0 Ubuntu 20.04 Kernel: 5.15 Compiler: gcc gcc (Ubuntu 9.4.0-1ubuntu1~20.04.2) 9.4.0 Windows Server 2022 Kernel: 10.0.20348.2031 Compiler: clang 15.0.7, gcc 14.1.0 (MinGW), and MSVC VS 19.39.33521 To view detailed results, visit: https://lab.dpdk.org/results/dashboard/tarballs/35643/ UNH-IOL DPDK Community Lab To manage your email subscriptions, visit: https://lab.dpdk.org/results/dashboard/preferences/subscriptions/