From mboxrd@z Thu Jan 1 00:00:00 1970 Return-Path: Received: from mails.dpdk.org (mails.dpdk.org [217.70.189.124]) by inbox.dpdk.org (Postfix) with ESMTP id 1275248B39 for ; Tue, 18 Nov 2025 07:54:16 +0100 (CET) Received: from mails.dpdk.org (localhost [127.0.0.1]) by mails.dpdk.org (Postfix) with ESMTP id DDBDA40150; Tue, 18 Nov 2025 07:54:15 +0100 (CET) Received: from mail-pf1-f226.google.com (mail-pf1-f226.google.com [209.85.210.226]) by mails.dpdk.org (Postfix) with ESMTP id 7262140150 for ; Tue, 18 Nov 2025 07:54:14 +0100 (CET) Received: by mail-pf1-f226.google.com with SMTP id d2e1a72fcca58-7acd9a03ba9so4988794b3a.1 for ; Mon, 17 Nov 2025 22:54:14 -0800 (PST) DKIM-Signature: v=1; a=rsa-sha256; c=relaxed/relaxed; d=iol.unh.edu; s=unh-iol; t=1763448853; x=1764053653; darn=dpdk.org; h=cc:to:from:subject:message-id:date:from:to:cc:subject:date :message-id:reply-to; bh=cXp5wucjqQZykYqT+quTvuupm6wQ3yufv9wXyUS/Lgw=; b=Edv8E2gOe9PU4itPCIuUcNWUMjVB9L9a+oP/6EG9LnfDuMvqYplelrCqgjQwdZwkge KlWzjkQJsKlxBLhoPpSNjg+1RR6raunoe7XkYZO3lBDoxVPFpvVZ00ub7iWz024+04IE +dbUXnJFXpb5DQIVUXr8dX4pHq5M7sMFBB82M= X-Google-DKIM-Signature: v=1; a=rsa-sha256; c=relaxed/relaxed; d=1e100.net; s=20230601; t=1763448853; x=1764053653; h=cc:to:from:subject:message-id:date:x-gm-gg:x-gm-message-state:from :to:cc:subject:date:message-id:reply-to; bh=cXp5wucjqQZykYqT+quTvuupm6wQ3yufv9wXyUS/Lgw=; b=j3vH5Sc0IKLxKNOB5p/Q9/dy62yZZ0rz50uNtJL2RTk4Gai4luEbTOAA0NcZOtsoNI FYBMQ1tbQafhS7Xzvtf1744KHotPtpJhAO0zO+YSt0JZupp/5EO1c92wFM6faMggswFH uvzdi1mhE7ZVZS1bRSLRxacwh2kzZ9SXIaTVqPE4CyTFxDsNSprInrHptpy1vdkvFtkq dhQfxuUcq1UBtDF0oRrwz+yPwcT3wKXGLk9mrG8zw1UF/ouZeJlUDF50HHIImRzUZZHQ IqzDrQmKoXm+NMFrpq0W1C1skIRtClE49TWnYr4pzQ+so5x1kkTy1fIihsfawu5GUPzE LFzQ== X-Gm-Message-State: AOJu0YyjazaTcbMKcRKvz8/BWwNFKkw2yQJj11oG7QqDk5aLSpv8F6RN RyPf84/d8oJeCLE2h/Oa/hmsISNl4tHN0m361bw7O+JWvZ+sKMnYgdO6uAhFw27xpi+otZ2zoRO wiEnDtoqyVec5BirAAQPadf76Qst/sSseygRp X-Gm-Gg: ASbGncsgYMp5+rKvIOau6KmxntQ7UP/BefVYEbW1O/+iHjLf1OqlPqeDj6c1DKCRpgA ceY98J349AsewQO5mA73PeNu4RQfV0Y9PN6My3ZKCjibm3wH/aR+tXkq8Wayt1TRXgydMftnkkD adhvQpQzgRcFXc8oqPcE/BKGUB5kwu8SG67RoIlzEhqUvG3AY8tc9XBEWpIhPcNRU+WSMsG9iMf jd3J6BBThTy1EHYZevvo6rM/X9qSfpQJnFUVwGDdyNXdvW1L8ftcDCXaa0GSVXlJH0svYl53cld Ir4Gz34x9+yo9p99QbmlkmOcbf7eqD6Y4QUhbsDhSja/k3U8PtVg+ZTnJHOigPLQlrUQI7C1ygE qa5HPUU9W9r3FqG2D/tLEw1hl1b8dalHqCLS8elsuNQ== X-Google-Smtp-Source: AGHT+IFqKY17Dhoqlp8CygiYJM4qXwZYYsKkbpQfloSDsSA2ICu9Oc+l8oy1RrRVI4mxnJyoIAj6rfjJgo75 X-Received: by 2002:a05:6a20:3d0a:b0:343:af1:9a57 with SMTP id adf61e73a8af0-35ba27955b7mr21217269637.56.1763448853330; Mon, 17 Nov 2025 22:54:13 -0800 (PST) Received: from postal.iol.unh.edu (postal.iol.unh.edu. [132.177.123.84]) by smtp-relay.gmail.com with ESMTPS id 41be03b00d2f7-bc374cabda5sm909970a12.11.2025.11.17.22.54.13 (version=TLS1_2 cipher=ECDHE-ECDSA-AES128-GCM-SHA256 bits=128/128); Mon, 17 Nov 2025 22:54:13 -0800 (PST) X-Relaying-Domain: iol.unh.edu Date: Mon, 17 Nov 2025 22:54:13 -0800 (PST) Message-ID: <691c1815.050a0220.38f603.cf54SMTPIN_ADDED_MISSING@mx.google.com> Received: from [172.21.0.3] (unknown [172.18.0.240]) by postal.iol.unh.edu (Postfix) with ESMTP id 7EB8860003F4; Tue, 18 Nov 2025 01:54:12 -0500 (EST) Subject: |FAILURE| [GIT MASTER] 9784db2c5af1eecd02fc21132b59b5b266039b87 From: dpdklab@iol.unh.edu To: Test Report Cc: dpdk-test-reports@iol.unh.edu, Xueming Li , Christian Ehrhardt , Kevin Traynor , Luca Boccassi Content-Type: text/plain X-BeenThere: test-report@dpdk.org X-Mailman-Version: 2.1.29 Precedence: list List-Id: automatic DPDK test reports List-Unsubscribe: , List-Archive: List-Post: List-Help: List-Subscribe: , Errors-To: test-report-bounces@dpdk.org _Testing issues_ Branch: tags/v22.11 9784db2c5af1eecd02fc21132b59b5b266039b87 --> testing issues Upstream job id: Generic-Unit-Test-DPDK#394096 Test environment and result as below: +-------------------------------+----------------+ | Environment | dpdk_unit_test | +===============================+================+ | Windows Server 2022 | PASS | +-------------------------------+----------------+ | Debian GNU/Linux 12 | FAIL | +-------------------------------+----------------+ | Fedora Linux 41 | PEND | +-------------------------------+----------------+ | CentOS Stream 9 | PEND | +-------------------------------+----------------+ | CentOS Stream 10 | PEND | +-------------------------------+----------------+ | Fedora Linux 40 | PEND | +-------------------------------+----------------+ | Red Hat Enterprise Linux 8.10 | PEND | +-------------------------------+----------------+ | Fedora Linux 42 | PEND | +-------------------------------+----------------+ | Ubuntu 20.04 | PASS | +-------------------------------+----------------+ | Red Hat Enterprise Linux 9.5 | PEND | +-------------------------------+----------------+ | Ubuntu 22.04 | PEND | +-------------------------------+----------------+ | Ubuntu 24.04 | PEND | +-------------------------------+----------------+ ==== Unit test summary for Debian GNU/Linux 12 (dpdk_unit_test): ==== ninja: Entering directory `/root/workspace/Generic-Unit-Test-DPDK/dpdk/build' ninja: no work to do. 1/105 DPDK:fast-tests / acl_autotest OK 5.19 s 2/105 DPDK:fast-tests / atomic_autotest OK 0.73 s 3/105 DPDK:fast-tests / bitmap_autotest OK 0.31 s 4/105 DPDK:fast-tests / bitops_autotest OK 0.32 s 5/105 DPDK:fast-tests / byteorder_autotest OK 0.17 s 6/105 DPDK:fast-tests / cksum_autotest OK 0.39 s 7/105 DPDK:fast-tests / cmdline_autotest OK 0.32 s 8/105 DPDK:fast-tests / common_autotest OK 0.81 s 9/105 DPDK:fast-tests / cpuflags_autotest OK 0.28 s 10/105 DPDK:fast-tests / debug_autotest OK 1.62 s 11/105 DPDK:fast-tests / devargs_autotest OK 0.26 s 12/105 DPDK:fast-tests / eal_flags_c_opt_autotest OK 1.18 s 13/105 DPDK:fast-tests / eal_flags_main_opt_autotest OK 0.72 s 14/105 DPDK:fast-tests / eal_flags_n_opt_autotest OK 0.83 s 15/105 DPDK:fast-tests / eal_flags_hpet_autotest OK 0.40 s 16/105 DPDK:fast-tests / eal_flags_no_huge_autotest OK 0.71 s 17/105 DPDK:fast-tests / eal_flags_a_opt_autotest OK 0.60 s 18/105 DPDK:fast-tests / eal_flags_b_opt_autotest OK 0.42 s 19/105 DPDK:fast-tests / eal_flags_vdev_opt_autotest OK 0.80 s 20/105 DPDK:fast-tests / eal_flags_r_opt_autotest OK 0.41 s 21/105 DPDK:fast-tests / eal_flags_mem_autotest OK 1.08 s 22/105 DPDK:fast-tests / eal_flags_file_prefix_autotest OK 3.30 s 23/105 DPDK:fast-tests / eal_flags_misc_autotest OK 2.69 s 24/105 DPDK:fast-tests / eal_fs_autotest OK 0.34 s 25/105 DPDK:fast-tests / errno_autotest OK 0.26 s 26/105 DPDK:fast-tests / ethdev_link_status OK 0.33 s 27/105 DPDK:fast-tests / event_ring_autotest OK 0.17 s 28/105 DPDK:fast-tests / fib_autotest OK 1.35 s 29/105 DPDK:fast-tests / fib6_autotest OK 1.21 s 30/105 DPDK:fast-tests / func_reentrancy_autotest OK 1.10 s 31/105 DPDK:fast-tests / hash_autotest OK 0.43 s 32/105 DPDK:fast-tests / interrupt_autotest OK 1.82 s 33/105 DPDK:fast-tests / ipfrag_autotest OK 0.35 s 34/105 DPDK:fast-tests / lcores_autotest OK 3.45 s 35/105 DPDK:fast-tests / logs_autotest OK 0.33 s 36/105 DPDK:fast-tests / lpm_autotest OK 7.52 s 37/105 DPDK:fast-tests / lpm6_autotest OK 9.40 s 38/105 DPDK:fast-tests / malloc_autotest OK 1.22 s 39/105 DPDK:fast-tests / mbuf_autotest OK 0.33 s 40/105 DPDK:fast-tests / mcslock_autotest OK 0.94 s 41/105 DPDK:fast-tests / memcpy_autotest OK 3.45 s 42/105 DPDK:fast-tests / memory_autotest OK 0.31 s 43/105 DPDK:fast-tests / mempool_autotest OK 0.43 s 44/105 DPDK:fast-tests / memzone_autotest OK 0.34 s 45/105 DPDK:fast-tests / meter_autotest OK 0.32 s 46/105 DPDK:fast-tests / multiprocess_autotest OK 0.45 s 47/105 DPDK:fast-tests / node_list_dump OK 0.39 s 48/105 DPDK:fast-tests / per_lcore_autotest OK 0.45 s 49/105 DPDK:fast-tests / pflock_autotest OK 0.38 s 50/105 DPDK:fast-tests / prefetch_autotest OK 0.33 s 51/105 DPDK:fast-tests / rcu_qsbr_autotest OK 0.51 s 52/105 DPDK:fast-tests / pie_autotest OK 0.17 s 53/105 DPDK:fast-tests / rib_autotest OK 8.39 s 54/105 DPDK:fast-tests / rib6_autotest OK 8.22 s 55/105 DPDK:fast-tests / ring_autotest OK 0.28 s 56/105 DPDK:fast-tests / rwlock_test1_autotest OK 0.57 s 57/105 DPDK:fast-tests / rwlock_rda_autotest OK 5.17 s 58/105 DPDK:fast-tests / rwlock_rds_wrm_autotest OK 5.36 s 59/105 DPDK:fast-tests / rwlock_rde_wro_autotest OK 5.26 s 60/105 DPDK:fast-tests / sched_autotest OK 0.32 s 61/105 DPDK:fast-tests / security_autotest OK 0.17 s 62/105 DPDK:fast-tests / seqlock_autotest SKIP 0.33 s 63/105 DPDK:fast-tests / spinlock_autotest OK 0.32 s 64/105 DPDK:fast-tests / stack_autotest OK 0.17 s 65/105 DPDK:fast-tests / stack_lf_autotest OK 0.34 s 66/105 DPDK:fast-tests / string_autotest OK 0.30 s 67/105 DPDK:fast-tests / tailq_autotest OK 0.29 s 68/105 DPDK:fast-tests / ticketlock_autotest OK 0.32 s 69/105 DPDK:fast-tests / timer_autotest OK 2.92 s 70/105 DPDK:fast-tests / user_delay_us OK 0.37 s 71/105 DPDK:fast-tests / version_autotest OK 0.34 s 72/105 DPDK:fast-tests / crc_autotest OK 0.17 s 73/105 DPDK:fast-tests / distributor_autotest OK 1.86 s 74/105 DPDK:fast-tests / eventdev_common_autotest OK 0.20 s 75/105 DPDK:fast-tests / fbarray_autotest OK 0.35 s 76/105 DPDK:fast-tests / hash_readwrite_func_autotest SKIP 0.33 s 77/105 DPDK:fast-tests / ipsec_autotest SKIP 0.17 s 78/105 DPDK:fast-tests / kni_autotest SKIP 0.26 s 79/105 DPDK:fast-tests / kvargs_autotest OK 0.37 s 80/105 DPDK:fast-tests / member_autotest OK 1.67 s 81/105 DPDK:fast-tests / power_cpufreq_autotest SKIP 0.38 s 82/105 DPDK:fast-tests / power_autotest OK 0.23 s 83/105 DPDK:fast-tests / power_kvm_vm_autotest SKIP 0.37 s 84/105 DPDK:fast-tests / power_intel_uncore_autotest SKIP 0.36 s 85/105 DPDK:fast-tests / reorder_autotest OK 0.44 s 86/105 DPDK:fast-tests / service_autotest OK 2.04 s 87/105 DPDK:fast-tests / thash_autotest OK 0.32 s 88/105 DPDK:fast-tests / threads_autotest OK 0.78 s 89/105 DPDK:fast-tests / trace_autotest OK 0.34 s 90/105 DPDK:fast-tests / trace_autotest_with_traces OK 0.32 s 91/105 DPDK:fast-tests / graph_autotest OK 0.17 s 92/105 DPDK:fast-tests / metrics_autotest OK 0.23 s 93/105 DPDK:fast-tests / telemetry_json_autotest OK 0.35 s 94/105 DPDK:fast-tests / telemetry_data_autotest OK 0.33 s 95/105 DPDK:fast-tests / table_autotest FAIL 1.66 s (exit status 255 or signal 127 SIGinvalid) 96/105 DPDK:fast-tests / ring_pmd_autotest OK 0.24 s 97/105 DPDK:fast-tests / event_eth_tx_adapter_autotest OK 0.98 s 98/105 DPDK:fast-tests / bitratestats_autotest OK 0.21 s 99/105 DPDK:fast-tests / latencystats_autotest OK 0.42 s 100/105 DPDK:fast-tests / pdump_autotest OK 5.46 s 101/105 DPDK:fast-tests / vdev_autotest OK 0.33 s 102/105 DPDK:fast-tests / bpf_autotest OK 0.24 s 103/105 DPDK:fast-tests / bpf_convert_autotest OK 0.35 s 104/105 DPDK:fast-tests / compressdev_autotest SKIP 0.33 s 105/105 DPDK:fast-tests / telemetry_all SKIP 0.01 s Ok: 95 Expected Fail: 0 Fail: 1 Unexpected Pass: 0 Skipped: 9 Timeout: 0 Full log written to /root/workspace/Generic-Unit-Test-DPDK/dpdk/build/meson-logs/testlog.txt Test log output from the failed test table_autotest: Sorry, we were not able to find the logs for this test. Download the log output from the CI site for this test run. ==== End log output ==== Windows Server 2022 Kernel: 10.0.20348.2031 Compiler: clang 15.0.7, gcc 14.1.0 (MinGW), and MSVC VS 19.39.33521 Debian GNU/Linux 12 Kernel: 5.15 Compiler: gcc gcc (Debian 12.2.0-14+deb12u1) 12.2.0 Fedora Linux 41 Kernel: 5.15 Compiler: clang gcc (GCC) 14.3.1 20250523 (Red Hat 14.3.1-1) CentOS Stream 9 Kernel: 5.15 Compiler: gcc gcc (GCC) 11.5.0 20240719 (Red Hat 11.5.0-11) CentOS Stream 10 Kernel: 5.15 Compiler: gcc gcc (GCC) 14.2.1 20250110 (Red Hat 14.2.1-8) Fedora Linux 40 Kernel: 5.15 Compiler: gcc gcc (GCC) 14.2.1 20240912 (Red Hat 14.2.1-3) Red Hat Enterprise Linux 8.10 Kernel: 5.15 Compiler: gcc gcc (GCC) 8.5.0 20210514 (Red Hat 8.5.0-22) Fedora Linux 42 Kernel: 5.15 Compiler: gcc gcc (GCC) 15.2.1 20250808 (Red Hat 15.2.1-1) Ubuntu 20.04 Kernel: 5.15 Compiler: gcc gcc (Ubuntu 9.4.0-1ubuntu1~20.04.2) 9.4.0 Red Hat Enterprise Linux 9.5 Kernel: 5.15 Compiler: gcc gcc (GCC) 11.5.0 20240719 (Red Hat 11.5.0-2) Ubuntu 22.04 Kernel: 5.15 Compiler: gcc gcc (Ubuntu 11.4.0-1ubuntu1~22.04) 11.4.0 Ubuntu 24.04 Kernel: 5.15 Compiler: gcc gcc (Ubuntu 13.3.0-6ubuntu2~24.04) 13.3.0 To view detailed results, visit: https://lab.dpdk.org/results/dashboard/tarballs/35642/ UNH-IOL DPDK Community Lab To manage your email subscriptions, visit: https://lab.dpdk.org/results/dashboard/preferences/subscriptions/