From mboxrd@z Thu Jan 1 00:00:00 1970 Return-Path: Received: from mails.dpdk.org (mails.dpdk.org [217.70.189.124]) by inbox.dpdk.org (Postfix) with ESMTP id 412BB48B3C for ; Tue, 18 Nov 2025 08:06:51 +0100 (CET) Received: from mails.dpdk.org (localhost [127.0.0.1]) by mails.dpdk.org (Postfix) with ESMTP id 39EFA40150; Tue, 18 Nov 2025 08:06:51 +0100 (CET) Received: from mail-qv1-f100.google.com (mail-qv1-f100.google.com [209.85.219.100]) by mails.dpdk.org (Postfix) with ESMTP id 1972740150 for ; Tue, 18 Nov 2025 08:06:49 +0100 (CET) Received: by mail-qv1-f100.google.com with SMTP id 6a1803df08f44-8824888ce97so75942546d6.2 for ; Mon, 17 Nov 2025 23:06:49 -0800 (PST) DKIM-Signature: v=1; a=rsa-sha256; c=relaxed/relaxed; d=iol.unh.edu; s=unh-iol; t=1763449608; x=1764054408; darn=dpdk.org; h=cc:to:from:subject:message-id:date:from:to:cc:subject:date :message-id:reply-to; bh=9lbXvFwROWkLlz79j4/KmD6IxX8jsc0WMcPOdRsOva4=; b=BenwKIIdl0Ea64oqqirGnKxqrKmmQdYHBUlZRZmFyk3nw4sczmG43ll6UgeIAG1gP8 Co/Lx7L4ZhYXW1I6cldT4xtJcBqEYlvF0cde1ceRXZFIMWZydIZWYV3MhSLCIJ6mw3my zwTBnuwT5Y8iuABFm329wuuCc0/ehjzKoYD28= X-Google-DKIM-Signature: v=1; a=rsa-sha256; c=relaxed/relaxed; d=1e100.net; s=20230601; t=1763449608; x=1764054408; h=cc:to:from:subject:message-id:date:x-gm-gg:x-gm-message-state:from :to:cc:subject:date:message-id:reply-to; bh=9lbXvFwROWkLlz79j4/KmD6IxX8jsc0WMcPOdRsOva4=; b=HnK1YHD6qx4eo9P+Ms01L3bQVfezimPWwYgxqluFo9N1FhCwcBOCap/1+loRhFVnGl 8vgGduR5yeoD2d9jxbocrJR6Rsn2xyTTWpggs7g/1umYrqdL5e2fmLrURMnpGyzg4J1i mWqS7Sy3oc6tFQcsIcvYGm8DL03g53edvxYxLsCp5m4PBmgQFQ0Np0ltt+OmT9Pg1jBk xN3gwib4BPIneU2v3u0wlvGuCTLSFu31RPr+SaaqtG+YY95B1YkOBV+PKZffDSb7rfRf HXx5lDU+PznmI3Dtguck1k500d70OtafEPtSHtkaYSQzLZWs/vFXp14deMf1UTqfIY1a DTqA== X-Gm-Message-State: AOJu0YwKs4BnIbqNA0Yeg5360+d7S1Us7GSiaT2TyEM9e2u9gN5aJxkS OwiJf4Zw38E0E6hbDOwgEzfXjcCXtY7hYEJRPQIa/svHxw5jkUb1rr1RQFjCou1NWNNJvIeX5mv xz+K7nxwSAODRgMgP4x/UTUfsIes5P4ujwp4weVJ1/oSryw3Ou90G X-Gm-Gg: ASbGncv9DeZpj70R8LHFLUZLsN92W5buVZU59hOXQ85mYGdn8lZILZ2jXvx0zh7yym4 Rz1xJ20p7t0TcMMB4lfUENGofphnBwSCkkxmu88rMbmNUY3Xv/RflmZcz2ROsR1N/HR3MuvhETG w8dNvhA8+tMP3ycTxkbC1yAVkepvCaekVTxl5Zh/HCbYweUG9u3UYZadq2PyoTu9pUhgJwcgOAB MTFLMe+LikeFFIYE2I38ftbF7J25gaLni16dC2WqX0E2Wh6eqV0dvAlsw3PhJCLfqAa+7diRmif MjMrKXz8o/3A3nhsSfJbF3ofMNRv1UR8Z4KsYMuzlBhVZnmKhk02KI+Qd1j9Qbk3QFNdToz87J2 QLuyZ1hjnJOAAs8JWJS8= X-Google-Smtp-Source: AGHT+IF0l//mnGFCfrSVMNvt7wGCrW8pJTySi8rEzAofXBX1Hcc6iz8eZ6XQr4iPZyD8t243Mos+PSIGS8L0 X-Received: by 2002:a0c:f117:0:b0:882:ff95:5252 with SMTP id 6a1803df08f44-882ff955988mr149285846d6.8.1763449608531; Mon, 17 Nov 2025 23:06:48 -0800 (PST) Received: from postal.iol.unh.edu (postal.iol.unh.edu. [2606:4100:3880:1234::84]) by smtp-relay.gmail.com with ESMTPS id 6a1803df08f44-882862b39f1sm17435526d6.6.2025.11.17.23.06.48 (version=TLS1_2 cipher=ECDHE-ECDSA-AES128-GCM-SHA256 bits=128/128); Mon, 17 Nov 2025 23:06:48 -0800 (PST) X-Relaying-Domain: iol.unh.edu Date: Mon, 17 Nov 2025 23:06:48 -0800 (PST) Message-ID: <691c1b08.d40a0220.4efac.60a3SMTPIN_ADDED_MISSING@mx.google.com> Received: from [172.21.0.3] (unknown [172.18.0.240]) by postal.iol.unh.edu (Postfix) with ESMTP id 45E936051830; Tue, 18 Nov 2025 02:06:48 -0500 (EST) Subject: |FAILURE| [GIT MASTER] 62f583c49bf67dd4d6733ece14e55fe6839e66d1 From: dpdklab@iol.unh.edu To: Test Report Cc: dpdk-test-reports@iol.unh.edu, Xueming Li , Christian Ehrhardt , Kevin Traynor , Luca Boccassi Content-Type: text/plain X-BeenThere: test-report@dpdk.org X-Mailman-Version: 2.1.29 Precedence: list List-Id: automatic DPDK test reports List-Unsubscribe: , List-Archive: List-Post: List-Help: List-Subscribe: , Errors-To: test-report-bounces@dpdk.org _Testing issues_ Branch: tags/v23.11 62f583c49bf67dd4d6733ece14e55fe6839e66d1 --> testing issues Upstream job id: Generic-DPDK-Compile-Meson#445751 Test environment and result as below: +-------------------------------+--------------------+-------------------+------------------+-------------------------+----------------------+ | Environment | dpdk_meson_compile | dpdk_msvc_compile | dpdk_compile_ovs | dpdk_llvm_clang_compile | dpdk_mingw64_compile | +===============================+====================+===================+==================+=========================+======================+ | FreeBSD 14.2 | PASS | SKIPPED | SKIPPED | SKIPPED | SKIPPED | +-------------------------------+--------------------+-------------------+------------------+-------------------------+----------------------+ | Ubuntu 20.04 | PASS | SKIPPED | SKIPPED | SKIPPED | SKIPPED | +-------------------------------+--------------------+-------------------+------------------+-------------------------+----------------------+ | CentOS Stream 9 | PASS | SKIPPED | SKIPPED | SKIPPED | SKIPPED | +-------------------------------+--------------------+-------------------+------------------+-------------------------+----------------------+ | CentOS Stream 10 | PASS | SKIPPED | SKIPPED | SKIPPED | SKIPPED | +-------------------------------+--------------------+-------------------+------------------+-------------------------+----------------------+ | Debian GNU/Linux 12 | PASS | SKIPPED | SKIPPED | SKIPPED | SKIPPED | +-------------------------------+--------------------+-------------------+------------------+-------------------------+----------------------+ | Fedora Linux 42 | FAIL | SKIPPED | WARN | SKIPPED | SKIPPED | +-------------------------------+--------------------+-------------------+------------------+-------------------------+----------------------+ | openSUSE Leap 15.6 | PASS | SKIPPED | SKIPPED | SKIPPED | SKIPPED | +-------------------------------+--------------------+-------------------+------------------+-------------------------+----------------------+ | Ubuntu 22.04 | PASS | SKIPPED | SKIPPED | SKIPPED | SKIPPED | +-------------------------------+--------------------+-------------------+------------------+-------------------------+----------------------+ | Red Hat Enterprise Linux 8.10 | PASS | SKIPPED | SKIPPED | SKIPPED | SKIPPED | +-------------------------------+--------------------+-------------------+------------------+-------------------------+----------------------+ | Red Hat Enterprise Linux 9.5 | PASS | SKIPPED | SKIPPED | SKIPPED | SKIPPED | +-------------------------------+--------------------+-------------------+------------------+-------------------------+----------------------+ | Ubuntu 24.04 | PASS | SKIPPED | PASS | SKIPPED | SKIPPED | +-------------------------------+--------------------+-------------------+------------------+-------------------------+----------------------+ | Alpine Linux 3.22.0 | PASS | SKIPPED | SKIPPED | SKIPPED | SKIPPED | +-------------------------------+--------------------+-------------------+------------------+-------------------------+----------------------+ | Windows Server 2022 | SKIPPED | PASS | SKIPPED | FAIL | PASS | +-------------------------------+--------------------+-------------------+------------------+-------------------------+----------------------+ ==== 20 line log output for Windows Server 2022 (dpdk_llvm_clang_compile): ==== Compiler for C supports arguments -mavx512f: YES (cached) Compiler for C supports arguments -mavx512bw: YES (cached) Compiler for C supports arguments -mavx512dq: YES (cached) Compiler for C supports arguments -march=skylake-avx512: YES Message: drivers/common/idpf: Defining dependency "common_idpf" Message: drivers/bus/auxiliary: Defining dependency "bus_auxiliary" Compiler for C supports arguments -Wno-cast-qual: YES (cached) Compiler for C supports arguments -Wno-pointer-arith: YES (cached) Message: drivers/bus/pci: Defining dependency "bus_pci" Message: drivers/bus/vdev: Defining dependency "bus_vdev" Compiler for C supports arguments -std=c11: YES Compiler for C supports arguments -Wno-strict-prototypes: YES Compiler for C supports arguments -D_BSD_SOURCE: YES Compiler for C supports arguments -D_DEFAULT_SOURCE: YES Compiler for C supports arguments -D_XOPEN_SOURCE=600: YES Has header "mlx5devx.h" : YES drivers\common\mlx5\windows\meson.build:10:13: ERROR: C shared or static library 'mlx5devx' not found A full log can be found at C:\Users\builder\jenkins\workspace\Windows-Compile-DPDK-Native\dpdk\build\meson-logs\meson-log.txt ==== End log output ==== FreeBSD 14.2 Kernel: 14.2-RELEASE Compiler: clang 18.1.6 Ubuntu 20.04 Kernel: 4.19 Compiler: gcc gcc (Ubuntu 9.4.0-1ubuntu1~20.04.2) 9.4.0 CentOS Stream 9 Kernel: 5.15 Compiler: gcc gcc (GCC) 11.5.0 20240719 (Red Hat 11.5.0-11) CentOS Stream 10 Kernel: 5.15 Compiler: gcc gcc (GCC) 14.2.1 20250110 (Red Hat 14.2.1-8) Debian GNU/Linux 12 Kernel: 5.15 Compiler: gcc gcc (Debian 12.2.0-14+deb12u1) 12.2.0 Fedora Linux 42 Kernel: 5.15 Compiler: clang gcc (GCC) 15.2.1 20250808 (Red Hat 15.2.1-1) openSUSE Leap 15.6 Kernel: 5.15 Compiler: gcc gcc (SUSE Linux) 7.5.0 Ubuntu 22.04 Kernel: 5.15 Compiler: gcc gcc (Ubuntu 11.4.0-1ubuntu1~22.04) 11.4.0 Red Hat Enterprise Linux 8.10 Kernel: 5.15 Compiler: gcc gcc (GCC) 8.5.0 20210514 (Red Hat 8.5.0-22) Red Hat Enterprise Linux 9.5 Kernel: 5.15 Compiler: gcc gcc (GCC) 11.5.0 20240719 (Red Hat 11.5.0-2) Ubuntu 24.04 Kernel: 5.15 Compiler: gcc gcc (Ubuntu 13.3.0-6ubuntu2~24.04) 13.3.0 Alpine Linux 3.22.0 Kernel: 5.15 Compiler: gcc gcc (Alpine 14.2.0) 14.2.0 Windows Server 2022 Kernel: 10.0.20348.2031 Compiler: clang 15.0.7, gcc 14.1.0 (MinGW), and MSVC VS 19.39.33521 To view detailed results, visit: https://lab.dpdk.org/results/dashboard/tarballs/35643/ UNH-IOL DPDK Community Lab To manage your email subscriptions, visit: https://lab.dpdk.org/results/dashboard/preferences/subscriptions/