From mboxrd@z Thu Jan 1 00:00:00 1970 Return-Path: Received: from mails.dpdk.org (mails.dpdk.org [217.70.189.124]) by inbox.dpdk.org (Postfix) with ESMTP id 2910548B3C for ; Tue, 18 Nov 2025 09:00:27 +0100 (CET) Received: from mails.dpdk.org (localhost [127.0.0.1]) by mails.dpdk.org (Postfix) with ESMTP id 0A38340150; Tue, 18 Nov 2025 09:00:27 +0100 (CET) Received: from mail-ot1-f100.google.com (mail-ot1-f100.google.com [209.85.210.100]) by mails.dpdk.org (Postfix) with ESMTP id 7C60740150 for ; Tue, 18 Nov 2025 09:00:25 +0100 (CET) Received: by mail-ot1-f100.google.com with SMTP id 46e09a7af769-7c76f65feb5so905308a34.0 for ; Tue, 18 Nov 2025 00:00:25 -0800 (PST) DKIM-Signature: v=1; a=rsa-sha256; c=relaxed/relaxed; d=iol.unh.edu; s=unh-iol; t=1763452824; x=1764057624; darn=dpdk.org; h=cc:to:from:subject:message-id:date:from:to:cc:subject:date :message-id:reply-to; bh=JF3jZtiknmzANw9EZ5LOX+93asGiwAuKcwOHwT9sgeA=; b=JVbjsm1KeeEgcACEjuCI5VtIiBDPdS2JavS79ijjY412YIeFDSfBhX81p6Kv2TdYp+ 6HTXXsFfbKNLH3bzeK/K1NeRLRFeLUabXZ9yBw9YFpgYeek2c5mX4ugS0vaVLBxlxSEK L/cO8so0dpxgIkERIj30N9PvEh0KydRcEO8wk= X-Google-DKIM-Signature: v=1; a=rsa-sha256; c=relaxed/relaxed; d=1e100.net; s=20230601; t=1763452824; x=1764057624; h=cc:to:from:subject:message-id:date:x-gm-gg:x-gm-message-state:from :to:cc:subject:date:message-id:reply-to; bh=JF3jZtiknmzANw9EZ5LOX+93asGiwAuKcwOHwT9sgeA=; b=hQOFl4UpEHAGVhseoKU9e4PAaQ/sFMaDVBpXUMuap7cAqhvXhY86I9I2ZDlL4/e/Xz yEZOZu+eF9D+c+smnafRvJR5rlp1cW+zLjPwNmq4IThzFt+DiWeSVB0KTlPEOkgn0VHy htKVdP7AFNrFgJy2JFhcZSpuA7YnRJIhMH6G0em0CZIh6/nNbYkOqeByW+dfTjigy6Mf 356vYLk6i9mDHs7m2Xr+qdHSNz3xoGAma9cLDcWGJC2qh3XoA8IfkOen8aqVUyWAZ9C0 tb4kB4ISoSrPnTBS/qAFgqZmyJc5GIxNAerH1Y9q/S2SuEwVa3ofin49ooITmqF4gVLY IY9g== X-Gm-Message-State: AOJu0YwDgukjXbT9tssX6ETpUCYGUc9o0dprqK4NQ9RTpscDIln6yuDq UoczxOh9t/oIesVoG+voBom4vknnLTTxWX82EqAWGgbjjvlUeTaxpJO1QYecYw3SkIqqi4Q3UFR QxDaP/1hd+2XqulfLu8e9fAmelkfoiefdBmZ8xEXA3VAYrJpVUfIh X-Gm-Gg: ASbGncurDWK4vVjc4zhM6OZkP4vT5JC9COq3o1l6EA22qRhLGHdpvjmTe7wyODWgdS4 ncv2MxoY7hmyqQSH3PMkl94S0RkRanUjjfEvLqB7QTH/TmPHQ+FalfWYUru2Bssr4P4AiHt/kwQ Uh/6OMHBKt8gnWbqpZbWLRrPdtbrEQ5pNMK/E52CmV965xHZRjrd2aiaz334EMze5PN+8eKKXxk MUYbVxnD797VKR9L53bz9ZnxsAuU9sZyraXTF+JdgFNEraGJ1RzIXFpko7GzC6YhR+GFhrzBW9H ov5KqBGhEio4XFmaXiFyVLwcgEMQcgF9bRPu62JPZO9i7A3F0HTNuj1GzPICxiUR4YFaNCwFMGJ t+feO5QahYUIoTEs4LLo= X-Google-Smtp-Source: AGHT+IHOdE3GZ4YuVgT6w2sV9+7E89T0ySdjR4weZo4DH1cHsSfgXc7VjE1fe00zIJYy7NSQGppkLWGhrtG+ X-Received: by 2002:a05:6830:3c1:b0:7c7:7adb:e0c5 with SMTP id 46e09a7af769-7c77adbe16dmr117397a34.25.1763452824637; Tue, 18 Nov 2025 00:00:24 -0800 (PST) Received: from postal.iol.unh.edu (postal.iol.unh.edu. [2606:4100:3880:1234::84]) by smtp-relay.gmail.com with ESMTPS id 46e09a7af769-7c761f172a2sm593407a34.1.2025.11.18.00.00.24 (version=TLS1_2 cipher=ECDHE-ECDSA-AES128-GCM-SHA256 bits=128/128); Tue, 18 Nov 2025 00:00:24 -0800 (PST) X-Relaying-Domain: iol.unh.edu Date: Tue, 18 Nov 2025 00:00:24 -0800 (PST) Message-ID: <691c2798.050a0220.16bdb5.e88eSMTPIN_ADDED_MISSING@mx.google.com> Received: from [172.21.0.4] (unknown [172.18.0.240]) by postal.iol.unh.edu (Postfix) with ESMTP id 291966051830; Tue, 18 Nov 2025 03:00:24 -0500 (EST) Subject: |FAILURE| [GIT MASTER] 62f583c49bf67dd4d6733ece14e55fe6839e66d1 From: dpdklab@iol.unh.edu To: Test Report Cc: dpdk-test-reports@iol.unh.edu, Xueming Li , Christian Ehrhardt , Kevin Traynor , Luca Boccassi Content-Type: text/plain X-BeenThere: test-report@dpdk.org X-Mailman-Version: 2.1.29 Precedence: list List-Id: automatic DPDK test reports List-Unsubscribe: , List-Archive: List-Post: List-Help: List-Subscribe: , Errors-To: test-report-bounces@dpdk.org _Testing issues_ Branch: tags/v23.11 62f583c49bf67dd4d6733ece14e55fe6839e66d1 --> testing issues Upstream job id: Generic-DPDK-Compile-Meson#445733 Test environment and result as below: +------------------------------+--------------------+ | Environment | dpdk_meson_compile | +==============================+====================+ | Ubuntu 20.04 | PASS | +------------------------------+--------------------+ | Red Hat Enterprise Linux 9.5 | PASS | +------------------------------+--------------------+ | Debian GNU/Linux 12 | PASS | +------------------------------+--------------------+ | CentOS Stream 9 | PASS | +------------------------------+--------------------+ | CentOS Stream 10 | PASS | +------------------------------+--------------------+ | Fedora Linux 42 | PASS | +------------------------------+--------------------+ | Ubuntu 24.04 | PASS | +------------------------------+--------------------+ | Ubuntu 22.04 | PASS | +------------------------------+--------------------+ Ubuntu 20.04 Kernel: 5.15 Compiler: aarch64-linux-gnu-gcc gcc (Ubuntu 9.4.0-1ubuntu1~20.04.2) 9.4.0 Red Hat Enterprise Linux 9.5 Kernel: 5.4 Compiler: gcc gcc (GCC) 11.5.0 20240719 (Red Hat 11.5.0-2) Debian GNU/Linux 12 Kernel: 5.4 Compiler: gcc gcc (Debian 12.2.0-14+deb12u1) 12.2.0 CentOS Stream 9 Kernel: 5.4 Compiler: gcc gcc (GCC) 11.5.0 20240719 (Red Hat 11.5.0-11) CentOS Stream 10 Kernel: 5.4 Compiler: gcc gcc (GCC) 14.2.1 20250110 (Red Hat 14.2.1-8) Fedora Linux 42 Kernel: 5.4 Compiler: gcc gcc (GCC) 15.2.1 20250808 (Red Hat 15.2.1-1) Ubuntu 24.04 Kernel: 5.4 Compiler: gcc gcc (Ubuntu 13.3.0-6ubuntu2~24.04) 13.3.0 Ubuntu 22.04 Kernel: 5.4 Compiler: gcc gcc (Ubuntu 11.4.0-1ubuntu1~22.04) 11.4.0 To view detailed results, visit: https://lab.dpdk.org/results/dashboard/tarballs/35643/ UNH-IOL DPDK Community Lab To manage your email subscriptions, visit: https://lab.dpdk.org/results/dashboard/preferences/subscriptions/