From mboxrd@z Thu Jan 1 00:00:00 1970 Return-Path: Received: from mails.dpdk.org (mails.dpdk.org [217.70.189.124]) by inbox.dpdk.org (Postfix) with ESMTP id C98B948B43 for ; Tue, 18 Nov 2025 21:21:40 +0100 (CET) Received: from mails.dpdk.org (localhost [127.0.0.1]) by mails.dpdk.org (Postfix) with ESMTP id AA8884027A; Tue, 18 Nov 2025 21:21:40 +0100 (CET) Received: from mail-yx1-f99.google.com (mail-yx1-f99.google.com [74.125.224.99]) by mails.dpdk.org (Postfix) with ESMTP id 460B14027A for ; Tue, 18 Nov 2025 21:21:40 +0100 (CET) Received: by mail-yx1-f99.google.com with SMTP id 956f58d0204a3-64107188baeso5439838d50.3 for ; Tue, 18 Nov 2025 12:21:40 -0800 (PST) DKIM-Signature: v=1; a=rsa-sha256; c=relaxed/relaxed; d=iol.unh.edu; s=unh-iol; t=1763497299; x=1764102099; darn=dpdk.org; h=references:in-reply-to:cc:to:from:subject:message-id:date:from:to :cc:subject:date:message-id:reply-to; bh=hqfBcp2rGKiJZ7Xt00L1pUzXd+JDjMIkGfPxWbawajA=; b=N/1tZd5kQFuy12WWDxqMJz4pRyBCF1BMWkNbAOYNGgNA2eFYX8tFYaNnpuMOUvxts3 PNQDncOkATQ+yapqle0WlK17YBjZdkda22od0yU/nHzi+uq0LVsFtdnB0OjM0XrKxnGQ 0npTN5iBnbUFUuxL7YulTTLpHM0v3ct3e+zvo= X-Google-DKIM-Signature: v=1; a=rsa-sha256; c=relaxed/relaxed; d=1e100.net; s=20230601; t=1763497299; x=1764102099; h=references:in-reply-to:cc:to:from:subject:message-id:date:x-gm-gg :x-gm-message-state:from:to:cc:subject:date:message-id:reply-to; bh=hqfBcp2rGKiJZ7Xt00L1pUzXd+JDjMIkGfPxWbawajA=; b=YJGb7lrOoArffvbI3RFWIEEgvjYylNTupJFESvOJbrHc0rZjVyv67WZuHpP/mkkwEk +sQLqM+/OFae8Mn33c6ebcvV/LTYr7n9h/HJoU8Oj0cldd3tQLCsd0iCuuAIe/00PW1v gpxmUyNjLterzoWJ6UJmqeDLGqHu+auZlL5ojLe5nY+Lgpn9sY1ApNv5+HViax1aj44S ZKBbNyXW8yfaUNfwaApxdmE5oF7VO6l7kYM3AyRUtAevVkgyS/svUfn8eGoFGhyHyv74 wDloRCx6v9hGVL7iFTksKqfTQe6+9JCKnUr41pN9aUhKDGipknKsg8VokU+i9EwICv/h emGA== X-Gm-Message-State: AOJu0YxynJQBlsH9q0dd8E+a8k64Qqsbcid6qF+WiOqK9y5gmL+i59lN nkiWhxh599+98DRduyzAoFcZuAT0vq7TuI3AcnslwBIDABZrqXkHUtIT88Db+afwpLKNoNI10ZC YAllLzhC4BQ2BrwCL6Im1IEWlvFjI87nu1+7tLJKsfmDy+w6Ux/FwZ4v2T6DV X-Gm-Gg: ASbGnctpCBNRCRYkdRovjGTlLb0iUgXrGcXZSrwFAhKkJzb+5bWfEsfjCiDBAbtav6v NujHeWHUmMupTbL4s0+XYedepQZDbdBPw53LnTo7W92/Ie4BzFgVQjERlF1ZyKtDDjpvhUKSqtA hpy2P59GhEsR8ryHCIiSjVXaQCFJLkw8yvD9bt0GdwXjXMrYu5wyASG+jqg227iyouopn0XdJjR MkXBXQdBo2QpYGhWUTJyet7olS3vunTwjUaBbXEUiAhWRmxVMcMH+Dp+UH5/lu0wSc+cbH+WKkp gAUkVauLXVq4zgGOBoMR1vMacYU68RIn/8Fl3jZNCvrlwg7btjSR0i35qT6VDiHYSyvc8pQYnCj 0uehr3kFmf+u87+6ERIw= X-Google-Smtp-Source: AGHT+IFamj5ZEawkWWWWNAAFg6lUaalIMno39f/gw8CqKkgyHOpw9l9O1ZRuwUZImPNe3wPK+PMsftMZirYi X-Received: by 2002:a05:690e:1586:10b0:640:d092:6489 with SMTP id 956f58d0204a3-641e7646c85mr11668760d50.45.1763497299410; Tue, 18 Nov 2025 12:21:39 -0800 (PST) Received: from postal.iol.unh.edu (postal.iol.unh.edu. [2606:4100:3880:1234::84]) by smtp-relay.gmail.com with ESMTPS id 956f58d0204a3-6410ea05fd0sm831116d50.5.2025.11.18.12.21.39 (version=TLS1_2 cipher=ECDHE-ECDSA-AES128-GCM-SHA256 bits=128/128); Tue, 18 Nov 2025 12:21:39 -0800 (PST) X-Relaying-Domain: iol.unh.edu Date: Tue, 18 Nov 2025 12:21:39 -0800 (PST) Message-ID: <691cd553.050a0220.378962.94ddSMTPIN_ADDED_MISSING@mx.google.com> Received: from [172.21.0.3] (unknown [172.18.0.240]) by postal.iol.unh.edu (Postfix) with ESMTP id 09E966050A61; Tue, 18 Nov 2025 15:21:39 -0500 (EST) Subject: |FAILURE| pw158869-158888 [PATCH] [v3,20/20] vfio: introduce cdev mo From: dpdklab@iol.unh.edu To: Test Report Cc: dpdk-test-reports@iol.unh.edu, Anatoly Burakov In-Reply-To: <7e49d0a3938ca536b188241cf6950a6bf901f1f0.1763483254.git.anatoly.burakov@intel.com> References: <7e49d0a3938ca536b188241cf6950a6bf901f1f0.1763483254.git.anatoly.burakov@intel.com> Content-Type: text/plain X-BeenThere: test-report@dpdk.org X-Mailman-Version: 2.1.29 Precedence: list List-Id: automatic DPDK test reports List-Unsubscribe: , List-Archive: List-Post: List-Help: List-Subscribe: , Errors-To: test-report-bounces@dpdk.org Test-Label: iol-unit-arm64-testing Test-Status: FAILURE http://dpdk.org/patch/158888 _Testing issues_ Submitter: Anatoly Burakov Date: Tuesday, November 18 2025 16:29:21 DPDK git baseline: Repo:dpdk Branch: master CommitID:a0b148048b3d9960788093b3b94c70af8f04136b 158869-158888 --> testing issues Upstream job id: Generic-Unit-Test-DPDK#394210 Test environment and result as below: +------------------------------+--------------+------------------------------+---------------------------+----------------+ | Environment | lpm_autotest | cryptodev_sw_snow3g_autotest | cryptodev_sw_zuc_autotest | dpdk_unit_test | +==============================+==============+==============================+===========================+================+ | Ubuntu 20.04 | WARN | SKIPPED | SKIPPED | PEND | +------------------------------+--------------+------------------------------+---------------------------+----------------+ | Debian 12 (arm) | SKIPPED | WARN | WARN | SKIPPED | +------------------------------+--------------+------------------------------+---------------------------+----------------+ | Fedora Linux 40 | SKIPPED | SKIPPED | SKIPPED | PEND | +------------------------------+--------------+------------------------------+---------------------------+----------------+ | Debian GNU/Linux 12 | SKIPPED | SKIPPED | SKIPPED | PEND | +------------------------------+--------------+------------------------------+---------------------------+----------------+ | Fedora Linux 42 | SKIPPED | SKIPPED | SKIPPED | PEND | +------------------------------+--------------+------------------------------+---------------------------+----------------+ | CentOS Stream 10 | SKIPPED | SKIPPED | SKIPPED | PEND | +------------------------------+--------------+------------------------------+---------------------------+----------------+ | Ubuntu 22.04 | SKIPPED | SKIPPED | SKIPPED | PASS | +------------------------------+--------------+------------------------------+---------------------------+----------------+ | Ubuntu 24.04 | SKIPPED | SKIPPED | SKIPPED | PEND | +------------------------------+--------------+------------------------------+---------------------------+----------------+ | CentOS Stream 9 | SKIPPED | SKIPPED | SKIPPED | PEND | +------------------------------+--------------+------------------------------+---------------------------+----------------+ | Fedora Linux 41 | SKIPPED | SKIPPED | SKIPPED | PEND | +------------------------------+--------------+------------------------------+---------------------------+----------------+ | Red Hat Enterprise Linux 9.5 | SKIPPED | SKIPPED | SKIPPED | PEND | +------------------------------+--------------+------------------------------+---------------------------+----------------+ ==== 20 line log output for Debian 12 (arm) (cryptodev_sw_zuc_autotest): ==== ../lib/eal/linux/eal_vfio_group.c:331:17: note: include '' or provide a declaration of 'free' ../lib/eal/linux/eal_vfio_group.c: In function 'vfio_group_request_fd': ../lib/eal/linux/eal_vfio_group.c:617:9: error: incompatible implicit declaration of built-in function 'free' [-Werror=builtin-declaration-mismatch] 617 | free(mp_reply.msgs); | ^~~~ ../lib/eal/linux/eal_vfio_group.c:617:9: note: include '' or provide a declaration of 'free' ../lib/eal/linux/eal_vfio_group.c: In function 'vfio_group_sync_iommu_ops': ../lib/eal/linux/eal_vfio_group.c:667:9: error: incompatible implicit declaration of built-in function 'free' [-Werror=builtin-declaration-mismatch] 667 | free(mp_reply.msgs); | ^~~~ ../lib/eal/linux/eal_vfio_group.c:667:9: note: include '' or provide a declaration of 'free' ../lib/eal/linux/eal_vfio_group.c: In function 'vfio_group_get_num': ../lib/eal/linux/eal_vfio_group.c:975:21: error: implicit declaration of function 'strtol'; did you mean 'strtok'? [-Werror=implicit-function-declaration] 975 | group_num = strtol(group_tok, &end, 10); | ^~~~~~ | strtok ../lib/eal/linux/eal_vfio_group.c:975:21: error: nested extern declaration of 'strtol' [-Werror=nested-externs] cc1: all warnings being treated as errors [101/3831] Compiling C object lib/librte_eal.a.p/eal_linux_eal_vfio.c.o ninja: build stopped: subcommand failed. ==== End log output ==== Ubuntu 20.04 Kernel: 5.4 Compiler: gcc gcc (Ubuntu 9.4.0-1ubuntu1~20.04.2) 9.4.0 Debian 12 (arm) Kernel: Depends on container host Compiler: gcc (Debian 12.2.0-14) 12.2.0 Fedora Linux 40 Kernel: 5.4 Compiler: clang gcc (GCC) 14.2.1 20240912 (Red Hat 14.2.1-3) Debian GNU/Linux 12 Kernel: 5.4 Compiler: gcc gcc (Debian 12.2.0-14+deb12u1) 12.2.0 Fedora Linux 42 Kernel: 5.4 Compiler: gcc gcc (GCC) 15.2.1 20250808 (Red Hat 15.2.1-1) CentOS Stream 10 Kernel: 5.4 Compiler: gcc gcc (GCC) 14.2.1 20250110 (Red Hat 14.2.1-8) Ubuntu 22.04 Kernel: 5.4 Compiler: gcc gcc (Ubuntu 11.4.0-1ubuntu1~22.04) 11.4.0 Ubuntu 24.04 Kernel: 5.4 Compiler: gcc gcc (Ubuntu 13.3.0-6ubuntu2~24.04) 13.3.0 CentOS Stream 9 Kernel: 5.4 Compiler: gcc gcc (GCC) 11.5.0 20240719 (Red Hat 11.5.0-11) Fedora Linux 41 Kernel: 5.4 Compiler: gcc gcc (GCC) 14.3.1 20250523 (Red Hat 14.3.1-1) Red Hat Enterprise Linux 9.5 Kernel: 5.4 Compiler: gcc gcc (GCC) 11.5.0 20240719 (Red Hat 11.5.0-2) To view detailed results, visit: https://lab.dpdk.org/results/dashboard/patchsets/34632/ UNH-IOL DPDK Community Lab To manage your email subscriptions, visit: https://lab.dpdk.org/results/dashboard/preferences/subscriptions/