From mboxrd@z Thu Jan 1 00:00:00 1970 Return-Path: Received: from mails.dpdk.org (mails.dpdk.org [217.70.189.124]) by inbox.dpdk.org (Postfix) with ESMTP id D4FB248B43 for ; Tue, 18 Nov 2025 21:23:07 +0100 (CET) Received: from mails.dpdk.org (localhost [127.0.0.1]) by mails.dpdk.org (Postfix) with ESMTP id CF49C4027A; Tue, 18 Nov 2025 21:23:07 +0100 (CET) Received: from mail-pl1-f228.google.com (mail-pl1-f228.google.com [209.85.214.228]) by mails.dpdk.org (Postfix) with ESMTP id 2CBA54027A for ; Tue, 18 Nov 2025 21:23:07 +0100 (CET) Received: by mail-pl1-f228.google.com with SMTP id d9443c01a7336-297ec50477aso1368065ad.1 for ; Tue, 18 Nov 2025 12:23:07 -0800 (PST) DKIM-Signature: v=1; a=rsa-sha256; c=relaxed/relaxed; d=iol.unh.edu; s=unh-iol; t=1763497386; x=1764102186; darn=dpdk.org; h=references:in-reply-to:cc:to:from:subject:message-id:date:from:to :cc:subject:date:message-id:reply-to; bh=cZdRYz5ebhaYJ4fq0H1GHfXbYvNokRysg0iRyUZGhn0=; b=jakPLVbLzJGlUEKTRAnS54Gq4bbupV8ffb7lBPBjs1/4wlB4vAXak53LkE+k/5uYSN liQeK6Pp8TNpTP/JH66kMg+Qy073uXhJDqwHwXzjdnsPymoKSgaxp/V6M6/eS2Wk+q8D g6uVX6XPmb9e4MTTgjsePJTvKuJSu1OTWfHVg= X-Google-DKIM-Signature: v=1; a=rsa-sha256; c=relaxed/relaxed; d=1e100.net; s=20230601; t=1763497386; x=1764102186; h=references:in-reply-to:cc:to:from:subject:message-id:date:x-gm-gg :x-gm-message-state:from:to:cc:subject:date:message-id:reply-to; bh=cZdRYz5ebhaYJ4fq0H1GHfXbYvNokRysg0iRyUZGhn0=; b=RiKMFOm7JzHmq5JTUAYSZld1ECTxE9qSu/d7/kawe17kbm4Ecw8YnRLP1oKgfFHKvl kaXLugvSE/HDWeu0YFDVFB3A7HGsjxWi5ekqqhWymC8I94Bavx8igdyeGnM+goaL88Cw D/jUTLB3xYoirKRKCPxxjlEZNMdY96jF/rhwnUXKa9efLpwKEIgVLYq114KUuAUk8kmT KwQgWNMFqFbqE0vox49E+uRCYJOlRtNO7REy34YBdkLtDj0OsvWLnHYvVvCif826nK7T UyEXOry3p/baxalC3PP7lfnlnH+7i7F+B8/37STuFHn0koCQtvzEWV3SLb8A6L4fQK0q nYWg== X-Gm-Message-State: AOJu0YyszWWWFxGOrJLNJATLHSBYo++PIh8aQb6dJHY/lQG1wtbh8jNA VRzMO0pmcKQBC/NO82c5VX7pupGfOPFxFx65vOzF0VZe6cNx6C9HoRwPaRS1lceCnsDqlajFtay pONdoC5Jjq8oW4CLXWjQrZs41xorqHwFXSQSG4j+b7bLs X-Gm-Gg: ASbGnct0ix3FrsDXKdqFNSPg3brnGgXFIXmNvIdTdWjmBMPLjMRGL7vUnm6gAdcyBsE BiP6ISrjs6rALrnTxusjTnb9Z2O8U+AEVyWE90S0eAvatXbXAErobFwXRzoPxo9Z2GTzMYvSYZB +bItvcHMqKiBrTROFtoXLmJ4cWj1F2bGosAvNamk1M/uxCeISxzZlNdEw22L35LM2GDkE0UeRrm ZlymHV9dljvBcHjWqrdDnCDSZEmn+ETxzDF14+MnnYqhl8qLAIEqzslRDGk2F0k6xtarYDhev6a c7pzJMLzamlzVmeRlxxP2a5cn+iSsO50dN05XmpoakJBBbrJrDGy1aUL1S8ALk56HCl35S+J6e4 XQb3c47+tIZZa83N1ooSlsdE7YLdCf3xVfK0df4b1kQ== X-Google-Smtp-Source: AGHT+IGYaDk+uS79iZNrc0hmUktDO/r3UYhexfjhJlCICuwWrXy2GzpNoezZBt5sA0y1jMrxLCFXsznSw/GH X-Received: by 2002:a17:903:166e:b0:269:b2e5:900d with SMTP id d9443c01a7336-29a05acb1b2mr1369715ad.5.1763497386230; Tue, 18 Nov 2025 12:23:06 -0800 (PST) Received: from postal.iol.unh.edu (postal.iol.unh.edu. [132.177.123.84]) by smtp-relay.gmail.com with ESMTPS id d9443c01a7336-2985c2a8b0csm18497015ad.31.2025.11.18.12.23.06 (version=TLS1_2 cipher=ECDHE-ECDSA-AES128-GCM-SHA256 bits=128/128); Tue, 18 Nov 2025 12:23:06 -0800 (PST) X-Relaying-Domain: iol.unh.edu Date: Tue, 18 Nov 2025 12:23:06 -0800 (PST) Message-ID: <691cd5aa.170a0220.3a97bd.cd19SMTPIN_ADDED_MISSING@mx.google.com> Received: from [172.21.0.3] (unknown [172.18.0.240]) by postal.iol.unh.edu (Postfix) with ESMTP id 605D26050A61; Tue, 18 Nov 2025 15:23:05 -0500 (EST) Subject: |FAILURE| pw158869-158888 [PATCH] [v3,20/20] vfio: introduce cdev mo From: dpdklab@iol.unh.edu To: Test Report Cc: dpdk-test-reports@iol.unh.edu, Anatoly Burakov In-Reply-To: <7e49d0a3938ca536b188241cf6950a6bf901f1f0.1763483254.git.anatoly.burakov@intel.com> References: <7e49d0a3938ca536b188241cf6950a6bf901f1f0.1763483254.git.anatoly.burakov@intel.com> Content-Type: text/plain X-BeenThere: test-report@dpdk.org X-Mailman-Version: 2.1.29 Precedence: list List-Id: automatic DPDK test reports List-Unsubscribe: , List-Archive: List-Post: List-Help: List-Subscribe: , Errors-To: test-report-bounces@dpdk.org Test-Label: iol-unit-arm64-testing Test-Status: FAILURE http://dpdk.org/patch/158888 _Testing issues_ Submitter: Anatoly Burakov Date: Tuesday, November 18 2025 16:29:21 DPDK git baseline: Repo:dpdk Branch: master CommitID:a0b148048b3d9960788093b3b94c70af8f04136b 158869-158888 --> testing issues Upstream job id: Generic-Unit-Test-DPDK#394206 Test environment and result as below: +------------------------------+--------------+------------------------------+---------------------------+----------------+ | Environment | lpm_autotest | cryptodev_sw_snow3g_autotest | cryptodev_sw_zuc_autotest | dpdk_unit_test | +==============================+==============+==============================+===========================+================+ | Ubuntu 20.04 | WARN | SKIPPED | SKIPPED | PEND | +------------------------------+--------------+------------------------------+---------------------------+----------------+ | Debian 12 (arm) | SKIPPED | WARN | WARN | SKIPPED | +------------------------------+--------------+------------------------------+---------------------------+----------------+ | Fedora Linux 40 | SKIPPED | SKIPPED | SKIPPED | PEND | +------------------------------+--------------+------------------------------+---------------------------+----------------+ | Debian GNU/Linux 12 | SKIPPED | SKIPPED | SKIPPED | WARN | +------------------------------+--------------+------------------------------+---------------------------+----------------+ | Fedora Linux 42 | SKIPPED | SKIPPED | SKIPPED | PEND | +------------------------------+--------------+------------------------------+---------------------------+----------------+ | CentOS Stream 10 | SKIPPED | SKIPPED | SKIPPED | PEND | +------------------------------+--------------+------------------------------+---------------------------+----------------+ | Ubuntu 22.04 | SKIPPED | SKIPPED | SKIPPED | PASS | +------------------------------+--------------+------------------------------+---------------------------+----------------+ | Ubuntu 24.04 | SKIPPED | SKIPPED | SKIPPED | PEND | +------------------------------+--------------+------------------------------+---------------------------+----------------+ | CentOS Stream 9 | SKIPPED | SKIPPED | SKIPPED | PEND | +------------------------------+--------------+------------------------------+---------------------------+----------------+ | Fedora Linux 41 | SKIPPED | SKIPPED | SKIPPED | PEND | +------------------------------+--------------+------------------------------+---------------------------+----------------+ | Red Hat Enterprise Linux 9.5 | SKIPPED | SKIPPED | SKIPPED | PEND | +------------------------------+--------------+------------------------------+---------------------------+----------------+ ==== 20 line log output for Debian GNU/Linux 12 (dpdk_unit_test): ==== ../lib/eal/linux/eal_vfio_cdev.c:136:9: error: incompatible implicit declaration of built-in function 'free' [-Werror=builtin-declaration-mismatch] 136 | free(mp_reply.msgs); | ^~~~ ../lib/eal/linux/eal_vfio_cdev.c:136:9: note: include '' or provide a declaration of 'free' ../lib/eal/linux/eal_vfio_cdev.c: In function 'vfio_cdev_get_device_num': ../lib/eal/linux/eal_vfio_cdev.c:234:35: error: implicit declaration of function 'strtol'; did you mean 'strtok'? [-Werror=implicit-function-declaration] 234 | dev_num = strtol(dev_tok, &end, 10); | ^~~~~~ | strtok ../lib/eal/linux/eal_vfio_cdev.c:234:35: error: nested extern declaration of 'strtol' [-Werror=nested-externs] ../lib/eal/linux/eal_vfio_cdev.c: In function 'vfio_cdev_request_dev_fd': ../lib/eal/linux/eal_vfio_cdev.c:359:9: error: incompatible implicit declaration of built-in function 'free' [-Werror=builtin-declaration-mismatch] 359 | free(mp_reply.msgs); | ^~~~ ../lib/eal/linux/eal_vfio_cdev.c:359:9: note: include '' or provide a declaration of 'free' cc1: all warnings being treated as errors [98/3817] Compiling C object lib/librte_eal.a.p/eal_linux_eal.c.o [99/3817] Compiling C object lib/librte_eal.a.p/eal_linux_eal_interrupts.c.o [100/3817] Compiling C object lib/librte_eal.a.p/eal_linux_eal_vfio.c.o ninja: build stopped: subcommand failed. ==== End log output ==== Ubuntu 20.04 Kernel: 5.4 Compiler: gcc gcc (Ubuntu 9.4.0-1ubuntu1~20.04.2) 9.4.0 Debian 12 (arm) Kernel: Depends on container host Compiler: gcc (Debian 12.2.0-14) 12.2.0 Fedora Linux 40 Kernel: 5.4 Compiler: clang gcc (GCC) 14.2.1 20240912 (Red Hat 14.2.1-3) Debian GNU/Linux 12 Kernel: 5.4 Compiler: gcc gcc (Debian 12.2.0-14+deb12u1) 12.2.0 Fedora Linux 42 Kernel: 5.4 Compiler: gcc gcc (GCC) 15.2.1 20250808 (Red Hat 15.2.1-1) CentOS Stream 10 Kernel: 5.4 Compiler: gcc gcc (GCC) 14.2.1 20250110 (Red Hat 14.2.1-8) Ubuntu 22.04 Kernel: 5.4 Compiler: gcc gcc (Ubuntu 11.4.0-1ubuntu1~22.04) 11.4.0 Ubuntu 24.04 Kernel: 5.4 Compiler: gcc gcc (Ubuntu 13.3.0-6ubuntu2~24.04) 13.3.0 CentOS Stream 9 Kernel: 5.4 Compiler: gcc gcc (GCC) 11.5.0 20240719 (Red Hat 11.5.0-11) Fedora Linux 41 Kernel: 5.4 Compiler: gcc gcc (GCC) 14.3.1 20250523 (Red Hat 14.3.1-1) Red Hat Enterprise Linux 9.5 Kernel: 5.4 Compiler: gcc gcc (GCC) 11.5.0 20240719 (Red Hat 11.5.0-2) To view detailed results, visit: https://lab.dpdk.org/results/dashboard/patchsets/34632/ UNH-IOL DPDK Community Lab To manage your email subscriptions, visit: https://lab.dpdk.org/results/dashboard/preferences/subscriptions/