From mboxrd@z Thu Jan 1 00:00:00 1970 Return-Path: Received: from mails.dpdk.org (mails.dpdk.org [217.70.189.124]) by inbox.dpdk.org (Postfix) with ESMTP id 1530A48B43 for ; Tue, 18 Nov 2025 21:24:27 +0100 (CET) Received: from mails.dpdk.org (localhost [127.0.0.1]) by mails.dpdk.org (Postfix) with ESMTP id 0D9DC4027A; Tue, 18 Nov 2025 21:24:27 +0100 (CET) Received: from mail-yw1-f226.google.com (mail-yw1-f226.google.com [209.85.128.226]) by mails.dpdk.org (Postfix) with ESMTP id 35C904027A for ; Tue, 18 Nov 2025 21:24:26 +0100 (CET) Received: by mail-yw1-f226.google.com with SMTP id 00721157ae682-787da30c50fso54982677b3.3 for ; Tue, 18 Nov 2025 12:24:26 -0800 (PST) DKIM-Signature: v=1; a=rsa-sha256; c=relaxed/relaxed; d=iol.unh.edu; s=unh-iol; t=1763497465; x=1764102265; darn=dpdk.org; h=references:in-reply-to:cc:to:from:subject:message-id:date:from:to :cc:subject:date:message-id:reply-to; bh=lJNfY0xZorAqr6Eah0nUENHXeSXtFgD5jGaByPU895s=; b=BeiQovzimNZhXRzXW8T1zJL2wOJX+ron6LJWsuOrKsCwXK1K+M4vBxOTyDhFkk+Fum nE10FBL0Qzxgz/RHWKO7xTzu+/YSFC9oMgKxRVVd17kL0ulJWLBzZb4uzwp0l0gxs0VV qgnPGn1dza6krxmZU1Xz224i5zMy/XGYxAV/I= X-Google-DKIM-Signature: v=1; a=rsa-sha256; c=relaxed/relaxed; d=1e100.net; s=20230601; t=1763497465; x=1764102265; h=references:in-reply-to:cc:to:from:subject:message-id:date:x-gm-gg :x-gm-message-state:from:to:cc:subject:date:message-id:reply-to; bh=lJNfY0xZorAqr6Eah0nUENHXeSXtFgD5jGaByPU895s=; b=c5MAotEqYzsPbdHHsy6NFEA+JVU+6LEJv+d0Zx8pxdQPoAuf1GqCXhfnb0QbA6nk+B UtSweRNaA6qE0SrUhS1THm6Sg4kWeX5KLMAOYFLTrZlvzWIEGZrpHyqvsZQw2afxrcj0 yCbSfU+V6DiqDx0Q3oCOZK6NPKCJMCq6sKLKbFnpQqaNVVUufyML5Cx2BBAsbgX37uVc 8nVFXclOzXlGVVFjmtqVbOFdCsnkkQQnsk5MXs3olmnLcZYYncIeGPu+ONAV6VkUWTpj 8T0mj3JRSerI83ezUIaML3YAimqtmMV/ERrnYWlRhUcFzSZOUXm4kjfoitGArhsom34E +E+w== X-Gm-Message-State: AOJu0YyWhvbXEeXaPSQmuJxg3Hkb3yGva/MHTfqHAPe5QXrien0ehwba oQRpz2v5POkighsL2ov+aSN1JQ7Fu3Gxy2paM/MiCA7W/rfm/xKAcENu/kP8pY/wZle3/4Y1buk TtSRcvEhq5qMGBhio0TZAcIx9Hd0sJRYERu3fW/yAEh7v X-Gm-Gg: ASbGncvxH/IryClpkuo3Hv7wVe2hckPT/pncbyaqep0TMhhrGnkYOrMIOSkEhfm0XrJ Pdm5f8ghS0PpOVBSNS22o3NgUBPLuRDPt2ZBdGMj6AqfVtFaRjyzhJPaFUKVCiUT7TqoKpi/W9T MkEo8cp+iST+ih6rB2Snbd8XD1i6ne0M1TwCPaYZtQOIZKbvGzC5RxliuztNNBdEUEjjr0hB3tZ qhxHr8dYvJerKFzudHVJMpX+36S67924pRwsQ7n2O0skOosyvv/VTCCMedZyidvixmOotODiJy/ /xHCrSEVvRl+Psxtq6UWc0rRGi6rWygu9dAy64iqph6QL8z2uopzzwq7bwRaH0us2ieNChyaTtp OxmEpbyvb9U6UOsTwhwzxCNTXw8KDjeF87oG/fDPl7A== X-Google-Smtp-Source: AGHT+IESGkVJ0JXkUwhLNLADDLFhx5XvDsOCyyWImwUIf1KdN06BGlKZdWpENupJVUsaD9aTH0P0O4lCHavY X-Received: by 2002:a05:690c:7008:b0:786:5499:633f with SMTP id 00721157ae682-78929ed93d4mr307286237b3.45.1763497465464; Tue, 18 Nov 2025 12:24:25 -0800 (PST) Received: from postal.iol.unh.edu (postal.iol.unh.edu. [132.177.123.84]) by smtp-relay.gmail.com with ESMTPS id 956f58d0204a3-6410e9eb4cfsm812535d50.2.2025.11.18.12.24.25 (version=TLS1_2 cipher=ECDHE-ECDSA-AES128-GCM-SHA256 bits=128/128); Tue, 18 Nov 2025 12:24:25 -0800 (PST) X-Relaying-Domain: iol.unh.edu Date: Tue, 18 Nov 2025 12:24:25 -0800 (PST) Message-ID: <691cd5f9.050a0220.7c00a.872eSMTPIN_ADDED_MISSING@mx.google.com> Received: from [172.21.0.3] (unknown [172.18.0.240]) by postal.iol.unh.edu (Postfix) with ESMTP id 050866050A61; Tue, 18 Nov 2025 15:24:25 -0500 (EST) Subject: |FAILURE| pw158869-158888 [PATCH] [v3,20/20] vfio: introduce cdev mo From: dpdklab@iol.unh.edu To: Test Report Cc: dpdk-test-reports@iol.unh.edu, Anatoly Burakov In-Reply-To: <7e49d0a3938ca536b188241cf6950a6bf901f1f0.1763483254.git.anatoly.burakov@intel.com> References: <7e49d0a3938ca536b188241cf6950a6bf901f1f0.1763483254.git.anatoly.burakov@intel.com> Content-Type: text/plain X-BeenThere: test-report@dpdk.org X-Mailman-Version: 2.1.29 Precedence: list List-Id: automatic DPDK test reports List-Unsubscribe: , List-Archive: List-Post: List-Help: List-Subscribe: , Errors-To: test-report-bounces@dpdk.org Test-Label: iol-unit-arm64-testing Test-Status: FAILURE http://dpdk.org/patch/158888 _Testing issues_ Submitter: Anatoly Burakov Date: Tuesday, November 18 2025 16:29:21 DPDK git baseline: Repo:dpdk Branch: master CommitID:a0b148048b3d9960788093b3b94c70af8f04136b 158869-158888 --> testing issues Upstream job id: Generic-Unit-Test-DPDK#394216 Test environment and result as below: +------------------------------+--------------+------------------------------+---------------------------+----------------+ | Environment | lpm_autotest | cryptodev_sw_snow3g_autotest | cryptodev_sw_zuc_autotest | dpdk_unit_test | +==============================+==============+==============================+===========================+================+ | Ubuntu 20.04 | WARN | SKIPPED | SKIPPED | PEND | +------------------------------+--------------+------------------------------+---------------------------+----------------+ | Debian 12 (arm) | SKIPPED | WARN | WARN | SKIPPED | +------------------------------+--------------+------------------------------+---------------------------+----------------+ | Fedora Linux 40 | SKIPPED | SKIPPED | SKIPPED | PEND | +------------------------------+--------------+------------------------------+---------------------------+----------------+ | Debian GNU/Linux 12 | SKIPPED | SKIPPED | SKIPPED | WARN | +------------------------------+--------------+------------------------------+---------------------------+----------------+ | Fedora Linux 42 | SKIPPED | SKIPPED | SKIPPED | PEND | +------------------------------+--------------+------------------------------+---------------------------+----------------+ | CentOS Stream 10 | SKIPPED | SKIPPED | SKIPPED | PEND | +------------------------------+--------------+------------------------------+---------------------------+----------------+ | Ubuntu 22.04 | SKIPPED | SKIPPED | SKIPPED | PASS | +------------------------------+--------------+------------------------------+---------------------------+----------------+ | Ubuntu 24.04 | SKIPPED | SKIPPED | SKIPPED | PEND | +------------------------------+--------------+------------------------------+---------------------------+----------------+ | CentOS Stream 9 | SKIPPED | SKIPPED | SKIPPED | PEND | +------------------------------+--------------+------------------------------+---------------------------+----------------+ | Fedora Linux 41 | SKIPPED | SKIPPED | SKIPPED | PEND | +------------------------------+--------------+------------------------------+---------------------------+----------------+ | Red Hat Enterprise Linux 9.5 | SKIPPED | SKIPPED | SKIPPED | PEND | +------------------------------+--------------+------------------------------+---------------------------+----------------+ ==== 20 line log output for Debian GNU/Linux 12 (dpdk_unit_test): ==== ../lib/eal/linux/eal_vfio_cdev.c:136:9: error: incompatible implicit declaration of built-in function 'free' [-Werror=builtin-declaration-mismatch] 136 | free(mp_reply.msgs); | ^~~~ ../lib/eal/linux/eal_vfio_cdev.c:136:9: note: include '' or provide a declaration of 'free' ../lib/eal/linux/eal_vfio_cdev.c: In function 'vfio_cdev_get_device_num': ../lib/eal/linux/eal_vfio_cdev.c:234:35: error: implicit declaration of function 'strtol'; did you mean 'strtok'? [-Werror=implicit-function-declaration] 234 | dev_num = strtol(dev_tok, &end, 10); | ^~~~~~ | strtok ../lib/eal/linux/eal_vfio_cdev.c:234:35: error: nested extern declaration of 'strtol' [-Werror=nested-externs] ../lib/eal/linux/eal_vfio_cdev.c: In function 'vfio_cdev_request_dev_fd': ../lib/eal/linux/eal_vfio_cdev.c:359:9: error: incompatible implicit declaration of built-in function 'free' [-Werror=builtin-declaration-mismatch] 359 | free(mp_reply.msgs); | ^~~~ ../lib/eal/linux/eal_vfio_cdev.c:359:9: note: include '' or provide a declaration of 'free' cc1: all warnings being treated as errors [98/3817] Compiling C object lib/librte_eal.a.p/eal_linux_eal.c.o [99/3817] Compiling C object lib/librte_eal.a.p/eal_linux_eal_interrupts.c.o [100/3817] Compiling C object lib/librte_eal.a.p/eal_linux_eal_vfio.c.o ninja: build stopped: subcommand failed. ==== End log output ==== Ubuntu 20.04 Kernel: 5.4 Compiler: gcc gcc (Ubuntu 9.4.0-1ubuntu1~20.04.2) 9.4.0 Debian 12 (arm) Kernel: Depends on container host Compiler: gcc (Debian 12.2.0-14) 12.2.0 Fedora Linux 40 Kernel: 5.4 Compiler: clang gcc (GCC) 14.2.1 20240912 (Red Hat 14.2.1-3) Debian GNU/Linux 12 Kernel: 5.4 Compiler: gcc gcc (Debian 12.2.0-14+deb12u1) 12.2.0 Fedora Linux 42 Kernel: 5.4 Compiler: gcc gcc (GCC) 15.2.1 20250808 (Red Hat 15.2.1-1) CentOS Stream 10 Kernel: 5.4 Compiler: gcc gcc (GCC) 14.2.1 20250110 (Red Hat 14.2.1-8) Ubuntu 22.04 Kernel: 5.4 Compiler: gcc gcc (Ubuntu 11.4.0-1ubuntu1~22.04) 11.4.0 Ubuntu 24.04 Kernel: 5.4 Compiler: gcc gcc (Ubuntu 13.3.0-6ubuntu2~24.04) 13.3.0 CentOS Stream 9 Kernel: 5.4 Compiler: gcc gcc (GCC) 11.5.0 20240719 (Red Hat 11.5.0-11) Fedora Linux 41 Kernel: 5.4 Compiler: gcc gcc (GCC) 14.3.1 20250523 (Red Hat 14.3.1-1) Red Hat Enterprise Linux 9.5 Kernel: 5.4 Compiler: gcc gcc (GCC) 11.5.0 20240719 (Red Hat 11.5.0-2) To view detailed results, visit: https://lab.dpdk.org/results/dashboard/patchsets/34632/ UNH-IOL DPDK Community Lab To manage your email subscriptions, visit: https://lab.dpdk.org/results/dashboard/preferences/subscriptions/