From mboxrd@z Thu Jan 1 00:00:00 1970 Return-Path: Received: from mails.dpdk.org (mails.dpdk.org [217.70.189.124]) by inbox.dpdk.org (Postfix) with ESMTP id 3B81548B43 for ; Tue, 18 Nov 2025 21:25:57 +0100 (CET) Received: from mails.dpdk.org (localhost [127.0.0.1]) by mails.dpdk.org (Postfix) with ESMTP id 362594027A; Tue, 18 Nov 2025 21:25:57 +0100 (CET) Received: from mail-il1-f226.google.com (mail-il1-f226.google.com [209.85.166.226]) by mails.dpdk.org (Postfix) with ESMTP id 4F4EC4027A for ; Tue, 18 Nov 2025 21:25:56 +0100 (CET) Received: by mail-il1-f226.google.com with SMTP id e9e14a558f8ab-431d65ad973so21924705ab.3 for ; Tue, 18 Nov 2025 12:25:56 -0800 (PST) DKIM-Signature: v=1; a=rsa-sha256; c=relaxed/relaxed; d=iol.unh.edu; s=unh-iol; t=1763497555; x=1764102355; darn=dpdk.org; h=references:in-reply-to:cc:to:from:subject:message-id:date:from:to :cc:subject:date:message-id:reply-to; bh=QMvzYuvfXl51SXXP3ex3i1qKDzdNqjzTDQg2gSV2qvw=; b=Jbgiz+zKX36JYFsNo0U7m6MzgUTRjaTub1N6AOj2PRQvW1wYqEoPcozPElO/m1Nv/A rDLeYIjVs/SbJ2mSKjA4vu6RBZzfV5pu0269P2uQbB0hUUCD+8wQBvcNvSuGym4fOkpW 1tBlbcleh9okUubXasl3ezMdjlC1U/hajuQhU= X-Google-DKIM-Signature: v=1; a=rsa-sha256; c=relaxed/relaxed; d=1e100.net; s=20230601; t=1763497555; x=1764102355; h=references:in-reply-to:cc:to:from:subject:message-id:date:x-gm-gg :x-gm-message-state:from:to:cc:subject:date:message-id:reply-to; bh=QMvzYuvfXl51SXXP3ex3i1qKDzdNqjzTDQg2gSV2qvw=; b=OZ3L/NI+wLYoWHD67VYygKtfM6742VnveTZ98fLd8/6TYXi5tGqGcBxULhThRTzkqD SnbBKUd2O8YCvtP9ogC/HEQjt0iAwbKwlqiQXVjj2rJfb345Ns1XE2O1b2lPvJKQVIDy u6X5mhEggv2LhvbNuz0sdPT2IAIiPJ6sLvFYinC47P3+P1ngFPSF5Z7KYTvqTMrriU2y xmvHxpXWyZQgQ6aBlZhs6n5NNgZqvl+dp74syAkYAkSl0ufNbX752RC2AUNGsk2iL6ES AqIfFD4b7QtZIzr3PpB/GdqnPWvbFtsHXM/IgwAYahAEadGPickZq4iQ0HXnJcWzd1VA OJwQ== X-Gm-Message-State: AOJu0YzIh0elLKpEnyIyPk2F4QimYw6oFAAJYegZMCI50o6Gt3AT23k/ 7AeBC2CXfigvyFUKM85FtBmEz0Uyw5vZBynGrA9XmdJgSFGwrZ5x+7QmtroadB8ltjcy/HHpcgo OSEgYlXGhUlCyEjwbD+1dxVcOJpvds+O7SaMCZXJFzHWg X-Gm-Gg: ASbGnctQXdpr3gN5yUy8oGHOCwWHu7X0qRj2JMZYiSO5CKiZvsbABFB5iMMth02yuTp pBqHB5F/9LIaCciewSWFieZ5GzzIcYZLEav1mcYt4q8HX9btFU91GUoWMXKNMlGr5x/42HSNhCi Gyud5ictxaHkm1UM1cmXLLrCYkpq0ztFZ2M1gUPrwHxRqK58qt6dalMHy9lwlsBYigI0RiQrmMQ CrpVGLWZWn/Ay7ogNRciuqu8hleJGDAFxigWRBRpNdkl6L4BQFivwboVNshnGD1f4SJnLU2+Pxk 6E8m0zjkOqexIEc0FusQT2i134uH0tHVFF/4azLsvc2Tal90FsvmxlqysmkeP2Cll13ah2KD+p6 hnnzezjHtJwkStEIuH8xxtGeVMMJ6bhPdfKAVxoZtgw== X-Google-Smtp-Source: AGHT+IETz8Ly66HRnxEtd89RD8wvP9b9gb67BXo7MZoS+4W5JO9+6kTYSmoW/luCDqiP/9VquVZME8VFDXxm X-Received: by 2002:a05:6e02:19c5:b0:434:6ef2:a433 with SMTP id e9e14a558f8ab-4348c8963b5mr185908935ab.5.1763497555616; Tue, 18 Nov 2025 12:25:55 -0800 (PST) Received: from postal.iol.unh.edu (postal.iol.unh.edu. [132.177.123.84]) by smtp-relay.gmail.com with ESMTPS id e9e14a558f8ab-434839d3d0dsm15308765ab.25.2025.11.18.12.25.55 (version=TLS1_2 cipher=ECDHE-ECDSA-AES128-GCM-SHA256 bits=128/128); Tue, 18 Nov 2025 12:25:55 -0800 (PST) X-Relaying-Domain: iol.unh.edu Date: Tue, 18 Nov 2025 12:25:55 -0800 (PST) Message-ID: <691cd653.050a0220.3d2cc7.c441SMTPIN_ADDED_MISSING@mx.google.com> Received: from [172.21.0.3] (unknown [172.18.0.240]) by postal.iol.unh.edu (Postfix) with ESMTP id 2210B6050A61; Tue, 18 Nov 2025 15:25:55 -0500 (EST) Subject: |FAILURE| pw158869-158888 [PATCH] [v3,20/20] vfio: introduce cdev mo From: dpdklab@iol.unh.edu To: Test Report Cc: dpdk-test-reports@iol.unh.edu, Anatoly Burakov In-Reply-To: <7e49d0a3938ca536b188241cf6950a6bf901f1f0.1763483254.git.anatoly.burakov@intel.com> References: <7e49d0a3938ca536b188241cf6950a6bf901f1f0.1763483254.git.anatoly.burakov@intel.com> Content-Type: text/plain X-BeenThere: test-report@dpdk.org X-Mailman-Version: 2.1.29 Precedence: list List-Id: automatic DPDK test reports List-Unsubscribe: , List-Archive: List-Post: List-Help: List-Subscribe: , Errors-To: test-report-bounces@dpdk.org Test-Label: iol-unit-arm64-testing Test-Status: FAILURE http://dpdk.org/patch/158888 _Testing issues_ Submitter: Anatoly Burakov Date: Tuesday, November 18 2025 16:29:21 DPDK git baseline: Repo:dpdk Branch: master CommitID:a0b148048b3d9960788093b3b94c70af8f04136b 158869-158888 --> testing issues Upstream job id: Generic-Unit-Test-DPDK#394204 Test environment and result as below: +------------------------------+--------------+------------------------------+---------------------------+----------------+ | Environment | lpm_autotest | cryptodev_sw_snow3g_autotest | cryptodev_sw_zuc_autotest | dpdk_unit_test | +==============================+==============+==============================+===========================+================+ | Ubuntu 20.04 | WARN | SKIPPED | SKIPPED | PEND | +------------------------------+--------------+------------------------------+---------------------------+----------------+ | Debian 12 (arm) | SKIPPED | WARN | WARN | SKIPPED | +------------------------------+--------------+------------------------------+---------------------------+----------------+ | Fedora Linux 40 | SKIPPED | SKIPPED | SKIPPED | PEND | +------------------------------+--------------+------------------------------+---------------------------+----------------+ | Debian GNU/Linux 12 | SKIPPED | SKIPPED | SKIPPED | WARN | +------------------------------+--------------+------------------------------+---------------------------+----------------+ | Fedora Linux 42 | SKIPPED | SKIPPED | SKIPPED | PEND | +------------------------------+--------------+------------------------------+---------------------------+----------------+ | CentOS Stream 10 | SKIPPED | SKIPPED | SKIPPED | WARN | +------------------------------+--------------+------------------------------+---------------------------+----------------+ | Ubuntu 22.04 | SKIPPED | SKIPPED | SKIPPED | PASS | +------------------------------+--------------+------------------------------+---------------------------+----------------+ | Ubuntu 24.04 | SKIPPED | SKIPPED | SKIPPED | PEND | +------------------------------+--------------+------------------------------+---------------------------+----------------+ | CentOS Stream 9 | SKIPPED | SKIPPED | SKIPPED | PEND | +------------------------------+--------------+------------------------------+---------------------------+----------------+ | Fedora Linux 41 | SKIPPED | SKIPPED | SKIPPED | PEND | +------------------------------+--------------+------------------------------+---------------------------+----------------+ | Red Hat Enterprise Linux 9.5 | SKIPPED | SKIPPED | SKIPPED | PEND | +------------------------------+--------------+------------------------------+---------------------------+----------------+ ==== 20 line log output for CentOS Stream 10 (dpdk_unit_test): ==== ../lib/eal/linux/eal_vfio_group.c: In function 'vfio_group_request_fd': ../lib/eal/linux/eal_vfio_group.c:617:9: error: incompatible implicit declaration of built-in function 'free' [-Werror=builtin-declaration-mismatch] 617 | free(mp_reply.msgs); | ^~~~ ../lib/eal/linux/eal_vfio_group.c:617:9: note: include '' or provide a declaration of 'free' ../lib/eal/linux/eal_vfio_group.c: In function 'vfio_group_sync_iommu_ops': ../lib/eal/linux/eal_vfio_group.c:667:9: error: incompatible implicit declaration of built-in function 'free' [-Werror=builtin-declaration-mismatch] 667 | free(mp_reply.msgs); | ^~~~ ../lib/eal/linux/eal_vfio_group.c:667:9: note: include '' or provide a declaration of 'free' ../lib/eal/linux/eal_vfio_group.c: In function 'vfio_group_get_num': ../lib/eal/linux/eal_vfio_group.c:975:21: error: implicit declaration of function 'strtol'; did you mean 'strtok'? [-Wimplicit-function-declaration] 975 | group_num = strtol(group_tok, &end, 10); | ^~~~~~ | strtok ../lib/eal/linux/eal_vfio_group.c:975:21: error: nested extern declaration of 'strtol' [-Werror=nested-externs] cc1: all warnings being treated as errors [100/3817] Compiling C object lib/librte_eal.a.p/eal_linux_eal_interrupts.c.o [101/3817] Compiling C object lib/librte_eal.a.p/eal_linux_eal_vfio.c.o ninja: build stopped: subcommand failed. ==== End log output ==== Ubuntu 20.04 Kernel: 5.4 Compiler: gcc gcc (Ubuntu 9.4.0-1ubuntu1~20.04.2) 9.4.0 Debian 12 (arm) Kernel: Depends on container host Compiler: gcc (Debian 12.2.0-14) 12.2.0 Fedora Linux 40 Kernel: 5.4 Compiler: clang gcc (GCC) 14.2.1 20240912 (Red Hat 14.2.1-3) Debian GNU/Linux 12 Kernel: 5.4 Compiler: gcc gcc (Debian 12.2.0-14+deb12u1) 12.2.0 Fedora Linux 42 Kernel: 5.4 Compiler: gcc gcc (GCC) 15.2.1 20250808 (Red Hat 15.2.1-1) CentOS Stream 10 Kernel: 5.4 Compiler: gcc gcc (GCC) 14.2.1 20250110 (Red Hat 14.2.1-8) Ubuntu 22.04 Kernel: 5.4 Compiler: gcc gcc (Ubuntu 11.4.0-1ubuntu1~22.04) 11.4.0 Ubuntu 24.04 Kernel: 5.4 Compiler: gcc gcc (Ubuntu 13.3.0-6ubuntu2~24.04) 13.3.0 CentOS Stream 9 Kernel: 5.4 Compiler: gcc gcc (GCC) 11.5.0 20240719 (Red Hat 11.5.0-11) Fedora Linux 41 Kernel: 5.4 Compiler: gcc gcc (GCC) 14.3.1 20250523 (Red Hat 14.3.1-1) Red Hat Enterprise Linux 9.5 Kernel: 5.4 Compiler: gcc gcc (GCC) 11.5.0 20240719 (Red Hat 11.5.0-2) To view detailed results, visit: https://lab.dpdk.org/results/dashboard/patchsets/34632/ UNH-IOL DPDK Community Lab To manage your email subscriptions, visit: https://lab.dpdk.org/results/dashboard/preferences/subscriptions/