From mboxrd@z Thu Jan 1 00:00:00 1970 Return-Path: Received: from mails.dpdk.org (mails.dpdk.org [217.70.189.124]) by inbox.dpdk.org (Postfix) with ESMTP id 6A72B48B43 for ; Tue, 18 Nov 2025 21:27:07 +0100 (CET) Received: from mails.dpdk.org (localhost [127.0.0.1]) by mails.dpdk.org (Postfix) with ESMTP id 6622E4027A; Tue, 18 Nov 2025 21:27:07 +0100 (CET) Received: from mail-io1-f99.google.com (mail-io1-f99.google.com [209.85.166.99]) by mails.dpdk.org (Postfix) with ESMTP id 5BA414027A for ; Tue, 18 Nov 2025 21:27:06 +0100 (CET) Received: by mail-io1-f99.google.com with SMTP id ca18e2360f4ac-94822ad1baeso390915539f.2 for ; Tue, 18 Nov 2025 12:27:06 -0800 (PST) DKIM-Signature: v=1; a=rsa-sha256; c=relaxed/relaxed; d=iol.unh.edu; s=unh-iol; t=1763497625; x=1764102425; darn=dpdk.org; h=references:in-reply-to:cc:to:from:subject:message-id:date:from:to :cc:subject:date:message-id:reply-to; bh=27rVOmqWQuwleUkUoFzJBtEXUiHrR39o07fq1GQ1AlQ=; b=DC+sueoR6r+SszF3wDArHZZxow/bCr46bJiFBo8U4OMOQ7fY1F+BfaKINGn6re2MBv rgX9UGPIlWm+uMeLpIMmBPrNGHxjlNJhCnkDRsaW97iZ2OwxTg+uRKEWstQeB2/PYwF4 lFKVzpgcoE1pesXafVNxgFd6qe/FuIfWfaMag= X-Google-DKIM-Signature: v=1; a=rsa-sha256; c=relaxed/relaxed; d=1e100.net; s=20230601; t=1763497625; x=1764102425; h=references:in-reply-to:cc:to:from:subject:message-id:date:x-gm-gg :x-gm-message-state:from:to:cc:subject:date:message-id:reply-to; bh=27rVOmqWQuwleUkUoFzJBtEXUiHrR39o07fq1GQ1AlQ=; b=KEgLZcO3GRf3wQnJ0FRJhXH1HEGjYdZkp1uLeIj73UgGNi+nQ7lzpVmRMsiqtZyGCk Ov5tOjpYVbD6fCd27BHqaVt7/tQVNdBa/HT4VRtKiIfw4kgMKdVMnRCiY6f9eJLorTkK tuwckfwFZuAmjxSMXTQYvvOZhoocMxVskXWNX7C10VWRKBuTh/YWEO0gqdJgRL5GPkg1 /NBaRCY7QBKYorlTEE6urzTeaRVcOOi0Y5pO/LcDKkz2amWPe15JoQj1nO2EFiAY4bnf JVJtnaeNSYUxlsyQVXFqe7PkT0o8SUbkwpameo+fHRX7cXqMwsrXkjLR8OfkyrK2v+kR kXtg== X-Gm-Message-State: AOJu0YwkbxWwUOLgMS8Wr/Lw1pG4SmU12fP5zKmTi8xJyFAnTUKRDXm8 4Nb1KbrvLr5sVEU/eLrtu+ZIUt/osg8HR0dzXmJkyoF6tQtxxh1CEHuqtiBg6nSDYjF6VK9iYoo gBklK8OpavaK4cbZJ12aifYk8+daCjN6c3dOASIhX/Ldo X-Gm-Gg: ASbGnctEWNht9BUywrXN67DbT/P6uBPXqgU/5JN/V7zRsXK1uiW6FdxOIjSGGl2SrOf ShmaFuSIACNOj+/QljGdreBXaLjwLY/SsjGY98anYDfBY9pSOtexZ34fgsWVYlRmmR/WtUWR/j8 Fv2wl0DuDJt35zqUMGM8RXjhK3Uj3VzTSJ3x2IgXv/wL9ziS8t/vqCHqerh0colmPmOGEz46dro AsSXsKCIitk8YW+G+hCJNFozPWwo30e6MwyG7eaDVemUpBZ/eK/U5E5llaea/BNE+EggXslbe+/ fXvcL+TPvLycoA7PO7UvXpsiycDerimraR0p8RPpi3r9LzJDzMP+LOcqvWD1bqJ+X4MDZ9qtC7b bntf92t5Yv32skpiAmwAlZLQDqzFpxx9Pq+p0S2z/kg== X-Google-Smtp-Source: AGHT+IECh0XbHPjhNFsLwv/yVvU3uG/yz6/Ea01Vh78bd75QFu+dar7k8oEMq44pfeU7KldN8PWLy/xWErjd X-Received: by 2002:a05:6638:3002:b0:5b7:d710:6616 with SMTP id 8926c6da1cb9f-5b7d710680bmr18324723173.21.1763497625611; Tue, 18 Nov 2025 12:27:05 -0800 (PST) Received: from postal.iol.unh.edu (postal.iol.unh.edu. [132.177.123.84]) by smtp-relay.gmail.com with ESMTPS id 8926c6da1cb9f-5b7bd27fc2fsm1125471173.17.2025.11.18.12.27.05 (version=TLS1_2 cipher=ECDHE-ECDSA-AES128-GCM-SHA256 bits=128/128); Tue, 18 Nov 2025 12:27:05 -0800 (PST) X-Relaying-Domain: iol.unh.edu Date: Tue, 18 Nov 2025 12:27:05 -0800 (PST) Message-ID: <691cd699.050a0220.f6d07.9db9SMTPIN_ADDED_MISSING@mx.google.com> Received: from [172.21.0.2] (unknown [172.18.0.240]) by postal.iol.unh.edu (Postfix) with ESMTP id 239146050A61; Tue, 18 Nov 2025 15:27:05 -0500 (EST) Subject: |FAILURE| pw158869-158888 [PATCH] [v3,20/20] vfio: introduce cdev mo From: dpdklab@iol.unh.edu To: Test Report Cc: dpdk-test-reports@iol.unh.edu, Anatoly Burakov In-Reply-To: <7e49d0a3938ca536b188241cf6950a6bf901f1f0.1763483254.git.anatoly.burakov@intel.com> References: <7e49d0a3938ca536b188241cf6950a6bf901f1f0.1763483254.git.anatoly.burakov@intel.com> Content-Type: text/plain X-BeenThere: test-report@dpdk.org X-Mailman-Version: 2.1.29 Precedence: list List-Id: automatic DPDK test reports List-Unsubscribe: , List-Archive: List-Post: List-Help: List-Subscribe: , Errors-To: test-report-bounces@dpdk.org Test-Label: iol-unit-arm64-testing Test-Status: FAILURE http://dpdk.org/patch/158888 _Testing issues_ Submitter: Anatoly Burakov Date: Tuesday, November 18 2025 16:29:21 DPDK git baseline: Repo:dpdk Branch: master CommitID:a0b148048b3d9960788093b3b94c70af8f04136b 158869-158888 --> testing issues Upstream job id: Generic-Unit-Test-DPDK#394225 Test environment and result as below: +------------------------------+--------------+------------------------------+---------------------------+----------------+ | Environment | lpm_autotest | cryptodev_sw_snow3g_autotest | cryptodev_sw_zuc_autotest | dpdk_unit_test | +==============================+==============+==============================+===========================+================+ | Ubuntu 20.04 | WARN | SKIPPED | SKIPPED | PEND | +------------------------------+--------------+------------------------------+---------------------------+----------------+ | Debian 12 (arm) | SKIPPED | WARN | WARN | SKIPPED | +------------------------------+--------------+------------------------------+---------------------------+----------------+ | Fedora Linux 40 | SKIPPED | SKIPPED | SKIPPED | PEND | +------------------------------+--------------+------------------------------+---------------------------+----------------+ | Debian GNU/Linux 12 | SKIPPED | SKIPPED | SKIPPED | WARN | +------------------------------+--------------+------------------------------+---------------------------+----------------+ | Fedora Linux 42 | SKIPPED | SKIPPED | SKIPPED | PEND | +------------------------------+--------------+------------------------------+---------------------------+----------------+ | CentOS Stream 10 | SKIPPED | SKIPPED | SKIPPED | WARN | +------------------------------+--------------+------------------------------+---------------------------+----------------+ | Ubuntu 22.04 | SKIPPED | SKIPPED | SKIPPED | PASS | +------------------------------+--------------+------------------------------+---------------------------+----------------+ | Ubuntu 24.04 | SKIPPED | SKIPPED | SKIPPED | PEND | +------------------------------+--------------+------------------------------+---------------------------+----------------+ | CentOS Stream 9 | SKIPPED | SKIPPED | SKIPPED | PEND | +------------------------------+--------------+------------------------------+---------------------------+----------------+ | Fedora Linux 41 | SKIPPED | SKIPPED | SKIPPED | PEND | +------------------------------+--------------+------------------------------+---------------------------+----------------+ | Red Hat Enterprise Linux 9.5 | SKIPPED | SKIPPED | SKIPPED | PEND | +------------------------------+--------------+------------------------------+---------------------------+----------------+ ==== 20 line log output for CentOS Stream 10 (dpdk_unit_test): ==== ../lib/eal/linux/eal_vfio_group.c: In function 'vfio_group_request_fd': ../lib/eal/linux/eal_vfio_group.c:617:9: error: incompatible implicit declaration of built-in function 'free' [-Werror=builtin-declaration-mismatch] 617 | free(mp_reply.msgs); | ^~~~ ../lib/eal/linux/eal_vfio_group.c:617:9: note: include '' or provide a declaration of 'free' ../lib/eal/linux/eal_vfio_group.c: In function 'vfio_group_sync_iommu_ops': ../lib/eal/linux/eal_vfio_group.c:667:9: error: incompatible implicit declaration of built-in function 'free' [-Werror=builtin-declaration-mismatch] 667 | free(mp_reply.msgs); | ^~~~ ../lib/eal/linux/eal_vfio_group.c:667:9: note: include '' or provide a declaration of 'free' ../lib/eal/linux/eal_vfio_group.c: In function 'vfio_group_get_num': ../lib/eal/linux/eal_vfio_group.c:975:21: error: implicit declaration of function 'strtol'; did you mean 'strtok'? [-Wimplicit-function-declaration] 975 | group_num = strtol(group_tok, &end, 10); | ^~~~~~ | strtok ../lib/eal/linux/eal_vfio_group.c:975:21: error: nested extern declaration of 'strtol' [-Werror=nested-externs] cc1: all warnings being treated as errors [100/3817] Compiling C object lib/librte_eal.a.p/eal_linux_eal_interrupts.c.o [101/3817] Compiling C object lib/librte_eal.a.p/eal_linux_eal_vfio.c.o ninja: build stopped: subcommand failed. ==== End log output ==== Ubuntu 20.04 Kernel: 5.4 Compiler: gcc gcc (Ubuntu 9.4.0-1ubuntu1~20.04.2) 9.4.0 Debian 12 (arm) Kernel: Depends on container host Compiler: gcc (Debian 12.2.0-14) 12.2.0 Fedora Linux 40 Kernel: 5.4 Compiler: clang gcc (GCC) 14.2.1 20240912 (Red Hat 14.2.1-3) Debian GNU/Linux 12 Kernel: 5.4 Compiler: gcc gcc (Debian 12.2.0-14+deb12u1) 12.2.0 Fedora Linux 42 Kernel: 5.4 Compiler: gcc gcc (GCC) 15.2.1 20250808 (Red Hat 15.2.1-1) CentOS Stream 10 Kernel: 5.4 Compiler: gcc gcc (GCC) 14.2.1 20250110 (Red Hat 14.2.1-8) Ubuntu 22.04 Kernel: 5.4 Compiler: gcc gcc (Ubuntu 11.4.0-1ubuntu1~22.04) 11.4.0 Ubuntu 24.04 Kernel: 5.4 Compiler: gcc gcc (Ubuntu 13.3.0-6ubuntu2~24.04) 13.3.0 CentOS Stream 9 Kernel: 5.4 Compiler: gcc gcc (GCC) 11.5.0 20240719 (Red Hat 11.5.0-11) Fedora Linux 41 Kernel: 5.4 Compiler: gcc gcc (GCC) 14.3.1 20250523 (Red Hat 14.3.1-1) Red Hat Enterprise Linux 9.5 Kernel: 5.4 Compiler: gcc gcc (GCC) 11.5.0 20240719 (Red Hat 11.5.0-2) To view detailed results, visit: https://lab.dpdk.org/results/dashboard/patchsets/34632/ UNH-IOL DPDK Community Lab To manage your email subscriptions, visit: https://lab.dpdk.org/results/dashboard/preferences/subscriptions/