From mboxrd@z Thu Jan 1 00:00:00 1970 Return-Path: Received: from mails.dpdk.org (mails.dpdk.org [217.70.189.124]) by inbox.dpdk.org (Postfix) with ESMTP id 912EF48B43 for ; Tue, 18 Nov 2025 21:28:37 +0100 (CET) Received: from mails.dpdk.org (localhost [127.0.0.1]) by mails.dpdk.org (Postfix) with ESMTP id 8B4854027A; Tue, 18 Nov 2025 21:28:37 +0100 (CET) Received: from mail-oa1-f100.google.com (mail-oa1-f100.google.com [209.85.160.100]) by mails.dpdk.org (Postfix) with ESMTP id 4FBB44027A for ; Tue, 18 Nov 2025 21:28:36 +0100 (CET) Received: by mail-oa1-f100.google.com with SMTP id 586e51a60fabf-3e898ba2a03so1640278fac.0 for ; Tue, 18 Nov 2025 12:28:36 -0800 (PST) DKIM-Signature: v=1; a=rsa-sha256; c=relaxed/relaxed; d=iol.unh.edu; s=unh-iol; t=1763497715; x=1764102515; darn=dpdk.org; h=references:in-reply-to:cc:to:from:subject:message-id:date:from:to :cc:subject:date:message-id:reply-to; bh=4vb0c20fk+aBa0lsJaVjPfjElkNYer7anOqfWIpgpZc=; b=Ssn+TaPyn/qROmWSMpud4yweH4HlGYnvqcqwaM3A6IwIv/J0c+7GDogCs6YbLyP03i 8WhO0hXxJmK8hYWby7GzskUM2BEySCdA/DnzEuOFHsuONEJUCKzIDnQR4cQRzSdC3/nP tOTQVZYxG0xer7bikHz4bu/0iBspHahUJF5uU= X-Google-DKIM-Signature: v=1; a=rsa-sha256; c=relaxed/relaxed; d=1e100.net; s=20230601; t=1763497715; x=1764102515; h=references:in-reply-to:cc:to:from:subject:message-id:date:x-gm-gg :x-gm-message-state:from:to:cc:subject:date:message-id:reply-to; bh=4vb0c20fk+aBa0lsJaVjPfjElkNYer7anOqfWIpgpZc=; b=jtiaCayUAyCFfjM1dbTFaldxkUxWqld05A1ZdhFRpwyMFcLCvCbVvgrYQjJzAKiUHQ hI+dI0+PUNkufeMmgHTbgWV/nbK0/8HmCggBdvBpo0T5TxfXOUQZJzcmeE+/veKr8AZI kd+bKp3HZBppR3Rwanh1Ss45EEMWs05xXH4yKuat0E4W5jk5vhr6lw2xAXZvFnXHyttt C7fhWuCMhu5p4h+YE6CB+0x5QSuJmd+6q6DuVkwcFlMGPsTfMcNTnfFjc+gCI/W0UwAB cTMuO8JvLsq7+h043QMHHGhqvI77e7ilHWKkp+cr/JATFbzLWCjNOwy7QL/nugCfPglw Q3gA== X-Gm-Message-State: AOJu0YxOg1sZdqAw7WIeDn39oCtyWwszMPVas4mNJ7u2IjJHWO4+bzH9 z5BFAdTq6sWfzMadoPOCPSy6xl7eX9AgmTUSJ3jCZ3GPsTfbFNuhUlfEd2OXl4/tf7AxgRmB1V8 moaEw0ycfhrxRXCp/fdwEaCOYR2qzAZTp0Nqxqu9f3bUiG92b2aLb7sPhQOVC X-Gm-Gg: ASbGnctIVd2LR5ijBZQzeNQ+p2z7qGQ/1cPKM87ZendM0mJjTOvH0/oZ0S4JiwQDXKh +PBHogsuqcewZ1Uc14BB/GyBKD8WfaOZ16amgLay1CmR1srDDmfdSNicGITFf193W5sgzd9+QYn xxs1cAOqPs6NBgda1eyudKmyuBQ/AGmNDwxEU+95Vmz1DQgITs+X5+cc2uzkek9Gp9COeo36n1n bmuUPuHNDcfnhtDHIjKJLeqrd8JgPHv5URl1Ti3x99N2bCpsvox7ASmTZDXAeB84YWPGO9EO2QY M+NVXr7uHcMhkoXHjGvX1yRuhzpAWpfET2rXBs8IizVCUIMWhzc/rCgd50CXZUk8aH9SF0VH/Ew 2LGIHpLDBFwjfG5AhK/k= X-Google-Smtp-Source: AGHT+IEa+F2IFGebd/sFIAwx1sQrFAn94eOCk7RGS5dBtJUuWGKRsbp8i/nW/zcujx+X22cKmMyCu6syc3Qj X-Received: by 2002:a05:6870:888c:b0:3e8:5ff4:a620 with SMTP id 586e51a60fabf-3e86913801cmr9570109fac.35.1763497715454; Tue, 18 Nov 2025 12:28:35 -0800 (PST) Received: from postal.iol.unh.edu (postal.iol.unh.edu. [2606:4100:3880:1234::84]) by smtp-relay.gmail.com with ESMTPS id 586e51a60fabf-3ec44103d92sm618057fac.4.2025.11.18.12.28.35 (version=TLS1_2 cipher=ECDHE-ECDSA-AES128-GCM-SHA256 bits=128/128); Tue, 18 Nov 2025 12:28:35 -0800 (PST) X-Relaying-Domain: iol.unh.edu Date: Tue, 18 Nov 2025 12:28:35 -0800 (PST) Message-ID: <691cd6f3.050a0220.61293.fafdSMTPIN_ADDED_MISSING@mx.google.com> Received: from [172.21.0.2] (unknown [172.18.0.240]) by postal.iol.unh.edu (Postfix) with ESMTP id F03A26050A61; Tue, 18 Nov 2025 15:28:34 -0500 (EST) Subject: |FAILURE| pw158869-158888 [PATCH] [v3,20/20] vfio: introduce cdev mo From: dpdklab@iol.unh.edu To: Test Report Cc: dpdk-test-reports@iol.unh.edu, Anatoly Burakov In-Reply-To: <7e49d0a3938ca536b188241cf6950a6bf901f1f0.1763483254.git.anatoly.burakov@intel.com> References: <7e49d0a3938ca536b188241cf6950a6bf901f1f0.1763483254.git.anatoly.burakov@intel.com> Content-Type: text/plain X-BeenThere: test-report@dpdk.org X-Mailman-Version: 2.1.29 Precedence: list List-Id: automatic DPDK test reports List-Unsubscribe: , List-Archive: List-Post: List-Help: List-Subscribe: , Errors-To: test-report-bounces@dpdk.org Test-Label: iol-unit-arm64-testing Test-Status: FAILURE http://dpdk.org/patch/158888 _Testing issues_ Submitter: Anatoly Burakov Date: Tuesday, November 18 2025 16:29:21 DPDK git baseline: Repo:dpdk Branch: master CommitID:a0b148048b3d9960788093b3b94c70af8f04136b 158869-158888 --> testing issues Upstream job id: Generic-Unit-Test-DPDK#394223 Test environment and result as below: +------------------------------+--------------+------------------------------+---------------------------+----------------+ | Environment | lpm_autotest | cryptodev_sw_snow3g_autotest | cryptodev_sw_zuc_autotest | dpdk_unit_test | +==============================+==============+==============================+===========================+================+ | Ubuntu 20.04 | WARN | SKIPPED | SKIPPED | WARN | +------------------------------+--------------+------------------------------+---------------------------+----------------+ | Debian 12 (arm) | SKIPPED | WARN | WARN | SKIPPED | +------------------------------+--------------+------------------------------+---------------------------+----------------+ | Fedora Linux 40 | SKIPPED | SKIPPED | SKIPPED | PEND | +------------------------------+--------------+------------------------------+---------------------------+----------------+ | Debian GNU/Linux 12 | SKIPPED | SKIPPED | SKIPPED | WARN | +------------------------------+--------------+------------------------------+---------------------------+----------------+ | Fedora Linux 42 | SKIPPED | SKIPPED | SKIPPED | PEND | +------------------------------+--------------+------------------------------+---------------------------+----------------+ | CentOS Stream 10 | SKIPPED | SKIPPED | SKIPPED | WARN | +------------------------------+--------------+------------------------------+---------------------------+----------------+ | Ubuntu 22.04 | SKIPPED | SKIPPED | SKIPPED | PASS | +------------------------------+--------------+------------------------------+---------------------------+----------------+ | Ubuntu 24.04 | SKIPPED | SKIPPED | SKIPPED | PEND | +------------------------------+--------------+------------------------------+---------------------------+----------------+ | CentOS Stream 9 | SKIPPED | SKIPPED | SKIPPED | PEND | +------------------------------+--------------+------------------------------+---------------------------+----------------+ | Fedora Linux 41 | SKIPPED | SKIPPED | SKIPPED | PEND | +------------------------------+--------------+------------------------------+---------------------------+----------------+ | Red Hat Enterprise Linux 9.5 | SKIPPED | SKIPPED | SKIPPED | PEND | +------------------------------+--------------+------------------------------+---------------------------+----------------+ ==== 20 line log output for CentOS Stream 10 (dpdk_unit_test): ==== ../lib/eal/linux/eal_vfio_group.c: In function 'vfio_group_request_fd': ../lib/eal/linux/eal_vfio_group.c:617:9: error: incompatible implicit declaration of built-in function 'free' [-Werror=builtin-declaration-mismatch] 617 | free(mp_reply.msgs); | ^~~~ ../lib/eal/linux/eal_vfio_group.c:617:9: note: include '' or provide a declaration of 'free' ../lib/eal/linux/eal_vfio_group.c: In function 'vfio_group_sync_iommu_ops': ../lib/eal/linux/eal_vfio_group.c:667:9: error: incompatible implicit declaration of built-in function 'free' [-Werror=builtin-declaration-mismatch] 667 | free(mp_reply.msgs); | ^~~~ ../lib/eal/linux/eal_vfio_group.c:667:9: note: include '' or provide a declaration of 'free' ../lib/eal/linux/eal_vfio_group.c: In function 'vfio_group_get_num': ../lib/eal/linux/eal_vfio_group.c:975:21: error: implicit declaration of function 'strtol'; did you mean 'strtok'? [-Wimplicit-function-declaration] 975 | group_num = strtol(group_tok, &end, 10); | ^~~~~~ | strtok ../lib/eal/linux/eal_vfio_group.c:975:21: error: nested extern declaration of 'strtol' [-Werror=nested-externs] cc1: all warnings being treated as errors [100/3817] Compiling C object lib/librte_eal.a.p/eal_linux_eal_interrupts.c.o [101/3817] Compiling C object lib/librte_eal.a.p/eal_linux_eal_vfio.c.o ninja: build stopped: subcommand failed. ==== End log output ==== Ubuntu 20.04 Kernel: 5.4 Compiler: gcc gcc (Ubuntu 9.4.0-1ubuntu1~20.04.2) 9.4.0 Debian 12 (arm) Kernel: Depends on container host Compiler: gcc (Debian 12.2.0-14) 12.2.0 Fedora Linux 40 Kernel: 5.4 Compiler: clang gcc (GCC) 14.2.1 20240912 (Red Hat 14.2.1-3) Debian GNU/Linux 12 Kernel: 5.4 Compiler: gcc gcc (Debian 12.2.0-14+deb12u1) 12.2.0 Fedora Linux 42 Kernel: 5.4 Compiler: gcc gcc (GCC) 15.2.1 20250808 (Red Hat 15.2.1-1) CentOS Stream 10 Kernel: 5.4 Compiler: gcc gcc (GCC) 14.2.1 20250110 (Red Hat 14.2.1-8) Ubuntu 22.04 Kernel: 5.4 Compiler: gcc gcc (Ubuntu 11.4.0-1ubuntu1~22.04) 11.4.0 Ubuntu 24.04 Kernel: 5.4 Compiler: gcc gcc (Ubuntu 13.3.0-6ubuntu2~24.04) 13.3.0 CentOS Stream 9 Kernel: 5.4 Compiler: gcc gcc (GCC) 11.5.0 20240719 (Red Hat 11.5.0-11) Fedora Linux 41 Kernel: 5.4 Compiler: gcc gcc (GCC) 14.3.1 20250523 (Red Hat 14.3.1-1) Red Hat Enterprise Linux 9.5 Kernel: 5.4 Compiler: gcc gcc (GCC) 11.5.0 20240719 (Red Hat 11.5.0-2) To view detailed results, visit: https://lab.dpdk.org/results/dashboard/patchsets/34632/ UNH-IOL DPDK Community Lab To manage your email subscriptions, visit: https://lab.dpdk.org/results/dashboard/preferences/subscriptions/